
CREATE TABLE `tr_classes` (
  `id` bigint unsigned NOT NULL AUTO_INCREMENT,
  `name` varchar(255) CHARACTER SET utf8mb4 COLLATE utf8mb4_unicode_ci NOT NULL,
  `status` enum('Active','Inactive') CHARACTER SET utf8mb4 COLLATE utf8mb4_unicode_ci NOT NULL DEFAULT 'Active',
  `created_at` timestamp NULL DEFAULT NULL,
  `updated_at` timestamp NULL DEFAULT NULL,
  PRIMARY KEY (`id`),
  UNIQUE KEY `tr_classes_name_unique` (`name`)
) ENGINE=InnoDB AUTO_INCREMENT=24 DEFAULT CHARSET=utf8mb4 COLLATE=utf8mb4_unicode_ci;

/*Data for the table `tr_classes` */

insert  into `tr_classes`(`id`,`name`,`status`,`created_at`,`updated_at`) values (1,'Orientation','Active','2022-05-10 12:07:41','2022-05-10 12:07:41'),(2,'Company Introduction','Inactive','2022-05-19 15:23:16','2023-04-03 10:03:55'),(3,'Easy Merchant App','Active','2022-05-23 17:08:57','2022-05-23 17:08:57'),(4,'Rabbithole BD Offer Promotional','Active','2022-10-13 18:24:56','2022-10-13 18:24:56'),(5,'Use of CRM','Active','2022-10-26 10:41:01','2022-10-26 10:41:01'),(6,'Company/Product/Industry Knowledge for TL','Active','2022-11-13 11:16:51','2022-11-13 11:16:51'),(7,'Knowledge Sharing Session','Active','2022-12-01 12:32:22','2022-12-01 12:32:22'),(8,'Refresher Training For MAS','Active','2022-12-04 17:09:25','2022-12-04 17:09:25'),(10,'Surprise Test','Active','2022-12-06 10:53:00','2022-12-06 10:53:00'),(11,'Merchant Objection Handling','Active','2022-12-13 10:00:59','2022-12-13 10:00:59'),(12,'Adhoc Training','Active','2022-12-13 17:25:51','2022-12-13 17:25:51'),(14,'Decrease Rejections','Active','2022-12-29 09:55:43','2022-12-29 09:55:43'),(16,'How to Decrease Rejection','Active','2023-01-17 16:06:17','2023-01-17 16:06:17'),(17,'Subscription Packages Offer','Active','2023-01-24 11:29:51','2023-01-24 11:29:51'),(19,'DSaaS','Active','2023-02-07 15:37:44','2023-02-07 15:37:44'),(20,'Cashless Projects with MTB PRA Account','Active','2023-03-09 12:11:23','2023-03-09 12:11:23'),(21,'Not Interested Merchant Conversion','Active','2023-03-14 13:41:34','2023-03-14 13:41:34'),(22,'Test Batch 1','Active','2023-05-15 10:52:16','2023-05-15 10:52:16'),(23,'Sales Automation','Active','2023-07-19 11:28:14','2023-07-19 11:28:14');


/*Table structure for table `tr_class_schedules` */


CREATE TABLE `tr_class_schedules` (
  `id` bigint unsigned NOT NULL AUTO_INCREMENT,
  `tr_class_id` bigint unsigned NOT NULL,
  `start_time` timestamp NOT NULL DEFAULT CURRENT_TIMESTAMP ON UPDATE CURRENT_TIMESTAMP,
  `end_time` timestamp NOT NULL DEFAULT '0000-00-00 00:00:00',
  `link` varchar(255) CHARACTER SET utf8mb4 COLLATE utf8mb4_unicode_ci DEFAULT NULL,
  `completed` enum('Yes','No') CHARACTER SET utf8mb4 COLLATE utf8mb4_unicode_ci NOT NULL DEFAULT 'No',
  `created_at` timestamp NULL DEFAULT NULL,
  `updated_at` timestamp NULL DEFAULT NULL,
  `trainer_id` int DEFAULT NULL,
  PRIMARY KEY (`id`),
  KEY `tr_class_schedules_tr_class_id_foreign` (`tr_class_id`),
  CONSTRAINT `tr_class_schedules_tr_class_id_foreign` FOREIGN KEY (`tr_class_id`) REFERENCES `tr_classes` (`id`)
) ENGINE=InnoDB AUTO_INCREMENT=124 DEFAULT CHARSET=utf8mb4 COLLATE=utf8mb4_unicode_ci;

/*Data for the table `tr_class_schedules` */

insert  into `tr_class_schedules`(`id`,`tr_class_id`,`start_time`,`end_time`,`link`,`completed`,`created_at`,`updated_at`,`trainer_id`) values (1,2,'2022-05-22 16:34:11','2022-05-22 13:00:00',NULL,'Yes','2022-05-22 12:44:09','2022-05-22 16:34:01',NULL),(2,2,'2022-05-22 16:34:08','2022-05-22 16:23:00',NULL,'Yes','2022-05-22 16:19:54','2022-05-22 16:33:58',NULL),(3,1,'2022-05-30 11:00:00','2022-05-30 14:00:00',NULL,'No','2022-05-29 11:38:52','2022-05-29 11:38:52',NULL),(4,1,'2022-05-29 12:00:00','2022-05-29 13:00:00',NULL,'No','2022-05-29 11:42:39','2022-05-29 11:42:39',NULL),(5,1,'2022-09-14 10:00:00','2022-09-14 12:00:00',NULL,'No','2022-09-12 17:26:05','2022-09-12 17:26:05',NULL),(6,3,'2022-09-13 12:00:00','2022-09-13 14:00:00',NULL,'No','2022-09-12 17:28:18','2022-09-12 17:28:18',NULL),(7,1,'2022-09-19 10:00:00','2022-09-20 12:00:00',NULL,'No','2022-09-19 18:47:41','2022-09-19 18:47:41',NULL),(8,1,'2022-10-10 13:07:20','2022-10-10 11:15:00',NULL,'Yes','2022-10-09 16:22:00','2022-10-10 13:07:23',NULL),(9,2,'2022-10-10 13:26:23','2022-10-10 13:30:00',NULL,'Yes','2022-10-10 13:13:57','2022-10-10 13:26:26',NULL),(10,2,'2022-10-13 12:00:00','2022-10-13 15:00:00',NULL,'No','2022-10-12 13:26:42','2022-10-13 14:31:01',NULL),(12,3,'2022-10-13 14:09:28','2022-10-13 12:00:00',NULL,'Yes','2022-10-12 13:52:05','2022-10-13 14:09:47',NULL),(13,1,'2022-10-23 17:20:19','2022-10-19 16:30:00','https://meet.google.com/egp-uhwp-mof','Yes','2022-10-19 12:09:21','2022-10-23 17:20:22',NULL),(14,1,'2022-10-26 17:43:45','2022-10-24 14:00:00',NULL,'Yes','2022-10-23 17:27:32','2022-10-26 17:43:45',NULL),(16,5,'2022-10-26 15:23:13','2022-10-26 13:30:00',NULL,'Yes','2022-10-26 10:49:50','2022-10-26 15:23:13',NULL),(17,5,'2022-10-26 17:36:54','2022-10-26 17:20:00',NULL,'Yes','2022-10-26 17:30:35','2022-10-26 17:36:54',NULL),(18,1,'2022-10-26 17:53:26','2022-10-26 17:33:00',NULL,'Yes','2022-10-26 17:47:36','2022-10-26 17:53:26',NULL),(19,1,'2022-10-27 11:50:32','2022-10-27 11:30:00',NULL,'Yes','2022-10-27 10:54:49','2022-10-27 11:50:32',NULL),(20,2,'2022-10-27 14:03:37','2022-10-27 16:00:00',NULL,'Yes','2022-10-27 11:08:35','2022-10-27 14:03:37',NULL),(21,2,'2022-10-27 12:40:11','2022-10-27 12:30:00',NULL,'Yes','2022-10-27 12:36:06','2022-10-27 12:40:11',NULL),(22,5,'2022-10-27 12:47:21','2022-10-27 12:45:00',NULL,'Yes','2022-10-27 12:44:12','2022-10-27 12:47:21',NULL),(23,3,'2022-10-27 12:59:51','2022-10-27 12:45:00',NULL,'Yes','2022-10-27 12:52:45','2022-10-27 12:59:51',NULL),(24,5,'2022-10-30 10:33:47','2022-10-29 10:30:00',NULL,'Yes','2022-10-30 10:06:44','2022-10-30 10:33:47',NULL),(25,3,'2022-10-29 10:30:00','2022-10-29 13:30:00',NULL,'Yes','2022-10-30 10:37:17','2022-10-30 10:38:12',NULL),(26,2,'2022-10-30 10:44:46','2022-10-29 13:00:00',NULL,'Yes','2022-10-30 10:44:21','2022-10-30 10:44:46',NULL),(27,5,'2022-10-31 15:49:30','2022-10-31 15:15:00',NULL,'Yes','2022-10-31 15:45:52','2022-10-31 15:49:30',NULL),(28,3,'2022-10-31 15:49:20','2022-10-31 15:00:00',NULL,'Yes','2022-10-31 15:49:05','2022-10-31 15:49:20',NULL),(29,2,'2022-10-31 15:52:35','2022-10-30 17:30:00',NULL,'Yes','2022-10-31 15:52:22','2022-10-31 15:52:35',NULL),(30,1,'2022-11-03 11:00:00','2022-11-03 13:00:00','https://meet.google.com/ffw-swxk-ydi','No','2022-11-02 15:53:30','2022-11-02 15:53:30',NULL),(31,1,'2022-11-03 10:30:00','2022-11-03 16:30:00',NULL,'No','2022-11-02 15:55:11','2022-11-02 15:55:11',NULL),(32,1,'2022-11-08 11:00:00','2022-11-08 15:00:00','https://meet.google.com/cwh-euoy-cuj','Yes','2022-11-07 18:07:37','2022-11-09 16:07:38',NULL),(33,1,'2022-11-08 11:00:00','2022-11-08 17:00:00',NULL,'No','2022-11-07 18:09:44','2022-11-07 18:09:44',NULL),(34,5,'2022-11-09 15:55:11','2022-11-09 15:00:00',NULL,'Yes','2022-11-09 15:48:42','2022-11-09 15:55:11',NULL),(35,5,'2022-11-09 15:53:11','2022-11-09 15:30:00','https://meet.google.com/cwh-euoy-cuj','Yes','2022-11-09 15:52:53','2022-11-09 15:53:11',NULL),(36,3,'2022-11-08 11:00:00','2022-11-08 16:30:00',NULL,'Yes','2022-11-09 16:00:02','2022-11-09 16:04:04',NULL),(37,3,'2022-11-09 16:04:25','2022-11-08 15:30:00','https://meet.google.com/cwh-euoy-cuj','Yes','2022-11-09 16:03:39','2022-11-09 16:04:25',NULL),(38,1,'2022-11-09 16:23:39','2022-11-08 16:30:00',NULL,'Yes','2022-11-09 16:23:21','2022-11-09 16:23:39',NULL),(39,1,'2022-11-10 13:15:48','2022-11-10 13:00:00','https://meet.google.com/osb-ionp-yii','Yes','2022-11-09 18:50:55','2022-11-10 13:15:48',NULL),(40,3,'2022-11-10 13:43:59','2022-11-10 13:00:00','https://meet.google.com/ybh-tzbx-wve','Yes','2022-11-09 22:27:15','2022-11-10 13:44:00',NULL),(41,5,'2022-11-12 11:00:00','2022-11-12 15:00:00','https://meet.google.com/osb-ionp-yii','Yes','2022-11-12 12:38:32','2022-11-12 15:07:21',NULL),(42,3,'2022-11-12 14:51:04','2022-11-12 11:00:00','https://meet.google.com/osb-ionp-yii','Yes','2022-11-12 13:33:03','2022-11-12 14:51:04',NULL),(43,2,'2022-11-15 16:35:31','2022-11-14 15:30:00','https://meet.google.com/cqy-zbpn-bqd','Yes','2022-11-13 20:25:49','2022-11-15 16:35:31',NULL),(44,5,'2022-11-15 16:26:40','2022-11-15 16:30:00','https://meet.google.com/cqy-zbpn-bqd','Yes','2022-11-15 16:23:14','2022-11-15 16:26:40',NULL),(45,3,'2022-11-15 16:31:44','2022-11-14 17:30:00','https://meet.google.com/cqy-zbpn-bqd','Yes','2022-11-15 16:30:13','2022-11-15 16:31:44',NULL),(46,1,'2022-11-17 11:00:00','2022-11-17 15:00:00','https://meet.google.com/bxh-mcyg-ruw','No','2022-11-16 17:40:25','2022-11-16 17:40:25',NULL),(47,1,'2022-11-23 15:07:00','2022-11-23 15:30:00','https://meet.google.com/dme-dgwv-uhr','Yes','2022-11-22 12:36:00','2022-11-26 11:44:36',NULL),(48,5,'2022-11-24 11:24:00','2022-11-24 17:30:00','https://meet.google.com/anx-uref-sed','Yes','2022-11-26 11:15:44','2022-11-26 11:24:19',NULL),(49,3,'2022-11-26 11:38:07','2022-11-26 11:15:00','https://meet.google.com/anx-uref-sed','Yes','2022-11-26 11:33:47','2022-11-26 11:38:07',NULL),(50,1,'2022-11-30 15:14:08','2022-11-30 15:00:00','https://meet.google.com/pvg-sozx-vpa','Yes','2022-11-29 16:43:55','2022-11-30 15:14:08',NULL),(51,5,'2022-12-01 14:43:13','2022-12-01 15:15:00','https://meet.google.com/pvg-sozx-vpa','Yes','2022-12-01 14:42:26','2022-12-01 14:43:13',NULL),(52,3,'2022-12-01 14:49:08','2022-12-01 11:30:00','https://meet.google.com/pvg-sozx-vpa','Yes','2022-12-01 14:48:24','2022-12-01 14:49:08',NULL),(53,1,'2022-12-08 12:27:47','2022-12-06 15:00:00','https://meet.google.com/sxd-epok-ygc','Yes','2022-12-05 11:31:25','2022-12-08 12:27:47',NULL),(54,1,'2022-12-11 12:34:46','2022-12-10 14:00:00','https://meet.google.com/mgi-kryw-vqv','Yes','2022-12-08 12:36:27','2022-12-11 12:34:46',NULL),(55,8,'2022-12-08 15:43:54','2022-12-08 15:30:00',NULL,'Yes','2022-12-08 15:38:15','2022-12-08 15:43:54',NULL),(56,1,'2022-12-13 15:37:41','2022-12-12 15:30:00',NULL,'Yes','2022-12-11 12:46:48','2022-12-13 15:37:41',NULL),(57,11,'2022-12-13 11:30:00','2022-12-13 12:30:00','https://teams.microsoft.com/l/meetup-join/19%3Ameeting_NTYzMTBlYjQtOTk2Mi00M2RhLWI2OWYtMTBmYjRiNGI5NzM5%40thread.v2/0?context=%7B%22Tid%22%3A%228df4d9f6-dd5e-4a2c-9c34-0af18f0d72a3%22%2C%22Oid%22%3A%2247be6337-fc77-495a-b45b-05e5fb02de28%22%7D','No','2022-12-13 10:07:12','2022-12-13 10:07:12',NULL),(60,11,'2022-12-13 13:00:00','2022-12-13 14:30:00','https://teams.microsoft.com/l/meetup-join/19%3Ameeting_NTYzMTBlYjQtOTk2Mi00M2RhLWI2OWYtMTBmYjRiNGI5NzM5%40thread.v2/0?context=%7B%22Tid%22%3A%228df4d9f6-dd5e-4a2c-9c34-0af18f0d72a3%22%2C%22Oid%22%3A%2247be6337-fc77-495a-b45b-05e5fb02de28%22%7D','No','2022-12-13 13:04:27','2022-12-13 13:04:27',NULL),(61,3,'2022-12-13 15:52:39','2022-12-13 12:30:00',NULL,'Yes','2022-12-13 15:49:51','2022-12-13 15:52:39',NULL),(62,5,'2022-12-13 16:03:55','2022-12-13 15:30:00',NULL,'Yes','2022-12-13 15:59:50','2022-12-13 16:03:55',NULL),(63,11,'2022-12-13 17:47:00','2022-12-13 18:45:00',NULL,'No','2022-12-13 17:24:14','2022-12-13 17:24:14',NULL),(64,12,'2022-12-14 10:11:00','2022-12-14 12:30:00','https://teams.microsoft.com/l/meetup-join/19%3Ameeting_NTYzMTBlYjQtOTk2Mi00M2RhLWI2OWYtMTBmYjRiNGI5NzM5%40thread.v2/0?context=%7B%22Tid%22%3A%228df4d9f6-dd5e-4a2c-9c34-0af18f0d72a3%22%2C%22Oid%22%3A%2247be6337-fc77-495a-b45b-05e5fb02de28%22%7D','No','2022-12-13 17:42:23','2022-12-13 17:42:23',NULL),(65,1,'2023-01-01 15:42:34','2022-12-26 15:00:00','https://meet.google.com/qyc-azjq-toh','Yes','2022-12-22 11:27:23','2023-01-01 15:42:34',NULL),(66,14,'2022-12-06 10:00:00','2022-12-06 11:30:00','https://meet.google.com/xwa-tnie-wox','No','2022-12-29 10:01:39','2022-12-29 10:01:39',NULL),(67,1,'2023-01-18 15:50:25','2023-01-02 15:30:00',NULL,'Yes','2023-01-01 15:51:55','2023-01-18 15:50:25',3766),(68,16,'2023-01-18 15:00:00','2023-01-18 16:00:00','https://teams.microsoft.com/l/meetup-join/19%3Ameeting_MGFhMTJjMzYtY2IwYy00ZWM1LTlkMzQtNDk5NTdkNTIxNzA2%40thread.v2/0?context=%7B%22Tid%22%3A%228df4d9f6-dd5e-4a2c-9c34-0af18f0d72a3%22%2C%22Oid%22%3A%2247be6337-fc77-495a-b45b-05e5fb02de28%22%7D','No','2023-01-17 16:59:13','2023-01-17 16:59:13',4958),(69,1,'2023-01-30 15:45:48','2023-01-19 13:00:00','https://meet.google.com/wxd-irda-sae','Yes','2023-01-18 16:50:11','2023-01-30 15:45:48',4958),(70,17,'2023-01-25 17:30:00','2023-01-25 18:00:00','https://meet.google.com/osb-ionp-yii','No','2023-01-25 17:23:48','2023-01-25 17:23:48',4958),(71,1,'2023-01-28 10:30:00','2023-01-28 14:30:00',NULL,'Yes','2023-01-26 12:32:06','2023-01-29 15:52:52',5508),(72,3,'2023-01-29 13:57:53','2023-01-29 11:00:00',NULL,'Yes','2023-01-29 13:57:24','2023-01-29 13:57:53',5508),(73,5,'2023-01-29 14:01:51','2023-01-29 14:15:00',NULL,'Yes','2023-01-29 14:01:15','2023-01-29 14:01:51',5508),(74,1,'2023-01-31 11:00:00','2023-01-31 13:00:00','https://meet.google.com/pvg-sozx-vpa','No','2023-01-30 15:49:48','2023-01-30 15:49:48',5508),(75,1,'2023-02-07 16:41:27','2023-02-06 15:00:00',NULL,'Yes','2023-02-05 11:31:41','2023-02-07 16:41:27',5508),(76,19,'2023-02-07 16:21:32','2023-02-07 16:15:00',NULL,'Yes','2023-02-07 16:08:14','2023-02-07 16:21:30',3766),(77,19,'2023-02-07 18:04:28','2023-02-07 18:05:00',NULL,'Yes','2023-02-07 17:59:24','2023-02-07 18:04:28',3766),(78,19,'2023-02-07 18:29:48','2023-02-07 18:25:00',NULL,'Yes','2023-02-07 18:18:11','2023-02-07 18:29:48',3766),(79,1,'2023-02-09 11:00:00','2023-02-09 15:00:00',NULL,'No','2023-02-08 12:38:32','2023-02-08 12:38:32',5508),(80,1,'2023-02-13 11:00:00','2023-02-13 15:00:00',NULL,'Yes','2023-02-12 12:01:58','2023-02-14 14:18:26',5508),(81,3,'2023-02-14 14:21:59','2023-02-14 14:30:00',NULL,'Yes','2023-02-14 14:21:35','2023-02-14 14:21:59',5508),(82,5,'2023-02-14 14:33:04','2023-02-14 14:30:00',NULL,'Yes','2023-02-14 14:31:07','2023-02-14 14:33:04',5508),(83,1,'2023-02-16 11:00:00','2023-02-16 15:00:00',NULL,'No','2023-02-15 11:28:30','2023-02-15 11:28:30',5508),(84,1,'2023-02-22 11:00:00','2023-02-22 15:00:00',NULL,'No','2023-02-20 15:08:59','2023-02-20 15:08:59',5508),(85,1,'2023-03-09 12:08:47','2023-03-01 15:00:00',NULL,'Yes','2023-02-28 09:50:50','2023-03-09 12:08:47',5508),(86,1,'2023-03-07 12:35:57','2023-03-06 15:00:00',NULL,'Yes','2023-03-05 10:34:55','2023-03-07 12:35:57',5508),(87,5,'2023-03-07 12:34:48','2023-03-07 12:00:00',NULL,'Yes','2023-03-07 12:23:10','2023-03-07 12:34:48',5508),(88,3,'2023-03-07 12:34:03','2023-03-07 12:05:00',NULL,'Yes','2023-03-07 12:30:27','2023-03-07 12:34:03',5508),(89,20,'2023-03-09 15:00:00','2023-03-09 16:00:00','https://teams.microsoft.com/l/meetup-join/19%3ameeting_YmIyNTA5ZTctM2QxNi00Y2ZmLWIyOTAtMjg3ZTczMDllYTgy%40thread.v2/0?context=%7b%22Tid%22%3a%228df4d9f6-dd5e-4a2c-9c34-0af18f0d72a3%22%2c%22Oid%22%3a%2247be6337-fc77-495a-b45b-05e5fb02de28%22%7d','No','2023-03-09 12:15:48','2023-03-09 12:15:48',5508),(90,1,'2023-03-13 15:36:34','2023-03-11 15:00:00',NULL,'Yes','2023-03-09 12:56:45','2023-03-13 15:36:34',5508),(91,1,'2023-03-15 16:27:02','2023-03-12 15:00:00','https://meet.google.com/gxn-bweh-vnf','Yes','2023-03-09 13:23:45','2023-03-15 16:27:02',5508),(92,3,'2023-03-12 11:17:00','2023-03-12 12:01:00',NULL,'Yes','2023-03-12 09:41:51','2023-03-13 15:20:27',5508),(93,5,'2023-03-13 15:32:15','2023-03-12 14:30:00',NULL,'Yes','2023-03-12 14:52:15','2023-03-13 15:32:15',5508),(94,1,'2023-03-19 11:00:00','2023-03-19 15:00:00',NULL,'No','2023-03-15 15:55:41','2023-03-15 15:55:41',5508),(95,1,'2023-03-22 09:39:53','2023-03-19 15:00:00',NULL,'Yes','2023-03-15 15:56:14','2023-03-22 09:39:53',5508),(96,3,'2023-03-22 09:34:53','2023-03-20 12:05:00',NULL,'Yes','2023-03-20 10:15:07','2023-03-22 09:34:53',5508),(97,5,'2023-03-22 10:08:36','2023-03-20 13:45:00',NULL,'Yes','2023-03-20 10:25:50','2023-03-22 10:08:36',5508),(98,1,'2023-03-23 14:59:09','2023-03-21 14:00:00','http://meet.google.com/fei-zwfh-iua','Yes','2023-03-20 13:53:20','2023-03-23 14:59:09',5508),(99,3,'2023-03-27 15:42:53','2023-03-22 12:05:00','https://teams.microsoft.com/l/meetup-join/19%3Ameeting_MGFkMDdhNjMtODliMy00OWI0LWE5N2YtMGQ5NjFiMTQ3MDgx%40thread.v2/0?context=%7B%22Tid%22%3A%228df4d9f6-dd5e-4a2c-9c34-0af18f0d72a3%22%2C%22Oid%22%3A%22c5899e2e-2de9-4a45-8937-f6f81274a73d%22%7D','Yes','2023-03-22 09:25:49','2023-03-27 15:42:53',5508),(100,5,'2023-03-27 15:49:11','2023-03-22 14:00:00','https://teams.microsoft.com/l/meetup-join/19%3Ameeting_MGFkMDdhNjMtODliMy00OWI0LWE5N2YtMGQ5NjFiMTQ3MDgx%40thread.v2/0?context=%7B%22Tid%22%3A%228df4d9f6-dd5e-4a2c-9c34-0af18f0d72a3%22%2C%22Oid%22%3A%22c5899e2e-2de9-4a45-8937-f6f81274a73d%22%7D','Yes','2023-03-22 10:05:46','2023-03-27 15:49:11',5508),(101,1,'2023-04-03 15:48:50','2023-03-27 15:00:00',NULL,'Yes','2023-03-23 14:58:54','2023-04-03 15:48:50',3766),(102,3,'2023-04-03 15:22:31','2023-03-28 11:00:00',NULL,'Yes','2023-03-27 15:42:45','2023-04-03 15:22:31',5508),(103,5,'2023-04-03 15:20:41','2023-03-28 13:00:00',NULL,'Yes','2023-03-27 15:49:00','2023-04-03 15:20:41',5508),(104,1,'2023-04-05 10:19:52','2023-04-02 15:00:00',NULL,'Yes','2023-03-30 15:36:35','2023-04-05 10:19:52',5508),(105,3,'2023-04-03 11:00:00','2023-04-03 12:00:00',NULL,'No','2023-04-02 15:19:33','2023-04-02 15:19:33',5508),(106,5,'2023-04-03 15:22:03','2023-04-03 14:00:00',NULL,'Yes','2023-04-02 15:25:53','2023-04-03 15:22:03',5508),(107,1,'2023-04-05 10:25:47','2023-04-04 14:00:00',NULL,'Yes','2023-04-03 10:29:11','2023-04-05 10:25:47',5508),(108,1,'2023-04-13 12:20:13','2023-04-08 15:30:00','https://meet.google.com/njm-qzec-ris','Yes','2023-04-06 10:59:50','2023-04-13 12:20:13',5508),(109,1,'2023-04-16 09:45:40','2023-04-15 15:00:00','https://meet.google.com/pvg-sozx-vpa','Yes','2023-04-13 12:31:55','2023-04-16 09:45:40',5508),(110,1,'2023-05-21 10:39:06','2023-04-30 15:00:00',NULL,'Yes','2023-04-27 10:31:38','2023-05-21 10:39:06',5508),(111,1,'2023-05-24 16:52:56','2023-05-10 16:00:00',NULL,'Yes','2023-05-09 12:37:45','2023-05-24 16:52:56',3766),(112,1,'2023-05-15 10:00:00','2023-05-15 16:00:00','https://meet.google.com/pvg-sozx-vpa','No','2023-05-14 15:18:41','2023-05-14 15:27:01',3766),(113,5,'2023-06-06 11:20:57','2023-05-16 11:00:00','https://meet.google.com/pvg-sozx-vpa','Yes','2023-05-16 12:26:46','2023-06-06 11:20:57',5508),(114,1,'2023-05-24 17:03:27','2023-05-17 16:00:00','https://meet.google.com/pvg-sozx-vpa','Yes','2023-05-16 14:49:02','2023-05-24 17:03:27',3766),(115,5,'2023-06-06 11:21:04','2023-05-18 11:30:00','https://meet.google.com/pvg-sozx-vpa','Yes','2023-05-18 10:09:16','2023-06-06 11:21:04',5508),(116,1,'2023-05-24 17:03:36','2023-05-22 15:00:00',NULL,'Yes','2023-05-21 11:11:29','2023-05-24 17:03:36',5508),(117,1,'2023-05-30 15:33:49','2023-05-28 15:00:00','https://meet.google.com/pvg-sozx-vpa','Yes','2023-05-25 10:26:16','2023-05-30 15:33:49',5508),(118,1,'2023-06-20 13:21:55','2023-06-19 15:00:00','https://meet.google.com/pvg-sozx-vpa','Yes','2023-06-18 10:31:42','2023-06-20 13:21:55',5508),(119,1,'2023-06-26 12:46:11','2023-06-25 15:00:00','https://meet.google.com/pvg-sozx-vpa','Yes','2023-06-22 14:07:46','2023-06-26 12:46:11',5508),(120,1,'2023-07-06 11:00:00','2023-07-06 16:30:00','https://meet.google.com/pvg-sozx-vpa','Yes','2023-07-06 10:28:35','2023-07-06 15:56:21',5508),(121,23,'2023-07-19 17:54:49','2023-07-19 17:30:00',NULL,'Yes','2023-07-19 14:59:20','2023-07-19 17:54:49',3629),(122,1,'2023-07-26 17:13:11','2023-07-26 18:00:00',NULL,'Yes','2023-07-25 15:45:15','2023-07-26 17:13:11',5508),(123,1,'2023-07-29 21:38:46','2023-07-27 16:00:00','https://meet.google.com/pvg-sozx-vpa','Yes','2023-07-26 16:24:39','2023-07-29 21:38:46',5508);


/*Table structure for table `selected_candidate_tr_class_schedule` */


CREATE TABLE `selected_candidate_tr_class_schedule` (
  `selected_candidate_id` bigint unsigned NOT NULL,
  `tr_class_schedule_id` bigint unsigned NOT NULL,
  `attendance` enum('Present','Absent') CHARACTER SET utf8mb4 COLLATE utf8mb4_unicode_ci NOT NULL DEFAULT 'Absent',
  KEY `sctcs_selected_candidate_id_foreign` (`selected_candidate_id`),
  KEY `sctcs_tr_class_schedule_id_foreign` (`tr_class_schedule_id`),
  CONSTRAINT `sctcs_selected_candidate_id_foreign` FOREIGN KEY (`selected_candidate_id`) REFERENCES `selected_candidates` (`id`),
  CONSTRAINT `sctcs_tr_class_schedule_id_foreign` FOREIGN KEY (`tr_class_schedule_id`) REFERENCES `tr_class_schedules` (`id`)
) ENGINE=InnoDB DEFAULT CHARSET=utf8mb4 COLLATE=utf8mb4_unicode_ci;

/*Data for the table `selected_candidate_tr_class_schedule` */

insert  into `selected_candidate_tr_class_schedule`(`selected_candidate_id`,`tr_class_schedule_id`,`attendance`) values (68,1,'Present'),(68,2,'Present'),(69,3,'Absent'),(74,3,'Absent'),(80,3,'Absent'),(81,3,'Absent'),(82,3,'Absent'),(85,3,'Absent'),(87,3,'Absent'),(90,3,'Absent'),(68,4,'Absent'),(1980,5,'Absent'),(1981,5,'Absent'),(1982,5,'Absent'),(1983,5,'Present'),(1986,5,'Absent'),(1987,5,'Absent'),(1988,5,'Absent'),(1989,5,'Absent'),(1990,5,'Absent'),(1991,5,'Absent'),(1992,5,'Absent'),(1993,5,'Absent'),(1995,5,'Absent'),(1996,5,'Absent'),(1998,5,'Absent'),(1999,5,'Absent'),(2000,5,'Absent'),(1980,6,'Absent'),(1981,6,'Absent'),(1982,6,'Absent'),(1983,6,'Absent'),(1986,6,'Absent'),(1987,6,'Absent'),(1988,6,'Absent'),(1989,6,'Absent'),(1990,6,'Absent'),(1991,6,'Absent'),(1992,6,'Absent'),(1993,6,'Absent'),(1995,6,'Absent'),(1996,6,'Absent'),(1998,6,'Absent'),(1999,6,'Absent'),(2000,6,'Absent'),(2448,7,'Absent'),(2449,7,'Absent'),(2450,7,'Absent'),(2359,7,'Absent'),(2360,7,'Absent'),(2362,7,'Absent'),(2363,7,'Absent'),(2364,7,'Absent'),(2374,7,'Absent'),(2377,7,'Absent'),(2378,7,'Absent'),(2379,7,'Absent'),(2380,7,'Absent'),(2382,7,'Absent'),(2385,7,'Absent'),(2386,7,'Absent'),(2390,7,'Absent'),(2391,7,'Absent'),(2393,7,'Absent'),(2396,7,'Absent'),(2398,7,'Absent'),(2400,7,'Absent'),(2402,7,'Absent'),(2403,7,'Absent'),(2405,7,'Absent'),(2406,7,'Absent'),(2408,7,'Absent'),(2409,7,'Absent'),(2411,7,'Absent'),(2413,7,'Absent'),(2416,7,'Absent'),(2419,7,'Absent'),(2420,7,'Absent'),(2422,7,'Absent'),(2423,7,'Absent'),(2424,7,'Absent'),(2430,7,'Absent'),(2431,7,'Absent'),(2432,7,'Absent'),(2433,7,'Absent'),(2434,7,'Absent'),(2435,7,'Absent'),(2436,7,'Absent'),(2439,7,'Absent'),(2440,7,'Absent'),(2442,7,'Absent'),(2446,7,'Absent'),(2447,7,'Absent'),(2633,8,'Present'),(2636,8,'Absent'),(2642,8,'Absent'),(2644,8,'Absent'),(2645,8,'Absent'),(2647,8,'Present'),(2854,8,'Present'),(2863,8,'Present'),(2865,8,'Absent'),(2869,8,'Absent'),(2870,8,'Present'),(2875,8,'Absent'),(2878,8,'Absent'),(2647,9,'Present'),(2633,9,'Present'),(2636,9,'Absent'),(2642,9,'Absent'),(2644,9,'Absent'),(2645,9,'Absent'),(2863,9,'Present'),(2865,9,'Absent'),(2869,9,'Absent'),(2870,9,'Present'),(2875,9,'Absent'),(2878,9,'Absent'),(2943,10,'Absent'),(2944,10,'Absent'),(2945,10,'Absent'),(2946,10,'Absent'),(2947,10,'Present'),(2948,10,'Absent'),(2893,10,'Absent'),(2895,10,'Absent'),(2896,10,'Present'),(2898,10,'Absent'),(2900,10,'Absent'),(2923,10,'Absent'),(2924,10,'Present'),(2925,10,'Absent'),(2926,10,'Absent'),(2928,10,'Absent'),(2931,10,'Absent'),(2932,10,'Present'),(2941,10,'Absent'),(2942,10,'Absent'),(2893,12,'Absent'),(2895,12,'Absent'),(2896,12,'Present'),(2898,12,'Absent'),(2900,12,'Absent'),(2923,12,'Absent'),(2924,12,'Present'),(2925,12,'Absent'),(2926,12,'Absent'),(2928,12,'Absent'),(2931,12,'Absent'),(2932,12,'Present'),(2941,12,'Absent'),(2942,12,'Absent'),(2943,12,'Absent'),(2944,12,'Absent'),(2945,12,'Absent'),(2946,12,'Absent'),(2947,12,'Present'),(2948,12,'Absent'),(3044,12,'Absent'),(3051,12,'Absent'),(3052,12,'Absent'),(3059,12,'Absent'),(3080,12,'Absent'),(3082,12,'Absent'),(3094,12,'Absent'),(3097,12,'Absent'),(3109,12,'Present'),(3114,12,'Absent'),(3130,12,'Present'),(2948,5,'Absent'),(2945,13,'Present'),(3394,14,'Absent'),(3395,14,'Absent'),(3401,14,'Absent'),(3410,14,'Absent'),(3252,14,'Present'),(3257,14,'Absent'),(3260,14,'Absent'),(3286,14,'Absent'),(3292,14,'Present'),(3300,14,'Absent'),(3307,14,'Present'),(3328,14,'Absent'),(3345,14,'Present'),(3356,14,'Absent'),(3359,14,'Absent'),(3360,14,'Absent'),(3365,14,'Absent'),(3367,14,'Absent'),(3376,14,'Absent'),(3378,14,'Absent'),(3387,14,'Absent'),(3307,16,'Present'),(3228,17,'Absent'),(3230,17,'Present'),(3233,17,'Present'),(3234,17,'Present'),(3237,17,'Absent'),(3239,17,'Absent'),(3241,17,'Present'),(3242,17,'Absent'),(3245,17,'Absent'),(3250,17,'Absent'),(3431,17,'Present'),(3432,17,'Present'),(3434,17,'Present'),(3435,17,'Present'),(3436,17,'Present'),(3437,17,'Present'),(3439,17,'Present'),(3440,17,'Present'),(3441,17,'Present'),(3442,17,'Present'),(3445,17,'Present'),(3446,17,'Present'),(3449,17,'Present'),(3451,17,'Present'),(3452,17,'Absent'),(3453,17,'Absent'),(3456,17,'Absent'),(3567,17,'Present'),(3568,17,'Present'),(3569,17,'Present'),(3570,17,'Present'),(3571,17,'Present'),(3228,18,'Absent'),(3230,18,'Present'),(3233,18,'Present'),(3234,18,'Present'),(3237,18,'Absent'),(3239,18,'Absent'),(3241,18,'Present'),(3242,18,'Absent'),(3245,18,'Absent'),(3250,18,'Absent'),(3431,18,'Present'),(3432,18,'Present'),(3434,18,'Present'),(3435,18,'Present'),(3436,18,'Present'),(3437,18,'Present'),(3439,18,'Present'),(3440,18,'Present'),(3441,18,'Present'),(3442,18,'Present'),(3445,18,'Present'),(3446,18,'Present'),(3449,18,'Present'),(3451,18,'Present'),(3452,18,'Absent'),(3453,18,'Absent'),(3456,18,'Absent'),(3567,18,'Present'),(3568,18,'Present'),(3569,18,'Present'),(3570,18,'Present'),(3571,18,'Present'),(3228,19,'Absent'),(3230,19,'Present'),(3233,19,'Present'),(3234,19,'Present'),(3237,19,'Absent'),(3239,19,'Absent'),(3241,19,'Present'),(3242,19,'Absent'),(3245,19,'Absent'),(3250,19,'Absent'),(3431,19,'Present'),(3432,19,'Present'),(3434,19,'Absent'),(3435,19,'Present'),(3436,19,'Present'),(3437,19,'Present'),(3439,19,'Present'),(3440,19,'Present'),(3441,19,'Present'),(3442,19,'Present'),(3445,19,'Present'),(3446,19,'Present'),(3449,19,'Present'),(3451,19,'Present'),(3452,19,'Absent'),(3453,19,'Absent'),(3456,19,'Absent'),(3567,19,'Present'),(3568,19,'Present'),(3569,19,'Absent'),(3570,19,'Present'),(3571,19,'Present'),(3465,20,'Absent'),(3475,20,'Absent'),(3478,20,'Absent'),(3494,20,'Present'),(3495,20,'Absent'),(3496,20,'Present'),(3497,20,'Present'),(3500,20,'Present'),(3506,20,'Absent'),(3510,20,'Absent'),(3512,20,'Present'),(3516,20,'Absent'),(3522,20,'Absent'),(3526,20,'Absent'),(3538,20,'Absent'),(3543,20,'Present'),(3549,20,'Present'),(3550,20,'Present'),(3561,20,'Absent'),(3228,21,'Absent'),(3230,21,'Present'),(3233,21,'Present'),(3234,21,'Present'),(3237,21,'Absent'),(3239,21,'Absent'),(3241,21,'Present'),(3242,21,'Absent'),(3245,21,'Absent'),(3250,21,'Absent'),(3431,21,'Present'),(3432,21,'Present'),(3434,21,'Absent'),(3435,21,'Present'),(3436,21,'Present'),(3437,21,'Present'),(3439,21,'Present'),(3440,21,'Present'),(3441,21,'Present'),(3442,21,'Present'),(3445,21,'Present'),(3446,21,'Present'),(3449,21,'Present'),(3451,21,'Present'),(3452,21,'Absent'),(3453,21,'Absent'),(3456,21,'Absent'),(3567,21,'Present'),(3568,21,'Present'),(3569,21,'Absent'),(3570,21,'Present'),(3571,21,'Present'),(3228,22,'Absent'),(3230,22,'Present'),(3233,22,'Present'),(3234,22,'Present'),(3237,22,'Absent'),(3239,22,'Absent'),(3241,22,'Present'),(3242,22,'Absent'),(3245,22,'Absent'),(3250,22,'Absent'),(3431,22,'Present'),(3432,22,'Present'),(3434,22,'Absent'),(3435,22,'Present'),(3436,22,'Present'),(3437,22,'Present'),(3439,22,'Present'),(3440,22,'Present'),(3441,22,'Present'),(3442,22,'Present'),(3445,22,'Present'),(3446,22,'Present'),(3449,22,'Present'),(3451,22,'Present'),(3452,22,'Absent'),(3453,22,'Absent'),(3456,22,'Absent'),(3567,22,'Present'),(3568,22,'Present'),(3569,22,'Absent'),(3570,22,'Present'),(3571,22,'Present'),(3228,23,'Absent'),(3230,23,'Present'),(3233,23,'Present'),(3234,23,'Present'),(3237,23,'Absent'),(3239,23,'Absent'),(3241,23,'Present'),(3242,23,'Absent'),(3245,23,'Absent'),(3250,23,'Absent'),(3431,23,'Present'),(3432,23,'Present'),(3434,23,'Absent'),(3435,23,'Present'),(3436,23,'Present'),(3437,23,'Present'),(3439,23,'Present'),(3440,23,'Present'),(3441,23,'Present'),(3442,23,'Present'),(3445,23,'Present'),(3446,23,'Present'),(3449,23,'Present'),(3451,23,'Present'),(3452,23,'Absent'),(3453,23,'Absent'),(3456,23,'Absent'),(3567,23,'Present'),(3568,23,'Present'),(3569,23,'Absent'),(3570,23,'Present'),(3571,23,'Present'),(3465,24,'Absent'),(3475,24,'Absent'),(3478,24,'Absent'),(3494,24,'Present'),(3495,24,'Absent'),(3496,24,'Present'),(3497,24,'Present'),(3500,24,'Absent'),(3506,24,'Absent'),(3510,24,'Absent'),(3512,24,'Present'),(3516,24,'Absent'),(3522,24,'Absent'),(3526,24,'Absent'),(3538,24,'Absent'),(3543,24,'Present'),(3549,24,'Present'),(3550,24,'Absent'),(3561,24,'Absent'),(3549,25,'Present'),(3494,25,'Present'),(3496,25,'Present'),(3497,25,'Present'),(3512,25,'Present'),(3543,25,'Present'),(3549,26,'Present'),(3494,26,'Present'),(3496,26,'Present'),(3497,26,'Present'),(3512,26,'Present'),(3543,26,'Present'),(3387,27,'Present'),(3538,27,'Present'),(3690,27,'Present'),(3538,28,'Present'),(3387,28,'Present'),(3690,28,'Present'),(3387,29,'Present'),(3538,29,'Present'),(3690,29,'Present'),(3693,30,'Absent'),(3694,30,'Absent'),(3697,30,'Absent'),(3708,30,'Absent'),(3710,30,'Absent'),(3711,30,'Absent'),(3712,30,'Absent'),(3652,31,'Absent'),(3653,31,'Absent'),(3659,31,'Absent'),(3665,31,'Absent'),(3669,31,'Absent'),(3670,31,'Absent'),(3671,31,'Absent'),(3785,32,'Present'),(3786,32,'Present'),(3787,32,'Absent'),(3791,32,'Absent'),(3793,32,'Present'),(3797,32,'Absent'),(3798,32,'Absent'),(3802,32,'Absent'),(3803,32,'Absent'),(3805,32,'Absent'),(3808,32,'Absent'),(3815,33,'Absent'),(3818,33,'Absent'),(3820,33,'Absent'),(3821,33,'Absent'),(3827,33,'Absent'),(3834,33,'Absent'),(3839,33,'Absent'),(3840,33,'Absent'),(3788,32,'Absent'),(3827,34,'Present'),(3820,34,'Present'),(3821,34,'Present'),(3793,35,'Present'),(3785,35,'Present'),(3786,35,'Present'),(3827,36,'Present'),(3820,36,'Present'),(3821,36,'Present'),(3793,37,'Present'),(3785,37,'Present'),(3786,37,'Present'),(3827,38,'Present'),(3820,38,'Present'),(3821,38,'Present'),(3948,39,'Present'),(3815,39,'Absent'),(3818,39,'Present'),(3834,39,'Absent'),(3839,39,'Absent'),(3910,39,'Present'),(3919,39,'Present'),(3921,39,'Present'),(3933,39,'Present'),(3946,39,'Present'),(3953,39,'Present'),(3955,39,'Absent'),(3962,39,'Present'),(3963,39,'Present'),(3966,39,'Present'),(4024,39,'Present'),(4026,39,'Present'),(4028,39,'Present'),(4029,39,'Present'),(4035,39,'Absent'),(4045,39,'Present'),(4047,39,'Absent'),(4064,39,'Absent'),(4075,39,'Present'),(4077,39,'Absent'),(4084,39,'Present'),(4085,39,'Absent'),(4090,39,'Present'),(4094,39,'Absent'),(4105,39,'Present'),(4110,39,'Absent'),(4112,39,'Present'),(4113,39,'Absent'),(4037,40,'Absent'),(3763,40,'Present'),(3764,40,'Absent'),(3769,40,'Present'),(3771,40,'Absent'),(3775,40,'Present'),(3787,40,'Absent'),(3788,40,'Absent'),(3797,40,'Absent'),(3798,40,'Absent'),(3802,40,'Absent'),(3803,40,'Absent'),(3805,40,'Absent'),(3808,40,'Absent'),(3846,40,'Present'),(3850,40,'Present'),(3859,40,'Absent'),(3861,40,'Absent'),(3863,40,'Present'),(3866,40,'Absent'),(3868,40,'Absent'),(3874,40,'Present'),(3876,40,'Present'),(3877,40,'Absent'),(3878,40,'Present'),(4090,41,'Present'),(3818,41,'Present'),(3922,41,'Present'),(3946,41,'Present'),(3948,41,'Present'),(3953,41,'Present'),(3962,41,'Present'),(3963,41,'Present'),(4024,41,'Present'),(4026,41,'Present'),(4028,41,'Present'),(4029,41,'Present'),(4045,41,'Present'),(4075,41,'Present'),(4084,41,'Present'),(3933,42,'Present'),(3818,42,'Present'),(3922,42,'Present'),(3946,42,'Present'),(3948,42,'Present'),(3953,42,'Present'),(3962,42,'Present'),(3963,42,'Present'),(4024,42,'Present'),(4026,42,'Present'),(4028,42,'Present'),(4029,42,'Present'),(4045,42,'Present'),(4075,42,'Present'),(4084,42,'Present'),(4090,42,'Present'),(3933,41,'Present'),(4128,43,'Present'),(4133,43,'Absent'),(4148,43,'Present'),(4152,43,'Absent'),(4160,43,'Present'),(4167,43,'Absent'),(4169,43,'Present'),(4170,43,'Absent'),(4174,43,'Absent'),(4180,43,'Absent'),(4188,43,'Absent'),(4192,43,'Absent'),(4193,43,'Absent'),(4198,43,'Absent'),(4199,43,'Absent'),(4204,43,'Absent'),(4206,43,'Absent'),(4209,43,'Absent'),(4212,43,'Present'),(4213,43,'Absent'),(4216,43,'Absent'),(4219,43,'Absent'),(4221,43,'Present'),(4222,43,'Present'),(4228,43,'Absent'),(4231,43,'Absent'),(4233,43,'Absent'),(4212,44,'Present'),(4221,44,'Present'),(4222,44,'Present'),(4169,44,'Present'),(3966,44,'Present'),(4128,44,'Present'),(4148,44,'Present'),(4160,44,'Present'),(4160,45,'Present'),(3966,45,'Present'),(4128,45,'Present'),(4148,45,'Present'),(4169,45,'Present'),(4222,45,'Present'),(4212,45,'Present'),(4221,45,'Present'),(3966,43,'Present'),(4280,46,'Absent'),(3044,46,'Absent'),(3046,46,'Absent'),(3047,46,'Absent'),(3051,46,'Absent'),(3052,46,'Absent'),(3059,46,'Absent'),(3080,46,'Absent'),(3082,46,'Absent'),(3094,46,'Absent'),(3097,46,'Absent'),(3109,46,'Absent'),(3114,46,'Absent'),(3130,46,'Absent'),(4236,46,'Absent'),(4237,46,'Absent'),(4246,46,'Absent'),(4253,46,'Absent'),(4267,46,'Absent'),(4268,46,'Absent'),(4269,46,'Absent'),(4446,47,'Absent'),(4410,47,'Present'),(4419,47,'Present'),(4422,47,'Absent'),(4423,47,'Absent'),(4426,47,'Absent'),(4428,47,'Present'),(4430,47,'Present'),(4432,47,'Present'),(4435,47,'Present'),(4444,47,'Absent'),(4464,47,'Present'),(4282,47,'Present'),(4285,47,'Absent'),(4290,47,'Absent'),(4292,47,'Present'),(4299,47,'Present'),(4307,47,'Absent'),(4312,47,'Absent'),(4318,47,'Absent'),(4321,47,'Absent'),(4324,47,'Absent'),(4326,47,'Absent'),(4336,47,'Absent'),(4343,47,'Absent'),(4347,47,'Present'),(4364,47,'Present'),(4366,47,'Absent'),(4369,47,'Present'),(4391,47,'Present'),(4392,47,'Present'),(4394,47,'Present'),(4396,47,'Absent'),(4400,47,'Absent'),(4403,47,'Present'),(4404,47,'Absent'),(4405,47,'Absent'),(4457,47,'Present'),(4460,47,'Present'),(2942,47,'Present'),(4460,48,'Present'),(4282,48,'Present'),(4292,48,'Present'),(4299,48,'Present'),(4347,48,'Present'),(4364,48,'Present'),(4369,48,'Present'),(4391,48,'Present'),(4394,48,'Present'),(4403,48,'Present'),(4457,48,'Present'),(4464,48,'Present'),(4435,48,'Present'),(4410,48,'Present'),(4419,48,'Present'),(4428,48,'Present'),(4430,48,'Present'),(4432,48,'Present'),(2942,48,'Present'),(4435,49,'Present'),(4410,49,'Present'),(4419,49,'Present'),(4428,49,'Present'),(4430,49,'Present'),(4432,49,'Present'),(2942,49,'Present'),(4464,49,'Present'),(4282,49,'Present'),(4292,49,'Present'),(4299,49,'Present'),(4347,49,'Present'),(4364,49,'Present'),(4369,49,'Present'),(4391,49,'Present'),(4394,49,'Present'),(4403,49,'Present'),(4457,49,'Present'),(4460,49,'Present'),(4392,49,'Present'),(4392,48,'Present'),(4560,50,'Present'),(4532,50,'Absent'),(4533,50,'Present'),(4538,50,'Present'),(4539,50,'Present'),(4540,50,'Present'),(4542,50,'Present'),(4544,50,'Present'),(4547,50,'Present'),(4548,50,'Present'),(4557,50,'Present'),(4544,51,'Present'),(4533,51,'Present'),(4538,51,'Present'),(4539,51,'Present'),(4540,51,'Present'),(4542,51,'Present'),(4547,51,'Present'),(4548,51,'Present'),(4557,51,'Present'),(4560,51,'Present'),(4544,52,'Present'),(4533,52,'Present'),(4538,52,'Present'),(4539,52,'Present'),(4540,52,'Present'),(4542,52,'Present'),(4547,52,'Present'),(4548,52,'Present'),(4557,52,'Present'),(4560,52,'Present'),(4509,53,'Absent'),(4497,53,'Present'),(4498,53,'Present'),(4500,53,'Absent'),(4501,53,'Absent'),(4503,53,'Absent'),(4507,53,'Absent'),(4642,53,'Absent'),(4510,53,'Present'),(4512,53,'Present'),(4513,53,'Absent'),(4514,53,'Present'),(4516,53,'Absent'),(4518,53,'Present'),(4519,53,'Absent'),(4586,53,'Absent'),(4602,53,'Absent'),(4606,53,'Present'),(4608,53,'Present'),(4617,53,'Present'),(4622,53,'Present'),(4626,53,'Absent'),(4629,53,'Present'),(4530,54,'Absent'),(4410,54,'Absent'),(4419,54,'Absent'),(4422,54,'Absent'),(4423,54,'Absent'),(4426,54,'Absent'),(4428,54,'Absent'),(4432,54,'Absent'),(4444,54,'Absent'),(4446,54,'Present'),(4520,54,'Absent'),(4523,54,'Absent'),(4528,54,'Absent'),(4529,54,'Absent'),(4744,56,'Absent'),(4653,56,'Absent'),(4655,56,'Present'),(4656,56,'Absent'),(4659,56,'Absent'),(4666,56,'Absent'),(4672,56,'Absent'),(4674,56,'Absent'),(4675,56,'Present'),(4687,56,'Absent'),(4690,56,'Present'),(4691,56,'Absent'),(4692,56,'Absent'),(4698,56,'Absent'),(4706,56,'Present'),(4707,56,'Present'),(4709,56,'Present'),(4711,56,'Absent'),(4712,56,'Absent'),(4713,56,'Absent'),(4719,56,'Absent'),(4720,56,'Absent'),(4725,56,'Present'),(4727,56,'Absent'),(4731,56,'Absent'),(4732,56,'Absent'),(4733,56,'Absent'),(4736,56,'Absent'),(4775,57,'Absent'),(4776,57,'Absent'),(4777,57,'Absent'),(4778,57,'Absent'),(4779,57,'Absent'),(4780,57,'Absent'),(4781,57,'Absent'),(4782,57,'Absent'),(4774,57,'Absent'),(4783,57,'Absent'),(4784,57,'Absent'),(4785,57,'Absent'),(4786,57,'Absent'),(4787,57,'Absent'),(4788,57,'Absent'),(4789,57,'Absent'),(4790,57,'Absent'),(4791,57,'Absent'),(4792,57,'Absent'),(4793,57,'Absent'),(4794,57,'Absent'),(4795,57,'Absent'),(4796,57,'Absent'),(4797,57,'Absent'),(4798,57,'Absent'),(4799,57,'Absent'),(4800,57,'Absent'),(4801,57,'Absent'),(4802,57,'Absent'),(4803,57,'Absent'),(4804,57,'Absent'),(4805,57,'Absent'),(4806,57,'Absent'),(4807,57,'Absent'),(4808,57,'Absent'),(4809,57,'Absent'),(4810,57,'Absent'),(4811,57,'Absent'),(4812,57,'Absent'),(4813,57,'Absent'),(4814,57,'Absent'),(4815,57,'Absent'),(4816,57,'Absent'),(4817,57,'Absent'),(4818,57,'Absent'),(4819,57,'Absent'),(4820,57,'Absent'),(4821,57,'Absent'),(4822,57,'Absent'),(4823,57,'Absent'),(4824,57,'Absent'),(4825,57,'Absent'),(4826,57,'Absent'),(4827,57,'Absent'),(4828,57,'Absent'),(4829,57,'Absent'),(4830,57,'Absent'),(4831,57,'Absent'),(4832,57,'Absent'),(4833,57,'Absent'),(4834,57,'Absent'),(4835,57,'Absent'),(4836,57,'Absent'),(4837,57,'Absent'),(4838,57,'Absent'),(4839,57,'Absent'),(4840,57,'Absent'),(4841,57,'Absent'),(4842,57,'Absent'),(4843,57,'Absent'),(4844,57,'Absent'),(4845,57,'Absent'),(4846,57,'Absent'),(4847,57,'Absent'),(4848,57,'Absent'),(4849,57,'Absent'),(4850,57,'Absent'),(4851,57,'Absent'),(4852,57,'Absent'),(4853,57,'Absent'),(4854,57,'Absent'),(4855,57,'Absent'),(4856,57,'Absent'),(4857,57,'Absent'),(4858,57,'Absent'),(4859,57,'Absent'),(4860,57,'Absent'),(4861,57,'Absent'),(4862,57,'Absent'),(4863,57,'Absent'),(4864,57,'Absent'),(4865,57,'Absent'),(4866,57,'Absent'),(4867,57,'Absent'),(4868,57,'Absent'),(4869,57,'Absent'),(4870,57,'Absent'),(4871,57,'Absent'),(4872,57,'Absent'),(4873,57,'Absent'),(4874,57,'Absent'),(4875,57,'Absent'),(4876,57,'Absent'),(4877,57,'Absent'),(4878,57,'Absent'),(4879,57,'Absent'),(4880,57,'Absent'),(4881,57,'Absent'),(4882,57,'Absent'),(4883,57,'Absent'),(4884,57,'Absent'),(4885,57,'Absent'),(4886,57,'Absent'),(4887,57,'Absent'),(4888,57,'Absent'),(4889,57,'Absent'),(4890,57,'Absent'),(4891,57,'Absent'),(4892,57,'Absent'),(4893,57,'Absent'),(4894,57,'Absent'),(4895,57,'Absent'),(4896,57,'Absent'),(4897,57,'Absent'),(4898,57,'Absent'),(4899,57,'Absent'),(4900,57,'Absent'),(4901,57,'Absent'),(4902,57,'Absent'),(4903,57,'Absent'),(4904,57,'Absent'),(4905,57,'Absent'),(4906,57,'Absent'),(4907,57,'Absent'),(4908,57,'Absent'),(4909,57,'Absent'),(4910,57,'Absent'),(4911,57,'Absent'),(4912,57,'Absent'),(4913,57,'Absent'),(4914,57,'Absent'),(4915,57,'Absent'),(4916,57,'Absent'),(4917,57,'Absent'),(4918,57,'Absent'),(4919,57,'Absent'),(4920,57,'Absent'),(4921,57,'Absent'),(4922,57,'Absent'),(4923,57,'Absent'),(4924,57,'Absent'),(4925,57,'Absent'),(4926,57,'Absent'),(4927,57,'Absent'),(4928,57,'Absent'),(4929,57,'Absent'),(4930,57,'Absent'),(4931,57,'Absent'),(4932,57,'Absent'),(4933,57,'Absent'),(4934,57,'Absent'),(4935,57,'Absent'),(4936,57,'Absent'),(4937,57,'Absent'),(4938,57,'Absent'),(4939,57,'Absent'),(4940,57,'Absent'),(4941,57,'Absent'),(4942,57,'Absent'),(4943,57,'Absent'),(4944,57,'Absent'),(4945,57,'Absent'),(4946,57,'Absent'),(4947,57,'Absent'),(4948,57,'Absent'),(4949,57,'Absent'),(4950,57,'Absent'),(4951,57,'Absent'),(4952,57,'Absent'),(4953,57,'Absent'),(4954,57,'Absent'),(4955,57,'Absent'),(4956,57,'Absent'),(4957,57,'Absent'),(4958,57,'Absent'),(4959,57,'Absent'),(4960,57,'Absent'),(4961,57,'Absent'),(4962,57,'Absent'),(4963,57,'Absent'),(4964,57,'Absent'),(4965,57,'Absent'),(4966,57,'Absent'),(4967,57,'Absent'),(4968,57,'Absent'),(4969,57,'Absent'),(4970,57,'Absent'),(4971,57,'Absent'),(4972,57,'Absent'),(4973,57,'Absent'),(4974,57,'Absent'),(4975,57,'Absent'),(4976,57,'Absent'),(4977,57,'Absent'),(4978,57,'Absent'),(4979,57,'Absent'),(4980,57,'Absent'),(4981,57,'Absent'),(4982,57,'Absent'),(4983,57,'Absent'),(4984,57,'Absent'),(4985,57,'Absent'),(4986,57,'Absent'),(4987,57,'Absent'),(4988,57,'Absent'),(4989,57,'Absent'),(4990,57,'Absent'),(4991,57,'Absent'),(4992,57,'Absent'),(4993,57,'Absent'),(4994,57,'Absent'),(4995,57,'Absent'),(4996,57,'Absent'),(4997,57,'Absent'),(4998,57,'Absent'),(4999,57,'Absent'),(5000,57,'Absent'),(5001,57,'Absent'),(5002,57,'Absent'),(5003,57,'Absent'),(5004,57,'Absent'),(5005,57,'Absent'),(5006,57,'Absent'),(5007,57,'Absent'),(5008,57,'Absent'),(5009,57,'Absent'),(5010,57,'Absent'),(5011,57,'Absent'),(5012,57,'Absent'),(5013,57,'Absent'),(4775,60,'Absent'),(4446,56,'Present'),(4736,61,'Present'),(4655,61,'Present'),(4675,61,'Present'),(4690,61,'Present'),(4706,61,'Present'),(4707,61,'Present'),(4709,61,'Present'),(4725,61,'Present'),(4446,61,'Present'),(4736,62,'Present'),(4655,62,'Present'),(4690,62,'Present'),(4706,62,'Present'),(4709,62,'Present'),(4725,62,'Present'),(4446,62,'Present'),(4775,63,'Absent'),(4775,64,'Absent'),(4776,64,'Absent'),(4778,64,'Absent'),(4774,64,'Absent'),(4783,64,'Absent'),(4785,64,'Absent'),(4787,64,'Absent'),(4788,64,'Absent'),(4791,64,'Absent'),(4796,64,'Absent'),(4797,64,'Absent'),(4800,64,'Absent'),(4801,64,'Absent'),(4802,64,'Absent'),(4804,64,'Absent'),(4807,64,'Absent'),(4810,64,'Absent'),(4812,64,'Absent'),(4813,64,'Absent'),(4814,64,'Absent'),(4817,64,'Absent'),(4823,64,'Absent'),(4825,64,'Absent'),(4826,64,'Absent'),(4828,64,'Absent'),(4829,64,'Absent'),(4833,64,'Absent'),(4834,64,'Absent'),(4835,64,'Absent'),(4837,64,'Absent'),(4841,64,'Absent'),(4842,64,'Absent'),(4843,64,'Absent'),(4851,64,'Absent'),(4861,64,'Absent'),(4888,64,'Absent'),(4891,64,'Absent'),(4901,64,'Absent'),(4911,64,'Absent'),(4912,64,'Absent'),(4917,64,'Absent'),(4918,64,'Absent'),(4919,64,'Absent'),(4920,64,'Absent'),(4921,64,'Absent'),(4924,64,'Absent'),(4931,64,'Absent'),(4935,64,'Absent'),(4936,64,'Absent'),(4961,64,'Absent'),(4962,64,'Absent'),(4964,64,'Absent'),(4967,64,'Absent'),(4968,64,'Absent'),(4969,64,'Absent'),(4973,64,'Absent'),(4993,64,'Absent'),(5004,64,'Absent'),(5006,64,'Absent'),(4840,64,'Absent'),(4933,64,'Absent'),(4977,64,'Absent'),(4977,64,'Absent'),(4981,64,'Absent'),(4983,64,'Absent'),(4984,64,'Absent'),(5064,65,'Absent'),(5052,65,'Absent'),(5061,65,'Present'),(5088,65,'Present'),(5071,65,'Present'),(5072,65,'Present'),(5075,65,'Present'),(5081,65,'Present'),(5082,65,'Absent'),(5086,65,'Present'),(5087,65,'Present'),(4776,66,'Absent'),(4783,66,'Absent'),(4797,66,'Absent'),(4807,66,'Absent'),(4837,66,'Absent'),(5155,66,'Absent'),(5156,66,'Absent'),(5157,66,'Absent'),(5136,67,'Absent'),(4773,67,'Present'),(5094,67,'Absent'),(5095,67,'Present'),(5105,67,'Present'),(5112,67,'Present'),(5114,67,'Absent'),(5116,67,'Absent'),(5117,67,'Absent'),(5119,67,'Absent'),(5124,67,'Absent'),(5130,67,'Absent'),(5135,67,'Absent'),(4775,68,'Present'),(4776,68,'Present'),(4777,68,'Present'),(4778,68,'Present'),(4779,68,'Present'),(4780,68,'Present'),(4781,68,'Present'),(4782,68,'Present'),(4774,68,'Present'),(4783,68,'Present'),(4784,68,'Present'),(4785,68,'Present'),(4786,68,'Present'),(4787,68,'Present'),(4788,68,'Present'),(4789,68,'Present'),(4790,68,'Present'),(4791,68,'Present'),(4792,68,'Present'),(4795,68,'Present'),(4796,68,'Present'),(4797,68,'Present'),(4798,68,'Present'),(4799,68,'Present'),(4800,68,'Present'),(4801,68,'Present'),(4802,68,'Present'),(4803,68,'Present'),(4804,68,'Present'),(4806,68,'Present'),(4807,68,'Present'),(4808,68,'Absent'),(4809,68,'Absent'),(4810,68,'Absent'),(4811,68,'Absent'),(4812,68,'Present'),(4813,68,'Absent'),(4814,68,'Absent'),(4815,68,'Absent'),(4816,68,'Absent'),(4817,68,'Absent'),(4818,68,'Absent'),(4819,68,'Absent'),(4820,68,'Absent'),(4821,68,'Absent'),(4822,68,'Absent'),(4823,68,'Absent'),(4825,68,'Absent'),(4826,68,'Absent'),(4828,68,'Absent'),(4829,68,'Absent'),(4830,68,'Absent'),(4831,68,'Absent'),(4832,68,'Absent'),(4833,68,'Absent'),(4834,68,'Absent'),(4835,68,'Absent'),(4836,68,'Absent'),(4837,68,'Absent'),(4839,68,'Absent'),(4840,68,'Absent'),(4841,68,'Absent'),(4842,68,'Absent'),(4843,68,'Absent'),(4845,68,'Absent'),(4846,68,'Absent'),(4848,68,'Absent'),(4849,68,'Absent'),(4850,68,'Absent'),(4851,68,'Absent'),(4852,68,'Absent'),(4853,68,'Absent'),(4854,68,'Absent'),(4855,68,'Absent'),(4856,68,'Absent'),(4857,68,'Absent'),(4858,68,'Absent'),(4859,68,'Absent'),(4860,68,'Absent'),(4861,68,'Absent'),(4862,68,'Absent'),(4863,68,'Absent'),(4864,68,'Absent'),(4865,68,'Absent'),(4866,68,'Absent'),(4867,68,'Absent'),(4868,68,'Absent'),(4869,68,'Absent'),(4870,68,'Absent'),(4871,68,'Absent'),(4872,68,'Absent'),(4873,68,'Absent'),(4874,68,'Absent'),(4875,68,'Absent'),(4876,68,'Absent'),(4877,68,'Absent'),(4878,68,'Absent'),(4879,68,'Absent'),(4880,68,'Absent'),(4881,68,'Absent'),(4882,68,'Absent'),(4883,68,'Absent'),(4884,68,'Absent'),(4885,68,'Absent'),(4886,68,'Absent'),(4887,68,'Absent'),(4888,68,'Absent'),(4889,68,'Absent'),(4890,68,'Absent'),(4891,68,'Absent'),(4893,68,'Absent'),(4896,68,'Absent'),(4898,68,'Absent'),(4900,68,'Absent'),(4901,68,'Absent'),(4902,68,'Absent'),(4903,68,'Absent'),(4904,68,'Absent'),(4905,68,'Absent'),(4907,68,'Absent'),(4908,68,'Absent'),(4909,68,'Absent'),(4910,68,'Absent'),(4911,68,'Absent'),(4912,68,'Absent'),(4913,68,'Absent'),(4914,68,'Absent'),(4915,68,'Absent'),(4916,68,'Absent'),(4917,68,'Absent'),(4918,68,'Absent'),(4919,68,'Absent'),(4920,68,'Absent'),(4921,68,'Absent'),(4922,68,'Absent'),(4923,68,'Absent'),(4924,68,'Absent'),(4925,68,'Absent'),(4926,68,'Absent'),(4927,68,'Absent'),(4930,68,'Absent'),(4931,68,'Absent'),(4932,68,'Absent'),(4933,68,'Absent'),(4934,68,'Absent'),(4935,68,'Absent'),(4936,68,'Absent'),(4937,68,'Absent'),(4938,68,'Absent'),(4939,68,'Absent'),(4940,68,'Absent'),(4941,68,'Absent'),(4942,68,'Absent'),(4943,68,'Absent'),(4945,68,'Absent'),(4946,68,'Absent'),(4947,68,'Absent'),(4948,68,'Absent'),(4949,68,'Absent'),(4950,68,'Absent'),(4951,68,'Absent'),(4952,68,'Absent'),(4953,68,'Absent'),(4954,68,'Absent'),(4956,68,'Absent'),(4957,68,'Absent'),(4958,68,'Absent'),(4960,68,'Absent'),(4961,68,'Absent'),(4962,68,'Absent'),(4963,68,'Absent'),(4964,68,'Absent'),(4965,68,'Absent'),(4966,68,'Absent'),(4967,68,'Absent'),(4968,68,'Absent'),(4969,68,'Absent'),(4970,68,'Absent'),(4971,68,'Absent'),(4972,68,'Absent'),(4973,68,'Absent'),(4974,68,'Absent'),(4975,68,'Absent'),(4976,68,'Absent'),(4977,68,'Absent'),(5842,68,'Absent'),(4978,68,'Absent'),(5843,68,'Absent'),(4981,68,'Absent'),(4982,68,'Absent'),(4983,68,'Absent'),(4984,68,'Absent'),(4985,68,'Absent'),(4986,68,'Absent'),(4987,68,'Absent'),(4988,68,'Absent'),(4989,68,'Absent'),(4990,68,'Absent'),(4991,68,'Absent'),(4992,68,'Absent'),(4993,68,'Absent'),(4994,68,'Absent'),(4995,68,'Absent'),(4996,68,'Absent'),(4997,68,'Absent'),(4998,68,'Absent'),(4999,68,'Absent'),(5000,68,'Absent'),(5001,68,'Absent'),(5002,68,'Absent'),(5003,68,'Absent'),(5004,68,'Absent'),(5005,68,'Absent'),(4980,68,'Absent'),(5006,68,'Absent'),(5007,68,'Absent'),(5008,68,'Absent'),(5009,68,'Absent'),(5010,68,'Absent'),(5011,68,'Absent'),(5012,68,'Absent'),(4979,68,'Absent'),(5013,68,'Absent'),(5844,68,'Absent'),(5845,68,'Absent'),(5846,68,'Absent'),(5847,68,'Absent'),(5848,68,'Absent'),(5849,68,'Absent'),(5850,68,'Absent'),(5155,68,'Absent'),(5851,68,'Absent'),(5852,68,'Absent'),(5853,68,'Absent'),(5854,68,'Absent'),(5855,68,'Absent'),(5856,68,'Absent'),(5857,68,'Absent'),(5858,68,'Absent'),(5859,68,'Absent'),(5860,68,'Absent'),(5861,68,'Absent'),(5862,68,'Absent'),(5863,68,'Absent'),(5864,68,'Absent'),(5865,68,'Absent'),(5866,68,'Absent'),(5867,68,'Absent'),(5868,68,'Absent'),(5869,68,'Absent'),(5870,68,'Absent'),(5871,68,'Absent'),(5872,68,'Absent'),(5873,68,'Absent'),(5874,68,'Absent'),(5156,68,'Absent'),(5875,68,'Absent'),(5876,68,'Absent'),(5877,68,'Absent'),(5878,68,'Absent'),(5879,68,'Absent'),(5880,68,'Absent'),(5881,68,'Absent'),(5882,68,'Absent'),(5883,68,'Absent'),(5884,68,'Absent'),(5885,68,'Absent'),(5886,68,'Absent'),(5887,68,'Absent'),(5888,68,'Absent'),(5889,68,'Absent'),(5890,68,'Absent'),(5891,68,'Absent'),(5892,68,'Absent'),(5893,68,'Absent'),(5894,68,'Absent'),(5895,68,'Absent'),(5896,68,'Absent'),(5897,68,'Absent'),(5898,68,'Absent'),(5899,68,'Absent'),(5900,68,'Absent'),(5901,68,'Absent'),(5902,68,'Absent'),(5903,68,'Absent'),(5904,68,'Absent'),(5905,68,'Absent'),(5906,68,'Absent'),(5907,68,'Absent'),(5908,68,'Absent'),(5909,68,'Absent'),(5910,68,'Absent'),(5911,68,'Absent'),(5912,68,'Absent'),(5913,68,'Absent'),(5914,68,'Absent'),(5915,68,'Absent'),(5916,68,'Absent'),(5917,68,'Absent'),(5918,68,'Absent'),(5919,68,'Absent'),(5920,68,'Absent'),(5921,68,'Absent'),(5922,68,'Absent'),(5923,68,'Absent'),(5924,68,'Absent'),(5157,68,'Absent'),(5925,68,'Absent'),(5926,68,'Absent'),(5927,68,'Absent'),(5928,68,'Absent'),(5929,68,'Absent'),(5930,68,'Absent'),(5931,68,'Absent'),(5932,68,'Absent'),(5933,68,'Absent'),(5934,68,'Absent'),(5935,68,'Absent'),(5936,68,'Absent'),(5937,68,'Absent'),(5938,68,'Absent'),(5939,68,'Absent'),(5940,68,'Absent'),(5941,68,'Absent'),(5942,68,'Absent'),(5943,68,'Absent'),(5944,68,'Absent'),(5945,68,'Absent'),(5946,68,'Absent'),(5947,68,'Absent'),(5948,68,'Absent'),(5949,68,'Absent'),(5950,68,'Absent'),(5951,68,'Absent'),(5952,68,'Absent'),(5953,68,'Absent'),(5954,68,'Absent'),(5955,68,'Absent'),(5956,68,'Absent'),(5957,68,'Absent'),(5958,68,'Absent'),(5959,68,'Absent'),(5960,68,'Absent'),(5961,68,'Absent'),(5962,68,'Absent'),(5522,69,'Present'),(5510,69,'Present'),(5511,69,'Absent'),(5512,69,'Absent'),(5516,69,'Absent'),(5518,69,'Absent'),(5519,69,'Absent'),(5520,69,'Absent'),(5562,69,'Absent'),(5523,69,'Absent'),(5524,69,'Absent'),(5525,69,'Absent'),(5547,69,'Absent'),(5548,69,'Absent'),(5549,69,'Absent'),(5550,69,'Absent'),(5551,69,'Absent'),(5552,69,'Absent'),(5553,69,'Absent'),(5555,69,'Absent'),(5556,69,'Absent'),(5557,69,'Absent'),(5559,69,'Absent'),(5560,69,'Absent'),(5561,69,'Absent'),(5830,69,'Absent'),(5570,69,'Absent'),(5576,69,'Absent'),(5577,69,'Absent'),(5579,69,'Absent'),(5580,69,'Absent'),(5581,69,'Absent'),(5582,69,'Absent'),(5584,69,'Absent'),(5586,69,'Absent'),(5590,69,'Absent'),(5592,69,'Absent'),(5596,69,'Absent'),(5600,69,'Absent'),(5601,69,'Absent'),(5637,69,'Absent'),(5639,69,'Absent'),(5640,69,'Absent'),(5642,69,'Absent'),(5648,69,'Absent'),(5651,69,'Absent'),(5692,69,'Absent'),(5695,69,'Absent'),(5697,69,'Absent'),(5703,69,'Absent'),(5712,69,'Absent'),(5735,69,'Absent'),(5745,69,'Absent'),(5762,69,'Absent'),(5769,69,'Absent'),(5770,69,'Absent'),(5780,69,'Absent'),(5801,69,'Absent'),(5827,69,'Absent'),(4782,70,'Absent'),(6071,71,'Absent'),(5973,71,'Absent'),(5980,71,'Absent'),(5982,71,'Absent'),(6008,71,'Absent'),(6012,71,'Absent'),(6027,71,'Present'),(6031,71,'Absent'),(6034,71,'Absent'),(6046,71,'Present'),(6047,71,'Absent'),(6051,71,'Present'),(6064,71,'Absent'),(6065,71,'Absent'),(6206,71,'Absent'),(6089,71,'Absent'),(6099,71,'Absent'),(6101,71,'Absent'),(6105,71,'Present'),(6107,71,'Present'),(6121,71,'Present'),(6122,71,'Present'),(6123,71,'Absent'),(6134,71,'Absent'),(6137,71,'Absent'),(6144,71,'Absent'),(6147,71,'Absent'),(6158,71,'Present'),(6159,71,'Absent'),(6175,71,'Absent'),(6199,71,'Absent'),(6202,71,'Absent'),(6121,72,'Present'),(6027,72,'Present'),(6046,72,'Present'),(6051,72,'Present'),(6105,72,'Present'),(6107,72,'Present'),(6122,72,'Present'),(6158,72,'Present'),(6158,73,'Present'),(6027,73,'Present'),(6046,73,'Present'),(6051,73,'Present'),(6105,73,'Present'),(6107,73,'Present'),(6122,73,'Present'),(6325,74,'Absent'),(6305,74,'Present'),(6306,74,'Absent'),(6311,74,'Absent'),(6313,74,'Absent'),(6314,74,'Present'),(6316,74,'Absent'),(6319,74,'Present'),(6320,74,'Present'),(6323,74,'Absent'),(6301,74,'Present'),(5608,74,'Absent'),(5610,74,'Absent'),(5617,74,'Absent'),(5618,74,'Absent'),(5681,74,'Absent'),(5682,74,'Present'),(5683,74,'Absent'),(6279,74,'Absent'),(6281,74,'Present'),(6283,74,'Absent'),(6284,74,'Absent'),(6285,74,'Present'),(6288,74,'Present'),(6289,74,'Absent'),(6290,74,'Present'),(6292,74,'Absent'),(6293,74,'Absent'),(6295,74,'Absent'),(6296,74,'Absent'),(6300,74,'Absent'),(6347,75,'Absent'),(6220,75,'Present'),(6231,75,'Absent'),(6239,75,'Absent'),(6240,75,'Absent'),(6241,75,'Absent'),(6247,75,'Absent'),(6249,75,'Absent'),(6264,75,'Present'),(6337,75,'Absent'),(6341,75,'Absent'),(6519,75,'Absent'),(6349,75,'Absent'),(6353,75,'Present'),(6357,75,'Present'),(6370,75,'Absent'),(6386,75,'Absent'),(6394,75,'Absent'),(6395,75,'Absent'),(6401,75,'Present'),(6402,75,'Present'),(6403,75,'Absent'),(6405,75,'Absent'),(6411,75,'Absent'),(6415,75,'Absent'),(6416,75,'Absent'),(6419,75,'Absent'),(6428,75,'Absent'),(6431,75,'Absent'),(6433,75,'Absent'),(6434,75,'Absent'),(6449,75,'Absent'),(6456,75,'Absent'),(6477,75,'Absent'),(6489,75,'Present'),(6495,75,'Absent'),(6510,75,'Absent'),(6511,75,'Present'),(5946,76,'Present'),(5948,76,'Present'),(5949,76,'Present'),(5950,76,'Present'),(5951,76,'Present'),(6831,76,'Present'),(6832,76,'Present'),(6833,76,'Present'),(6834,76,'Present'),(6835,76,'Present'),(6905,77,'Present'),(5940,78,'Present'),(5941,78,'Present'),(5944,78,'Present'),(5945,78,'Present'),(5946,78,'Present'),(5947,78,'Present'),(5948,78,'Present'),(5949,78,'Present'),(5950,78,'Present'),(5951,78,'Present'),(5952,78,'Present'),(6831,78,'Present'),(6832,78,'Present'),(6833,78,'Present'),(6834,78,'Present'),(6835,78,'Present'),(6531,79,'Absent'),(6702,79,'Absent'),(6532,79,'Absent'),(6534,79,'Absent'),(6539,79,'Absent'),(6544,79,'Absent'),(6548,79,'Absent'),(6550,79,'Absent'),(6553,79,'Absent'),(6554,79,'Absent'),(6589,79,'Absent'),(6643,79,'Absent'),(6649,79,'Absent'),(6658,79,'Absent'),(6661,79,'Absent'),(6669,79,'Absent'),(6678,79,'Absent'),(6679,79,'Absent'),(6698,79,'Absent'),(6699,79,'Absent'),(6519,79,'Absent'),(5473,79,'Absent'),(6137,79,'Absent'),(4712,79,'Absent'),(6821,80,'Absent'),(6704,80,'Absent'),(6708,80,'Present'),(6709,80,'Present'),(6710,80,'Absent'),(6712,80,'Absent'),(6713,80,'Absent'),(6714,80,'Present'),(6715,80,'Absent'),(6716,80,'Absent'),(6720,80,'Absent'),(6724,80,'Absent'),(6725,80,'Absent'),(6726,80,'Absent'),(6727,80,'Present'),(6730,80,'Absent'),(6732,80,'Absent'),(6735,80,'Absent'),(6739,80,'Absent'),(6742,80,'Absent'),(6743,80,'Present'),(6750,80,'Absent'),(6752,80,'Absent'),(6754,80,'Present'),(6756,80,'Absent'),(6762,80,'Present'),(6767,80,'Absent'),(6771,80,'Absent'),(6773,80,'Absent'),(6781,80,'Absent'),(6782,80,'Absent'),(6797,80,'Absent'),(6799,80,'Absent'),(6800,80,'Absent'),(6805,80,'Absent'),(6807,80,'Absent'),(6817,80,'Absent'),(6820,80,'Absent'),(5643,81,'Present'),(6709,81,'Present'),(6714,81,'Present'),(6754,81,'Present'),(6762,81,'Present'),(5643,82,'Present'),(6709,82,'Present'),(6714,82,'Present'),(6754,82,'Present'),(6762,82,'Present'),(6946,83,'Absent'),(6839,83,'Absent'),(6840,83,'Absent'),(6841,83,'Absent'),(6842,83,'Absent'),(6843,83,'Absent'),(6846,83,'Absent'),(6847,83,'Absent'),(6852,83,'Absent'),(6853,83,'Absent'),(6860,83,'Absent'),(6874,83,'Absent'),(6876,83,'Absent'),(6877,83,'Absent'),(6879,83,'Absent'),(6912,83,'Absent'),(6914,83,'Absent'),(6918,83,'Absent'),(6920,83,'Absent'),(6922,83,'Absent'),(6925,83,'Absent'),(6943,83,'Absent'),(6996,83,'Absent'),(6947,83,'Absent'),(6951,83,'Absent'),(6955,83,'Absent'),(6970,83,'Absent'),(6977,83,'Absent'),(6981,83,'Absent'),(6983,83,'Absent'),(6985,83,'Absent'),(6987,83,'Absent'),(6988,83,'Absent'),(6989,83,'Absent'),(6992,83,'Absent'),(6993,83,'Absent'),(6995,83,'Absent'),(7114,84,'Absent'),(6998,84,'Absent'),(7006,84,'Absent'),(7008,84,'Absent'),(7029,84,'Absent'),(7050,84,'Absent'),(7054,84,'Absent'),(7056,84,'Absent'),(7065,84,'Absent'),(7071,84,'Absent'),(7072,84,'Absent'),(7075,84,'Absent'),(7079,84,'Absent'),(7086,84,'Absent'),(7088,84,'Absent'),(7090,84,'Absent'),(7091,84,'Absent'),(7094,84,'Absent'),(7095,84,'Absent'),(7096,84,'Absent'),(7098,84,'Absent'),(7105,84,'Absent'),(7110,84,'Absent'),(7111,84,'Absent'),(7297,85,'Absent'),(7126,85,'Absent'),(7131,85,'Absent'),(7140,85,'Present'),(7158,85,'Absent'),(7161,85,'Absent'),(7174,85,'Absent'),(7183,85,'Absent'),(7191,85,'Absent'),(7197,85,'Absent'),(7211,85,'Absent'),(7219,85,'Absent'),(7233,85,'Absent'),(7251,85,'Absent'),(7253,85,'Absent'),(7255,85,'Absent'),(7258,85,'Absent'),(7260,85,'Absent'),(7279,85,'Absent'),(7280,85,'Absent'),(7284,85,'Absent'),(7289,85,'Absent'),(7293,85,'Absent'),(7296,85,'Absent'),(6918,85,'Absent'),(7362,86,'Present'),(7336,86,'Absent'),(7337,86,'Absent'),(7339,86,'Absent'),(7341,86,'Absent'),(7343,86,'Absent'),(7347,86,'Absent'),(7354,86,'Present'),(7356,86,'Absent'),(7357,86,'Absent'),(7358,86,'Absent'),(7361,86,'Absent'),(7354,87,'Present'),(7354,88,'Present'),(4819,89,'Present'),(4849,89,'Present'),(4988,89,'Present'),(5902,89,'Present'),(7550,89,'Present'),(4786,89,'Present'),(4798,89,'Present'),(4799,89,'Present'),(4809,89,'Present'),(4973,89,'Present'),(4995,89,'Present'),(5959,89,'Present'),(7551,89,'Present'),(7465,90,'Absent'),(7367,90,'Absent'),(7368,90,'Absent'),(7370,90,'Absent'),(7371,90,'Absent'),(7372,90,'Present'),(7378,90,'Absent'),(7388,90,'Absent'),(7409,90,'Absent'),(7410,90,'Absent'),(7411,90,'Present'),(7412,90,'Absent'),(7413,90,'Present'),(7415,90,'Absent'),(7416,90,'Absent'),(7417,90,'Absent'),(7418,90,'Absent'),(7419,90,'Absent'),(7420,90,'Present'),(7421,90,'Present'),(7422,90,'Absent'),(7423,90,'Present'),(7424,90,'Absent'),(7425,90,'Absent'),(7429,90,'Absent'),(7431,90,'Present'),(7433,90,'Present'),(7434,90,'Absent'),(7435,90,'Absent'),(7436,90,'Absent'),(7437,90,'Present'),(7438,90,'Present'),(7439,90,'Absent'),(7440,90,'Absent'),(7441,90,'Absent'),(7443,90,'Absent'),(7444,90,'Present'),(7445,90,'Absent'),(7447,90,'Absent'),(7448,90,'Absent'),(7449,90,'Absent'),(7450,90,'Absent'),(7453,90,'Absent'),(7454,90,'Absent'),(7456,90,'Absent'),(7457,90,'Present'),(7458,90,'Absent'),(7459,90,'Absent'),(7460,90,'Absent'),(7462,90,'Absent'),(7464,90,'Absent'),(7408,91,'Absent'),(7237,91,'Present'),(7240,91,'Absent'),(7242,91,'Present'),(7246,91,'Absent'),(7390,91,'Absent'),(7391,91,'Absent'),(7395,91,'Present'),(7396,91,'Present'),(7399,91,'Present'),(7400,91,'Absent'),(7403,91,'Absent'),(7404,91,'Absent'),(7406,91,'Absent'),(7549,91,'Present'),(5620,91,'Absent'),(5622,91,'Absent'),(5625,91,'Absent'),(5626,91,'Absent'),(5628,91,'Present'),(5630,91,'Absent'),(5631,91,'Absent'),(5632,91,'Absent'),(5633,91,'Present'),(5634,91,'Absent'),(5635,91,'Absent'),(7514,91,'Absent'),(7515,91,'Absent'),(7519,91,'Absent'),(7523,91,'Absent'),(7524,91,'Absent'),(7525,91,'Present'),(7526,91,'Present'),(7527,91,'Absent'),(7528,91,'Absent'),(7529,91,'Present'),(7530,91,'Present'),(7531,91,'Absent'),(7532,91,'Absent'),(7534,91,'Absent'),(7539,91,'Absent'),(7540,91,'Absent'),(7541,91,'Absent'),(7546,91,'Absent'),(7411,92,'Absent'),(7372,92,'Present'),(7413,92,'Absent'),(7420,92,'Present'),(7421,92,'Absent'),(7431,92,'Absent'),(7433,92,'Absent'),(7437,92,'Present'),(7438,92,'Present'),(7444,92,'Present'),(7457,92,'Absent'),(7372,93,'Present'),(7420,93,'Present'),(7437,93,'Present'),(7444,93,'Present'),(7423,92,'Present'),(7423,93,'Present'),(7438,93,'Absent'),(7436,94,'Absent'),(7418,94,'Absent'),(7424,94,'Absent'),(7487,94,'Absent'),(7490,94,'Absent'),(7496,94,'Absent'),(7499,94,'Absent'),(7500,94,'Absent'),(7502,94,'Absent'),(7503,94,'Absent'),(7555,94,'Absent'),(7556,94,'Absent'),(7558,94,'Absent'),(7560,94,'Absent'),(7563,94,'Absent'),(7564,94,'Absent'),(7565,94,'Absent'),(7566,94,'Absent'),(7567,94,'Absent'),(7568,94,'Absent'),(7569,94,'Absent'),(7570,94,'Absent'),(7571,94,'Absent'),(7573,94,'Absent'),(7574,94,'Absent'),(7575,94,'Absent'),(7577,94,'Absent'),(7578,94,'Absent'),(7581,94,'Absent'),(7582,94,'Absent'),(7583,94,'Absent'),(7585,94,'Absent'),(7586,94,'Absent'),(7587,94,'Absent'),(7588,94,'Absent'),(7589,94,'Absent'),(7436,95,'Absent'),(7418,95,'Absent'),(7424,95,'Absent'),(7487,95,'Absent'),(7490,95,'Present'),(7496,95,'Absent'),(7499,95,'Absent'),(7500,95,'Present'),(7502,95,'Absent'),(7503,95,'Absent'),(7555,95,'Absent'),(7556,95,'Absent'),(7558,95,'Absent'),(7560,95,'Absent'),(7563,95,'Absent'),(7564,95,'Absent'),(7565,95,'Absent'),(7566,95,'Absent'),(7567,95,'Absent'),(7568,95,'Absent'),(7569,95,'Present'),(7570,95,'Absent'),(7571,95,'Absent'),(7573,95,'Present'),(7574,95,'Absent'),(7575,95,'Absent'),(7577,95,'Absent'),(7578,95,'Absent'),(7581,95,'Present'),(7582,95,'Present'),(7583,95,'Absent'),(7585,95,'Present'),(7586,95,'Absent'),(7587,95,'Absent'),(7588,95,'Absent'),(7589,95,'Present'),(7490,96,'Present'),(7500,96,'Present'),(7569,96,'Present'),(7573,96,'Present'),(7581,96,'Present'),(7585,96,'Present'),(7589,96,'Present'),(7589,97,'Present'),(7490,97,'Absent'),(7500,97,'Present'),(7569,97,'Present'),(7573,97,'Present'),(7581,97,'Present'),(7585,97,'Present'),(7486,98,'Present'),(7473,98,'Present'),(7474,98,'Present'),(7475,98,'Present'),(7479,98,'Absent'),(7481,98,'Present'),(7484,98,'Absent'),(7485,98,'Absent'),(7635,98,'Absent'),(7593,98,'Present'),(7595,98,'Present'),(7597,98,'Present'),(7599,98,'Present'),(7602,98,'Absent'),(7605,98,'Present'),(7608,98,'Present'),(7610,98,'Absent'),(7612,98,'Absent'),(7614,98,'Present'),(7615,98,'Absent'),(7618,98,'Absent'),(7619,98,'Present'),(7620,98,'Absent'),(7621,98,'Absent'),(7623,98,'Absent'),(7624,98,'Absent'),(7625,98,'Absent'),(7626,98,'Absent'),(7627,98,'Present'),(7628,98,'Present'),(7630,98,'Absent'),(7631,98,'Present'),(7633,98,'Present'),(7631,99,'Absent'),(7593,99,'Absent'),(7595,99,'Present'),(7597,99,'Absent'),(7599,99,'Present'),(7605,99,'Absent'),(7608,99,'Present'),(7614,99,'Absent'),(7619,99,'Present'),(7627,99,'Present'),(7628,99,'Absent'),(7633,99,'Absent'),(7527,99,'Present'),(7481,99,'Present'),(7473,99,'Present'),(7474,99,'Present'),(7475,99,'Present'),(7486,99,'Present'),(7582,99,'Absent'),(7623,99,'Absent'),(7631,100,'Absent'),(7593,100,'Absent'),(7595,100,'Present'),(7597,100,'Absent'),(7599,100,'Present'),(7605,100,'Absent'),(7608,100,'Present'),(7614,100,'Absent'),(7619,100,'Present'),(7627,100,'Present'),(7628,100,'Absent'),(7633,100,'Absent'),(7527,100,'Present'),(7481,100,'Present'),(7473,100,'Present'),(7474,100,'Present'),(7475,100,'Present'),(7486,100,'Present'),(7582,100,'Absent'),(7623,100,'Absent'),(7582,98,'Absent'),(7527,98,'Absent'),(7714,101,'Present'),(7636,101,'Present'),(7637,101,'Present'),(7640,101,'Absent'),(7642,101,'Present'),(7643,101,'Absent'),(7645,101,'Absent'),(7646,101,'Absent'),(7647,101,'Absent'),(7649,101,'Absent'),(7651,101,'Absent'),(7652,101,'Absent'),(7655,101,'Absent'),(7657,101,'Absent'),(7658,101,'Absent'),(7661,101,'Absent'),(7662,101,'Absent'),(7663,101,'Absent'),(7664,101,'Absent'),(7665,101,'Absent'),(7666,101,'Absent'),(7669,101,'Present'),(7670,101,'Absent'),(7671,101,'Absent'),(7672,101,'Absent'),(7673,101,'Absent'),(7675,101,'Absent'),(7678,101,'Present'),(7679,101,'Absent'),(7680,101,'Present'),(7681,101,'Present'),(7683,101,'Absent'),(7685,101,'Present'),(7686,101,'Absent'),(7687,101,'Absent'),(7688,101,'Absent'),(7689,101,'Present'),(7692,101,'Present'),(7694,101,'Absent'),(7695,101,'Present'),(7636,102,'Absent'),(7637,102,'Absent'),(7642,102,'Present'),(7669,102,'Absent'),(7678,102,'Absent'),(7680,102,'Absent'),(7681,102,'Absent'),(7685,102,'Absent'),(7689,102,'Present'),(7692,102,'Absent'),(7695,102,'Absent'),(7714,102,'Present'),(7636,103,'Absent'),(7637,103,'Absent'),(7642,103,'Present'),(7669,103,'Present'),(7678,103,'Absent'),(7680,103,'Absent'),(7681,103,'Absent'),(7685,103,'Absent'),(7689,103,'Present'),(7692,103,'Absent'),(7695,103,'Absent'),(7714,103,'Present'),(7768,104,'Absent'),(7696,104,'Absent'),(7697,104,'Absent'),(7698,104,'Absent'),(7699,104,'Absent'),(7700,104,'Absent'),(7701,104,'Absent'),(7702,104,'Present'),(7703,104,'Absent'),(7704,104,'Absent'),(7705,104,'Present'),(7706,104,'Absent'),(7709,104,'Absent'),(7711,104,'Present'),(7713,104,'Absent'),(7715,104,'Absent'),(7741,104,'Absent'),(7742,104,'Absent'),(7743,104,'Absent'),(7747,104,'Absent'),(7748,104,'Absent'),(7749,104,'Absent'),(7750,104,'Absent'),(7751,104,'Present'),(7752,104,'Present'),(7753,104,'Absent'),(7754,104,'Absent'),(7755,104,'Absent'),(7756,104,'Absent'),(7757,104,'Absent'),(7759,104,'Present'),(7760,104,'Absent'),(7763,104,'Present'),(7766,104,'Present'),(7767,104,'Absent'),(7711,105,'Present'),(7640,105,'Present'),(7702,105,'Present'),(7705,105,'Present'),(7751,105,'Present'),(7759,105,'Absent'),(7763,105,'Present'),(7766,105,'Absent'),(7711,106,'Present'),(7640,106,'Present'),(7702,106,'Present'),(7705,106,'Present'),(7751,106,'Present'),(7759,106,'Absent'),(7763,106,'Present'),(7766,106,'Absent'),(7825,107,'Present'),(7770,107,'Absent'),(7771,107,'Present'),(7773,107,'Present'),(7774,107,'Present'),(7775,107,'Absent'),(7776,107,'Present'),(7779,107,'Absent'),(7780,107,'Present'),(7783,107,'Absent'),(7786,107,'Absent'),(7787,107,'Present'),(7788,107,'Absent'),(7789,107,'Present'),(7792,107,'Absent'),(7793,107,'Absent'),(7794,107,'Absent'),(7796,107,'Absent'),(7797,107,'Present'),(7800,107,'Absent'),(7801,107,'Present'),(7805,107,'Absent'),(7806,107,'Absent'),(7807,107,'Absent'),(7808,107,'Absent'),(7809,107,'Absent'),(7810,107,'Absent'),(7811,107,'Absent'),(7812,107,'Present'),(7813,107,'Absent'),(7816,107,'Absent'),(7817,107,'Absent'),(7819,107,'Absent'),(7820,107,'Absent'),(7821,107,'Absent'),(7822,107,'Absent'),(7824,107,'Absent'),(7782,107,'Absent'),(7891,108,'Present'),(7847,108,'Absent'),(7849,108,'Absent'),(7850,108,'Present'),(7851,108,'Absent'),(7853,108,'Absent'),(7856,108,'Absent'),(7857,108,'Absent'),(7859,108,'Absent'),(7860,108,'Absent'),(7861,108,'Absent'),(7862,108,'Present'),(7863,108,'Present'),(7864,108,'Absent'),(7866,108,'Present'),(7870,108,'Absent'),(7872,108,'Present'),(7873,108,'Absent'),(7874,108,'Absent'),(7876,108,'Absent'),(7879,108,'Absent'),(7880,108,'Absent'),(7881,108,'Absent'),(7888,108,'Absent'),(7844,108,'Absent'),(7718,108,'Absent'),(7722,108,'Absent'),(7727,108,'Present'),(7828,108,'Absent'),(7830,108,'Present'),(7832,108,'Absent'),(7833,108,'Absent'),(7834,108,'Absent'),(7835,108,'Present'),(7836,108,'Absent'),(7837,108,'Absent'),(7838,108,'Absent'),(7841,108,'Present'),(7842,108,'Absent'),(7843,108,'Absent'),(7982,108,'Absent'),(7894,108,'Absent'),(7897,108,'Absent'),(7899,108,'Absent'),(7900,108,'Present'),(7902,108,'Present'),(7904,108,'Present'),(7907,108,'Absent'),(7908,108,'Absent'),(7909,108,'Absent'),(7910,108,'Present'),(7915,108,'Present'),(7973,108,'Present'),(7976,108,'Absent'),(8017,109,'Absent'),(7955,109,'Absent'),(7956,109,'Present'),(7961,109,'Absent'),(7963,109,'Present'),(7964,109,'Absent'),(7967,109,'Absent'),(7971,109,'Absent'),(7996,109,'Present'),(7998,109,'Present'),(7999,109,'Present'),(8000,109,'Absent'),(8002,109,'Present'),(8004,109,'Present'),(8006,109,'Present'),(8010,109,'Present'),(8011,109,'Present'),(8012,109,'Present'),(8014,109,'Absent'),(8015,109,'Absent'),(8016,109,'Present'),(8056,109,'Present'),(8018,109,'Present'),(8019,109,'Present'),(8021,109,'Present'),(8022,109,'Present'),(8024,109,'Absent'),(8026,109,'Present'),(8027,109,'Absent'),(8030,109,'Absent'),(8031,109,'Absent'),(8032,109,'Present'),(8036,109,'Present'),(8037,109,'Present'),(8041,109,'Present'),(8044,109,'Absent'),(8049,109,'Absent'),(8052,109,'Present'),(8053,109,'Present'),(8055,109,'Present'),(8091,110,'Absent'),(8061,110,'Present'),(8065,110,'Present'),(8066,110,'Absent'),(8067,110,'Absent'),(8068,110,'Present'),(8069,110,'Absent'),(8070,110,'Absent'),(8072,110,'Absent'),(8073,110,'Absent'),(8076,110,'Absent'),(8077,110,'Absent'),(8078,110,'Present'),(8079,110,'Present'),(8080,110,'Absent'),(8081,110,'Absent'),(8083,110,'Present'),(8085,110,'Present'),(8086,110,'Absent'),(8087,110,'Present'),(8088,110,'Absent'),(8014,110,'Absent'),(8327,111,'Absent'),(8163,111,'Absent'),(8165,111,'Absent'),(8166,111,'Present'),(8170,111,'Absent'),(8173,111,'Present'),(8174,111,'Absent'),(8182,111,'Absent'),(8183,111,'Present'),(8185,111,'Absent'),(8312,111,'Absent'),(8313,111,'Absent'),(8314,111,'Present'),(8315,111,'Absent'),(8317,111,'Present'),(8324,111,'Present'),(8103,111,'Absent'),(8098,111,'Absent'),(8099,111,'Absent'),(8101,111,'Present'),(8160,112,'Absent'),(8133,112,'Absent'),(8135,112,'Absent'),(8136,112,'Absent'),(8137,112,'Present'),(8139,112,'Absent'),(8141,112,'Absent'),(8143,112,'Absent'),(8145,112,'Absent'),(8147,112,'Present'),(8150,112,'Absent'),(8151,112,'Present'),(8152,112,'Absent'),(8155,112,'Absent'),(8114,112,'Absent'),(8107,112,'Absent'),(8110,112,'Absent'),(8130,112,'Absent'),(8116,112,'Present'),(8117,112,'Absent'),(8120,112,'Absent'),(8124,112,'Absent'),(8125,112,'Absent'),(8127,112,'Absent'),(8129,112,'Present'),(8307,112,'Present'),(7730,112,'Absent'),(7732,112,'Absent'),(7736,112,'Absent'),(7738,112,'Absent'),(8247,112,'Absent'),(8248,112,'Absent'),(8249,112,'Absent'),(8250,112,'Absent'),(8253,112,'Absent'),(8254,112,'Absent'),(8255,112,'Absent'),(8258,112,'Absent'),(8263,112,'Absent'),(8264,112,'Absent'),(8265,112,'Absent'),(8269,112,'Present'),(8270,112,'Absent'),(8271,112,'Absent'),(8275,112,'Absent'),(8276,112,'Absent'),(8277,112,'Absent'),(8281,112,'Absent'),(8282,112,'Absent'),(8283,112,'Absent'),(8284,112,'Present'),(8294,112,'Absent'),(8295,112,'Absent'),(8296,112,'Present'),(8299,112,'Absent'),(8300,112,'Present'),(8302,112,'Absent'),(8305,112,'Absent'),(8300,113,'Present'),(8282,113,'Present'),(8296,113,'Present'),(8307,113,'Present'),(8137,113,'Present'),(8147,113,'Present'),(8151,113,'Present'),(8269,113,'Present'),(8116,113,'Present'),(8471,114,'Absent'),(8333,114,'Absent'),(8336,114,'Absent'),(8347,114,'Absent'),(8359,114,'Absent'),(8366,114,'Absent'),(8371,114,'Absent'),(8375,114,'Present'),(8377,114,'Absent'),(8385,114,'Present'),(8386,114,'Absent'),(8388,114,'Absent'),(8389,114,'Absent'),(8391,114,'Absent'),(8393,114,'Absent'),(8399,114,'Absent'),(8411,114,'Absent'),(8425,114,'Absent'),(8429,114,'Present'),(8432,114,'Absent'),(8433,114,'Present'),(8440,114,'Absent'),(8447,114,'Absent'),(8450,114,'Present'),(8451,114,'Absent'),(8454,114,'Absent'),(8461,114,'Present'),(8462,114,'Absent'),(8463,114,'Absent'),(8602,114,'Present'),(8581,114,'Present'),(8582,114,'Absent'),(8583,114,'Present'),(8584,114,'Absent'),(8585,114,'Absent'),(8593,114,'Present'),(8595,114,'Present'),(8597,114,'Absent'),(8598,114,'Present'),(8601,114,'Absent'),(8244,114,'Absent'),(8188,114,'Absent'),(8191,114,'Absent'),(8193,114,'Present'),(8194,114,'Present'),(8195,114,'Absent'),(8197,114,'Absent'),(8199,114,'Absent'),(8201,114,'Absent'),(8202,114,'Present'),(8205,114,'Absent'),(8206,114,'Present'),(8208,114,'Absent'),(8210,114,'Present'),(8216,114,'Present'),(8218,114,'Absent'),(8224,114,'Absent'),(8225,114,'Absent'),(8228,114,'Absent'),(8232,114,'Absent'),(8234,114,'Absent'),(8237,114,'Present'),(8238,114,'Absent'),(8239,114,'Absent'),(8240,114,'Absent'),(8242,114,'Absent'),(8733,114,'Absent'),(8660,114,'Present'),(8662,114,'Absent'),(8665,114,'Absent'),(8667,114,'Absent'),(8668,114,'Present'),(8669,114,'Absent'),(8671,114,'Absent'),(8672,114,'Absent'),(8674,114,'Present'),(8676,114,'Present'),(8677,114,'Present'),(8679,114,'Present'),(8680,114,'Absent'),(8681,114,'Present'),(8683,114,'Absent'),(8685,114,'Present'),(8686,114,'Absent'),(8687,114,'Absent'),(8688,114,'Absent'),(8689,114,'Absent'),(8691,114,'Absent'),(8692,114,'Present'),(8693,114,'Absent'),(8694,114,'Absent'),(8695,114,'Absent'),(8696,114,'Present'),(8697,114,'Present'),(8701,114,'Absent'),(8704,114,'Present'),(8705,114,'Present'),(8707,114,'Present'),(8713,114,'Absent'),(8714,114,'Present'),(8715,114,'Absent'),(8718,114,'Present'),(8719,114,'Present'),(8720,114,'Absent'),(8723,114,'Absent'),(8725,114,'Absent'),(8726,114,'Absent'),(8727,114,'Present'),(8425,115,'Present'),(8385,115,'Present'),(8433,115,'Present'),(8450,115,'Present'),(8461,115,'Present'),(8707,115,'Present'),(8581,115,'Present'),(8583,115,'Present'),(8593,115,'Present'),(8595,115,'Present'),(8598,115,'Present'),(8602,115,'Present'),(8660,115,'Present'),(8674,115,'Present'),(8676,115,'Present'),(8679,115,'Present'),(8681,115,'Present'),(8685,115,'Present'),(8692,115,'Present'),(8697,115,'Present'),(8704,115,'Present'),(8705,115,'Present'),(8714,115,'Present'),(8718,115,'Present'),(8719,115,'Present'),(8727,115,'Present'),(8216,115,'Present'),(8194,115,'Present'),(8202,115,'Present'),(8210,115,'Present'),(8375,115,'Present'),(8237,115,'Present'),(8668,115,'Present'),(8696,115,'Present'),(8193,115,'Present'),(8206,115,'Present'),(8677,115,'Present'),(8823,116,'Absent'),(8477,116,'Absent'),(8482,116,'Absent'),(8486,116,'Absent'),(8487,116,'Absent'),(8488,116,'Absent'),(8489,116,'Absent'),(8491,116,'Absent'),(8493,116,'Absent'),(8499,116,'Absent'),(8503,116,'Absent'),(8506,116,'Absent'),(8508,116,'Absent'),(8516,116,'Absent'),(8518,116,'Absent'),(8521,116,'Absent'),(8524,116,'Absent'),(8525,116,'Absent'),(8530,116,'Absent'),(8532,116,'Absent'),(8535,116,'Absent'),(8544,116,'Absent'),(8545,116,'Absent'),(8548,116,'Absent'),(8557,116,'Absent'),(8568,116,'Absent'),(8573,116,'Absent'),(8778,116,'Absent'),(8779,116,'Absent'),(8783,116,'Absent'),(8784,116,'Absent'),(8785,116,'Absent'),(8786,116,'Absent'),(8787,116,'Absent'),(8788,116,'Absent'),(8789,116,'Absent'),(8790,116,'Absent'),(8791,116,'Absent'),(8792,116,'Absent'),(8795,116,'Absent'),(8796,116,'Absent'),(8800,116,'Absent'),(8802,116,'Present'),(8803,116,'Present'),(8807,116,'Absent'),(8815,116,'Absent'),(8816,116,'Absent'),(8819,116,'Absent'),(8820,116,'Absent'),(8451,116,'Absent'),(9144,117,'Present'),(8825,117,'Absent'),(8826,117,'Absent'),(8830,117,'Absent'),(8831,117,'Absent'),(8833,117,'Present'),(8834,117,'Absent'),(8835,117,'Absent'),(8837,117,'Absent'),(8838,117,'Absent'),(8839,117,'Absent'),(8845,117,'Absent'),(8847,117,'Absent'),(8848,117,'Absent'),(8851,117,'Absent'),(8853,117,'Present'),(8858,117,'Absent'),(8861,117,'Present'),(8862,117,'Present'),(8864,117,'Absent'),(8865,117,'Present'),(8867,117,'Absent'),(8868,117,'Absent'),(8871,117,'Absent'),(8872,117,'Absent'),(8875,117,'Absent'),(8876,117,'Present'),(8877,117,'Present'),(8967,117,'Absent'),(8980,117,'Absent'),(8985,117,'Absent'),(8987,117,'Absent'),(8998,117,'Absent'),(9004,117,'Present'),(9008,117,'Present'),(9009,117,'Present'),(9010,117,'Present'),(9011,117,'Absent'),(9014,117,'Present'),(9026,117,'Absent'),(9032,117,'Absent'),(9051,117,'Absent'),(9056,117,'Absent'),(9057,117,'Absent'),(9058,117,'Absent'),(9061,117,'Absent'),(9065,117,'Absent'),(9073,117,'Absent'),(9074,117,'Absent'),(9080,117,'Absent'),(9082,117,'Absent'),(9083,117,'Absent'),(9084,117,'Present'),(9085,117,'Present'),(9089,117,'Absent'),(9092,117,'Absent'),(9094,117,'Present'),(9098,117,'Absent'),(9099,117,'Absent'),(9102,117,'Present'),(9105,117,'Absent'),(9106,117,'Present'),(9107,117,'Absent'),(9108,117,'Absent'),(9109,117,'Present'),(9112,117,'Absent'),(9114,117,'Present'),(9118,117,'Present'),(9119,117,'Present'),(9124,117,'Absent'),(9126,117,'Absent'),(9127,117,'Present'),(9128,117,'Absent'),(9129,117,'Absent'),(9130,117,'Absent'),(9133,117,'Absent'),(9134,117,'Absent'),(9135,117,'Absent'),(9138,117,'Absent'),(9139,117,'Present'),(9140,117,'Absent'),(8226,117,'Present'),(8219,117,'Absent'),(9500,118,'Absent'),(9260,118,'Absent'),(9263,118,'Absent'),(9267,118,'Absent'),(9270,118,'Absent'),(9271,118,'Absent'),(9273,118,'Absent'),(9276,118,'Absent'),(9277,118,'Absent'),(9278,118,'Absent'),(9283,118,'Absent'),(9293,118,'Absent'),(9299,118,'Absent'),(9307,118,'Present'),(9308,118,'Present'),(9310,118,'Absent'),(9323,118,'Absent'),(9325,118,'Absent'),(9326,118,'Absent'),(9327,118,'Absent'),(9330,118,'Absent'),(9331,118,'Absent'),(9332,118,'Present'),(9334,118,'Absent'),(9341,118,'Present'),(9342,118,'Absent'),(9345,118,'Absent'),(9353,118,'Absent'),(9400,118,'Absent'),(9406,118,'Absent'),(9409,118,'Absent'),(9412,118,'Absent'),(9413,118,'Absent'),(9414,118,'Absent'),(9417,118,'Absent'),(9418,118,'Absent'),(9421,118,'Absent'),(9423,118,'Absent'),(9424,118,'Absent'),(9427,118,'Absent'),(9428,118,'Absent'),(9431,118,'Absent'),(9433,118,'Absent'),(9435,118,'Absent'),(9436,118,'Absent'),(9448,118,'Absent'),(9450,118,'Absent'),(9451,118,'Absent'),(9453,118,'Absent'),(9454,118,'Absent'),(9458,118,'Absent'),(9461,118,'Absent'),(9463,118,'Absent'),(9465,118,'Absent'),(9467,118,'Absent'),(9471,118,'Absent'),(9475,118,'Absent'),(9478,118,'Absent'),(9479,118,'Absent'),(9486,118,'Absent'),(9488,118,'Absent'),(9489,118,'Absent'),(9491,118,'Absent'),(9495,118,'Absent'),(9498,118,'Absent'),(9499,118,'Absent'),(9807,119,'Present'),(9590,119,'Absent'),(9601,119,'Absent'),(9609,119,'Absent'),(9610,119,'Present'),(9618,119,'Absent'),(9620,119,'Absent'),(9623,119,'Absent'),(9627,119,'Absent'),(9629,119,'Absent'),(9631,119,'Present'),(9638,119,'Absent'),(9642,119,'Absent'),(9646,119,'Absent'),(9648,119,'Absent'),(9650,119,'Absent'),(9660,119,'Absent'),(9668,119,'Absent'),(9669,119,'Absent'),(9709,119,'Absent'),(9717,119,'Absent'),(9719,119,'Absent'),(9739,119,'Present'),(9741,119,'Absent'),(9757,119,'Absent'),(9760,119,'Absent'),(9762,119,'Absent'),(9774,119,'Absent'),(9787,119,'Absent'),(9789,119,'Absent'),(9792,119,'Present'),(9145,120,'Absent'),(9148,120,'Present'),(9151,120,'Absent'),(9153,120,'Absent'),(9154,120,'Absent'),(9155,120,'Present'),(9160,120,'Absent'),(9896,120,'Absent'),(9898,120,'Present'),(9899,120,'Present'),(9901,120,'Absent'),(9904,120,'Absent'),(9908,120,'Absent'),(9909,120,'Absent'),(9910,120,'Absent'),(9913,120,'Absent'),(9916,120,'Absent'),(9919,120,'Present'),(9921,120,'Absent'),(9922,120,'Present'),(9923,120,'Present'),(9924,120,'Absent'),(4796,121,'Present'),(4852,121,'Present'),(5006,121,'Present'),(10954,121,'Present'),(10955,121,'Present'),(10956,121,'Present'),(10957,121,'Present'),(10958,121,'Present'),(10972,121,'Present'),(10973,121,'Present'),(10850,122,'Absent'),(7998,122,'Absent'),(9427,122,'Absent'),(10885,122,'Absent'),(11061,122,'Present'),(11065,122,'Absent'),(11021,123,'Present'),(11023,123,'Absent'),(11037,123,'Absent'),(11047,123,'Absent'),(10850,123,'Absent'),(10854,123,'Absent'),(10856,123,'Absent'),(10860,123,'Absent'),(10865,123,'Absent'),(10867,123,'Absent'),(10872,123,'Absent'),(10873,123,'Absent'),(10876,123,'Present'),(10877,123,'Absent'),(10880,123,'Absent'),(10883,123,'Absent'),(10885,123,'Absent'),(10889,123,'Absent'),(10894,123,'Absent'),(10895,123,'Absent'),(10896,123,'Absent'),(10897,123,'Absent'),(10899,123,'Absent'),(10900,123,'Absent'),(10902,123,'Absent'),(10907,123,'Absent'),(10909,123,'Absent'),(10910,123,'Absent'),(10911,123,'Absent'),(10913,123,'Absent'),(10916,123,'Present'),(10918,123,'Absent'),(10922,123,'Absent'),(10923,123,'Absent'),(10924,123,'Absent'),(10925,123,'Present'),(10926,123,'Present'),(10928,123,'Absent'),(10930,123,'Absent'),(10934,123,'Absent'),(10940,123,'Absent'),(10941,123,'Absent'),(10945,123,'Absent'),(10987,123,'Present'),(10990,123,'Absent'),(11001,123,'Present'),(11005,123,'Absent'),(11007,123,'Absent'),(11013,123,'Absent'),(11018,123,'Absent');

/*Table structure for table `selected_candidate_training_course` */


CREATE TABLE `selected_candidate_training_course` (
  `selected_candidate_id` bigint unsigned NOT NULL,
  `training_course_id` bigint unsigned NOT NULL,
  `start_time` timestamp NOT NULL DEFAULT CURRENT_TIMESTAMP ON UPDATE CURRENT_TIMESTAMP,
  `end_time` timestamp NOT NULL DEFAULT '0000-00-00 00:00:00'
) ENGINE=InnoDB DEFAULT CHARSET=utf8mb4 COLLATE=utf8mb4_unicode_ci;

/*Data for the table `selected_candidate_training_course` */

/*Table structure for table `selected_candidate_training_test_schedule` */


CREATE TABLE `selected_candidate_training_test_schedule` (
  `selected_candidate_id` bigint unsigned NOT NULL,
  `training_test_schedule_id` bigint unsigned NOT NULL,
  KEY `sctt_selected_candidate_id_foreign` (`selected_candidate_id`),
  KEY `sctt_training_test_schedule_id_foreign` (`training_test_schedule_id`),
  CONSTRAINT `sctt_selected_candidate_id_foreign` FOREIGN KEY (`selected_candidate_id`) REFERENCES `selected_candidates` (`id`),
  CONSTRAINT `sctt_training_test_schedule_id_foreign` FOREIGN KEY (`training_test_schedule_id`) REFERENCES `training_test_schedules` (`id`)
) ENGINE=InnoDB DEFAULT CHARSET=utf8mb4 COLLATE=utf8mb4_unicode_ci;

/*Data for the table `selected_candidate_training_test_schedule` */


/*Table structure for table `settings` */


CREATE TABLE `settings` (
  `id` bigint NOT NULL AUTO_INCREMENT,
  `mbti_exam` enum('1','0') COLLATE utf8mb4_unicode_ci DEFAULT '1',
  `created_at` timestamp NULL DEFAULT NULL,
  `updated_at` timestamp NULL DEFAULT NULL,
  PRIMARY KEY (`id`)
) ENGINE=InnoDB DEFAULT CHARSET=utf8mb4 COLLATE=utf8mb4_unicode_ci;

/*Data for the table `settings` */

/*Table structure for table `teams` */


CREATE TABLE `teams` (
  `id` int NOT NULL AUTO_INCREMENT,
  `zone_id` int NOT NULL,
  `area_id` int NOT NULL,
  `team_size` int NOT NULL,
  `status` enum('1','0') CHARACTER SET utf8mb4 COLLATE utf8mb4_unicode_ci NOT NULL DEFAULT '1',
  `created_at` timestamp NOT NULL DEFAULT CURRENT_TIMESTAMP,
  `updated_at` timestamp NOT NULL DEFAULT CURRENT_TIMESTAMP ON UPDATE CURRENT_TIMESTAMP,
  PRIMARY KEY (`id`)
) ENGINE=InnoDB AUTO_INCREMENT=37 DEFAULT CHARSET=utf8mb4 COLLATE=utf8mb4_0900_ai_ci;

/*Data for the table `teams` */

insert  into `teams`(`id`,`zone_id`,`area_id`,`team_size`,`status`,`created_at`,`updated_at`) values (1,79,89,7,'1','2022-10-24 14:21:38','2022-10-24 14:21:38'),(2,79,90,8,'1','2022-10-24 14:23:46','2022-10-24 14:23:46'),(3,79,91,8,'1','2022-10-24 14:25:03','2022-10-24 14:25:03'),(4,79,92,7,'1','2022-10-24 14:26:26','2022-10-24 14:26:26'),(5,79,93,8,'1','2022-10-24 14:28:27','2022-10-24 14:28:27'),(6,79,94,9,'1','2022-10-24 14:30:27','2022-10-24 14:30:27'),(7,79,95,8,'1','2022-10-24 14:31:58','2022-10-24 14:31:58'),(8,79,96,8,'1','2022-10-24 14:32:52','2022-10-24 14:32:52'),(9,79,97,8,'1','2022-10-24 14:34:24','2022-10-24 14:34:24'),(10,79,98,9,'1','2022-10-24 14:35:22','2022-10-24 14:35:22'),(11,79,99,7,'1','2022-10-24 15:10:38','2022-10-24 15:10:38'),(12,79,100,9,'1','2022-10-24 15:11:37','2022-10-24 15:11:37'),(13,79,101,9,'1','2022-10-24 15:12:02','2022-10-24 15:12:02'),(14,79,102,7,'1','2022-10-24 15:12:41','2022-10-24 15:12:41'),(15,79,103,7,'1','2022-10-24 15:13:03','2022-10-24 15:13:03'),(16,79,104,8,'1','2022-10-24 15:13:30','2022-10-24 15:13:30'),(17,105,106,6,'1','2022-10-24 15:13:58','2022-10-24 15:13:58'),(18,105,107,8,'1','2022-10-24 15:14:25','2022-10-24 15:14:25'),(19,105,108,8,'1','2022-10-24 15:14:46','2022-10-24 15:14:46'),(20,105,109,8,'1','2022-10-24 15:15:18','2022-10-24 15:15:18'),(21,8,110,8,'1','2022-10-24 15:15:36','2022-10-24 15:15:36'),(22,8,111,8,'1','2022-10-24 15:15:57','2022-10-24 15:15:57'),(23,8,112,8,'1','2022-10-24 15:16:20','2022-10-24 15:16:20'),(24,8,113,8,'1','2022-10-24 15:16:43','2022-10-24 15:16:43'),(25,8,114,8,'1','2022-10-24 15:17:08','2022-10-24 15:17:08'),(26,14,115,7,'1','2022-10-24 15:17:44','2022-10-24 15:17:44'),(27,14,116,7,'1','2022-10-24 15:18:11','2022-10-24 15:18:11'),(28,14,117,7,'1','2022-10-24 15:18:37','2022-10-24 15:18:37'),(29,44,118,7,'1','2022-10-24 15:18:56','2022-10-24 15:18:56'),(30,44,119,7,'1','2022-10-24 15:19:15','2022-10-24 15:19:15'),(31,82,120,7,'1','2022-10-24 15:19:34','2022-12-22 16:05:14'),(32,82,121,7,'1','2022-10-24 15:19:48','2022-12-22 16:05:14'),(33,55,123,6,'1','2022-10-24 15:22:20','2022-12-07 14:56:27'),(34,55,122,6,'1','2022-10-24 15:23:31','2023-01-17 13:48:34'),(35,15,85,6,'1','2022-12-07 14:59:56','2022-12-07 14:59:56'),(36,15,124,6,'1','2022-12-07 15:00:18','2022-12-07 15:00:18');



/*Table structure for table `tr_class_tr_course` */


CREATE TABLE `tr_class_tr_course` (
  `tr_class_id` bigint unsigned NOT NULL,
  `tr_course_id` bigint unsigned NOT NULL,
  KEY `tr_class_tr_course_tr_class_id_foreign` (`tr_class_id`),
  KEY `tr_class_tr_course_tr_course_id_foreign` (`tr_course_id`),
  CONSTRAINT `tr_class_tr_course_tr_class_id_foreign` FOREIGN KEY (`tr_class_id`) REFERENCES `tr_classes` (`id`),
  CONSTRAINT `tr_class_tr_course_tr_course_id_foreign` FOREIGN KEY (`tr_course_id`) REFERENCES `tr_courses` (`id`)
) ENGINE=InnoDB DEFAULT CHARSET=utf8mb4 COLLATE=utf8mb4_unicode_ci;

/*Data for the table `tr_class_tr_course` */

insert  into `tr_class_tr_course`(`tr_class_id`,`tr_course_id`) values (1,1),(2,5),(2,4),(2,3),(3,12),(3,11),(3,10),(3,9),(3,8),(3,7),(4,13),(5,16),(5,15),(5,14),(6,12),(6,11),(6,10),(6,9),(6,8),(6,4),(6,2),(7,17),(8,18),(10,18),(10,16),(11,20),(12,21),(14,25),(14,24),(14,18),(16,22),(17,26),(19,27),(20,12),(21,28),(22,29),(23,11);


/*Table structure for table `tr_course_categories` */


CREATE TABLE `tr_course_categories` (
  `id` bigint unsigned NOT NULL AUTO_INCREMENT,
  `name` varchar(255) CHARACTER SET utf8mb4 COLLATE utf8mb4_unicode_ci NOT NULL,
  `status` enum('Active','Inactive') CHARACTER SET utf8mb4 COLLATE utf8mb4_unicode_ci NOT NULL DEFAULT 'Active',
  `created_at` timestamp NULL DEFAULT NULL,
  `updated_at` timestamp NULL DEFAULT NULL,
  PRIMARY KEY (`id`),
  UNIQUE KEY `tr_course_categories_name_unique` (`name`)
) ENGINE=InnoDB AUTO_INCREMENT=19 DEFAULT CHARSET=utf8mb4 COLLATE=utf8mb4_unicode_ci;

/*Data for the table `tr_course_categories` */

insert  into `tr_course_categories`(`id`,`name`,`status`,`created_at`,`updated_at`) values (1,'Orientation','Active','2022-05-10 11:50:08','2022-05-10 11:50:08'),(3,'Company Overview','Active','2022-05-19 12:25:17','2022-05-19 12:25:17'),(4,'Easy Merchant App','Active','2022-05-23 16:56:53','2022-05-23 16:56:53'),(5,'Use of CRM','Active','2022-05-24 15:41:31','2022-05-24 15:41:31'),(6,'Rabbithole BD Offer Promotional','Active','2022-10-13 14:53:41','2022-10-13 15:03:10'),(7,'Knowledge Sharing Session','Active','2022-12-01 12:30:38','2022-12-01 12:30:38'),(8,'Refresher Training For MAS','Active','2022-12-04 10:35:23','2022-12-04 10:35:23'),(9,'Merchant Objection Handling','Active','2022-12-13 09:59:57','2022-12-13 09:59:57'),(10,'Adhoc Training','Active','2022-12-13 17:24:43','2022-12-13 17:24:43'),(11,'How to Decrease Rejection','Active','2022-12-28 11:52:46','2022-12-28 11:52:46'),(12,'Product/Service Knowledge','Active','2022-12-28 11:55:58','2022-12-28 11:55:58'),(13,'DSaaS','Active','2023-02-07 10:30:27','2023-02-07 10:30:27'),(14,'Subscription Packages Offer','Active','2023-03-06 12:48:05','2023-03-06 12:48:05'),(15,'Cashless Projects with MTB PRA Account','Active','2023-03-09 12:09:32','2023-03-09 12:09:32'),(16,'Training Videos','Active','2023-03-14 13:14:23','2023-03-14 13:14:23'),(18,'Sales Automation','Active','2023-07-19 09:41:17','2023-07-19 09:41:17');

/*Table structure for table `tr_course_materials` */


CREATE TABLE `tr_course_materials` (
  `id` bigint unsigned NOT NULL AUTO_INCREMENT,
  `name` varchar(255) CHARACTER SET utf8mb4 COLLATE utf8mb4_unicode_ci NOT NULL,
  `link` text CHARACTER SET utf8mb4 COLLATE utf8mb4_unicode_ci NOT NULL,
  `type` enum('File','Link') CHARACTER SET utf8mb4 COLLATE utf8mb4_unicode_ci NOT NULL,
  `tr_course_id` bigint unsigned NOT NULL,
  `created_at` timestamp NULL DEFAULT NULL,
  `updated_at` timestamp NULL DEFAULT NULL,
  PRIMARY KEY (`id`),
  KEY `tr_course_materials_tr_course_id_foreign` (`tr_course_id`),
  CONSTRAINT `tr_course_materials_tr_course_id_foreign` FOREIGN KEY (`tr_course_id`) REFERENCES `tr_courses` (`id`)
) ENGINE=InnoDB AUTO_INCREMENT=12 DEFAULT CHARSET=utf8mb4 COLLATE=utf8mb4_unicode_ci;

/*Data for the table `tr_course_materials` */

insert  into `tr_course_materials`(`id`,`name`,`link`,`type`,`tr_course_id`,`created_at`,`updated_at`) values (1,'Orientation','uploads/training/course-materials/01orientation-training-v224.pdf','File',1,'2022-05-19 13:15:19','2022-05-19 13:15:19'),(3,'Not Interested Merchant Conversion Video 1','https://drive.google.com/file/d/1TOc_lJrKEzJ8Uqz1tUozLaD-VofO2lZ5/view?usp=share_link','Link',28,'2023-03-14 13:37:12','2023-03-14 13:38:25'),(4,'Not Interested Merchant Conversion Video 2','https://drive.google.com/file/d/1XoBcKVaNVQuASmB4QodMPmoRcdYXs0VB/view?usp=share_link','Link',28,'2023-03-14 13:39:00','2023-03-14 13:39:00'),(5,'Not Interested Merchant Conversion Video 3','https://drive.google.com/file/d/19Z7_FIRhK1tQ2Z5YWlTCBcTJNst7QTw8/view?usp=share_link','Link',28,'2023-03-14 13:39:51','2023-03-14 13:39:51'),(6,'Not Interested Merchant Conversion Video 4','https://drive.google.com/file/d/18B3mn5xuThahtb4uoVPQk2KEc31NOaW2/view?usp=share_link','Link',28,'2023-03-14 13:40:15','2023-03-14 13:40:15'),(7,'This video tutorial using our best MAS/TL on how they are consistently converting non-interested merchants to interested.','https://youtu.be/aEBudP00WQE','Link',29,'2023-03-21 10:59:42','2023-03-21 10:59:42'),(8,'This video tutorial using our best MAS/TL on how they are consistently converting non-interested merchants to interested.','https://youtu.be/SWZXUDXt08g','Link',29,'2023-03-21 11:05:33','2023-03-21 11:05:33'),(9,'This video tutorial using our best MAS/TL on how they are consistently converting non-interested merchants to interested.','https://youtu.be/mag9xRs0zkk','Link',29,'2023-03-21 11:06:08','2023-03-21 11:06:08'),(10,'This video tutorial using our best MAS/TL on how they are consistently converting non-interested merchants to interested.','https://youtu.be/yQrpURS9QkY','Link',29,'2023-03-21 11:06:56','2023-03-21 11:06:56');

/*Table structure for table `tr_courses` */


CREATE TABLE `tr_courses` (
  `id` bigint unsigned NOT NULL AUTO_INCREMENT,
  `name` varchar(255) CHARACTER SET utf8mb4 COLLATE utf8mb4_unicode_ci NOT NULL,
  `code` varchar(255) CHARACTER SET utf8mb4 COLLATE utf8mb4_unicode_ci NOT NULL,
  `description` text CHARACTER SET utf8mb4 COLLATE utf8mb4_unicode_ci,
  `tr_course_category_id` bigint unsigned NOT NULL,
  `media_file_name` varchar(255) COLLATE utf8mb4_unicode_ci DEFAULT NULL,
  `media` varchar(255) COLLATE utf8mb4_unicode_ci DEFAULT NULL,
  `status` enum('Active','Inactive') CHARACTER SET utf8mb4 COLLATE utf8mb4_unicode_ci NOT NULL DEFAULT 'Active',
  `created_at` timestamp NULL DEFAULT NULL,
  `updated_at` timestamp NULL DEFAULT NULL,
  `courseMaterials` longtext COLLATE utf8mb4_unicode_ci,
  PRIMARY KEY (`id`),
  UNIQUE KEY `tr_courses_name_unique` (`name`),
  UNIQUE KEY `tr_courses_code_unique` (`code`),
  KEY `tr_courses_tr_course_category_id_foreign` (`tr_course_category_id`),
  CONSTRAINT `tr_courses_tr_course_category_id_foreign` FOREIGN KEY (`tr_course_category_id`) REFERENCES `tr_course_categories` (`id`)
) ENGINE=InnoDB AUTO_INCREMENT=30 DEFAULT CHARSET=utf8mb4 COLLATE=utf8mb4_unicode_ci;

/*Data for the table `tr_courses` */

insert  into `tr_courses`(`id`,`name`,`code`,`description`,`tr_course_category_id`,`media_file_name`,`media`,`status`,`created_at`,`updated_at`,`courseMaterials`) values (1,'Orientation','OMM-001','Introduction and Company Overview',1,NULL,NULL,'Active','2022-05-10 11:51:33','2022-05-10 11:51:33',NULL),(2,'Company Introduction','101','A brief knowledge about Concord Garments Group, SSL Wireless, SSLCOMMERZ.',3,NULL,NULL,'Active','2022-05-19 12:28:45','2022-05-19 12:28:45',NULL),(3,'Business Area of SSL Wireless & SSLCOMMERZ','102','Get business overview',3,NULL,NULL,'Active','2022-05-19 12:44:52','2022-05-19 12:44:52',NULL),(4,'Employee Benefits and Other Facilities','103','Employee Benefits and Other Facilities',3,NULL,NULL,'Active','2022-05-19 15:14:47','2022-05-19 15:14:47',NULL),(5,'Professionalism In Work Place','104','Professionalism In Work Place',3,NULL,NULL,'Active','2022-05-19 15:16:05','2022-05-19 15:16:05',NULL),(6,'Project Overview','105','Project Overview',3,NULL,NULL,'Active','2022-05-19 16:20:17','2022-05-19 16:20:17',NULL),(7,'Introduction of Dashboard','EMA_303','A brief knowledge of Module',4,NULL,NULL,'Active','2022-05-23 16:58:56','2022-05-23 17:01:07',NULL),(8,'Sales Module','EMA_304','Sales Module',4,NULL,NULL,'Active','2022-05-23 17:00:53','2022-05-23 17:00:53',NULL),(9,'Halkhata Module','EMA_305','Halkhata Module',4,NULL,NULL,'Active','2022-05-23 17:02:26','2022-05-23 17:02:26',NULL),(10,'Receive Payment','EMA-306','Receive Payment',4,NULL,NULL,'Active','2022-05-23 17:03:39','2022-05-23 17:03:39',NULL),(11,'Other Services','EMA-307','Other Services',4,NULL,NULL,'Active','2022-05-23 17:04:15','2022-05-23 17:04:15',NULL),(12,'More','EMA-308','All other features like settlement, sales report, language change etc. will discuss here.',4,NULL,NULL,'Active','2022-05-23 17:07:20','2022-05-23 17:07:20',NULL),(13,'Rabbithole BD Offer Promotional','RBHOP001',NULL,6,NULL,NULL,'Active','2022-10-13 18:24:32','2022-10-13 18:24:32',NULL),(14,'Dashboard','CRM_101',NULL,5,NULL,NULL,'Active','2022-10-26 10:39:25','2022-10-26 10:39:25',NULL),(15,'Process of Temporary Activation','CRM_102',NULL,5,NULL,NULL,'Active','2022-10-26 10:40:08','2022-10-26 10:40:08',NULL),(16,'Process of Final Activation','CRM_103',NULL,5,NULL,NULL,'Active','2022-10-26 10:40:38','2022-10-26 10:40:38',NULL),(17,'Best Knowledge Share','KSS_101','Share good practice & bad practice with other team mates to improve their skills',7,NULL,NULL,'Active','2022-12-01 12:31:57','2022-12-01 12:31:57',NULL),(18,'Data Input in CRM','DI CRM_101','How to input proper data in CRM',8,NULL,NULL,'Active','2022-12-04 10:43:38','2022-12-04 10:43:38',NULL),(19,'Training On Sales Module','TSM_102',NULL,8,NULL,NULL,'Active','2022-12-04 10:44:35','2022-12-04 10:44:35',NULL),(20,'Objection Handling Skill','OHS_101',NULL,9,NULL,NULL,'Active','2022-12-13 10:00:32','2022-12-13 10:00:32',NULL),(21,'MAS Activity Tracker','MAS AT_101',NULL,10,NULL,NULL,'Active','2022-12-13 17:25:37','2022-12-13 17:25:37',NULL),(22,'How to Decrease Rejection','REJ-001','to decrease rejection for Final Activated Merchant',11,NULL,NULL,'Active','2022-12-28 11:53:31','2022-12-28 11:53:31',NULL),(23,'Product/Service Knowledge','Product-001','To get full idea about our product and service knowledge',12,NULL,NULL,'Active','2022-12-28 11:59:17','2022-12-28 11:59:17',NULL),(24,'KYC Writting','KYC_202',NULL,11,'Video','uploads/training/courseMedia/merchant-feedback-7.mp4','Active','2022-12-29 09:51:13','2023-03-14 13:08:42','Vedio'),(25,'Proper Photo Capture','PPP_203',NULL,11,NULL,NULL,'Active','2022-12-29 09:51:54','2022-12-29 09:51:54',NULL),(26,'Subscription Packages Offer','SPO_301','All Subscription offer proposals will discuss',10,'PDF','','Active','2023-01-24 11:29:24','2023-01-24 11:29:24','Bongo BD Subscription'),(27,'DSaaS','DSaaS 001','DSaaS Process',13,'PDF','','Active','2023-02-07 15:36:38','2023-02-07 15:36:38','DSaaS Chapter 01'),(28,'Training Videos','Training Videos_101','Influential Merchant Video',16,'Video','','Active','2023-03-14 13:15:44','2023-03-14 13:15:44','Influential Merchant Video'),(29,'Training Video Materials','TVM_102','Inspirational videos for MAS',16,'Video','','Active','2023-03-21 10:58:28','2023-03-21 10:58:28','Convert  not interested merchant to interested');

/*Table structure for table `tr_question_tr_test` */


CREATE TABLE `tr_question_tr_test` (
  `tr_question_id` bigint unsigned NOT NULL,
  `tr_test_id` bigint unsigned NOT NULL,
  KEY `tr_question_tr_test_tr_question_id_foreign` (`tr_question_id`),
  KEY `tr_question_tr_test_tr_test_id_foreign` (`tr_test_id`),
  CONSTRAINT `tr_question_tr_test_tr_question_id_foreign` FOREIGN KEY (`tr_question_id`) REFERENCES `tr_questions` (`id`),
  CONSTRAINT `tr_question_tr_test_tr_test_id_foreign` FOREIGN KEY (`tr_test_id`) REFERENCES `tr_tests` (`id`)
) ENGINE=InnoDB DEFAULT CHARSET=utf8mb4 COLLATE=utf8mb4_unicode_ci;

/*Data for the table `tr_question_tr_test` */

insert  into `tr_question_tr_test`(`tr_question_id`,`tr_test_id`) values (15,2),(14,2),(13,2),(12,2),(11,2),(10,2),(9,2),(8,2),(7,2),(6,2),(5,2),(4,2),(3,2),(2,2),(1,2),(24,3),(23,3),(22,3),(21,3),(20,3),(19,3),(18,3),(17,3),(16,3),(34,3),(33,3),(32,3),(31,3),(30,3),(29,3),(28,3),(27,3),(26,3),(25,3),(50,4),(49,4),(48,4),(47,4),(46,4),(45,4),(44,4),(43,4),(42,4),(41,4),(40,4),(39,4),(38,4),(37,4),(36,4),(35,4),(13,5),(11,5),(10,5),(9,5),(7,5),(6,5),(4,5),(3,5),(2,5),(1,5),(33,6),(32,6),(31,6),(30,6),(29,6),(28,6),(22,6),(21,6),(20,6),(19,6),(18,6),(17,6),(16,6),(24,6),(83,7),(82,7),(81,7),(80,7),(79,7),(78,7),(77,7),(76,7),(75,7),(74,7),(73,7),(72,7),(71,7),(70,7),(69,7),(68,7),(67,7),(66,7),(65,7),(64,7),(38,8),(37,8),(36,8),(35,8),(83,8),(80,8),(77,8),(54,9),(53,9),(52,9),(51,9),(84,9),(63,9),(60,9),(59,9),(57,9),(56,9),(55,9),(96,10),(95,10),(93,10),(91,10),(90,10),(89,10),(88,10),(87,10),(86,10),(85,10),(107,10),(105,10),(104,10),(103,10),(102,10),(101,10),(100,10),(99,10),(98,10),(97,10),(96,11),(95,11),(93,11),(91,11),(90,11),(89,11),(88,11),(87,11),(86,11),(85,11),(107,11),(105,11),(104,11),(103,11),(102,11),(101,11),(100,11),(99,11),(98,11),(97,11),(96,12),(95,12),(93,12),(91,12),(90,12),(89,12),(88,12),(87,12),(86,12),(85,12),(107,12),(105,12),(104,12),(103,12),(102,12),(101,12),(100,12),(99,12),(98,12),(97,12),(112,13),(111,13),(110,13),(109,13),(108,13),(122,13),(121,13),(120,13),(119,13),(118,13),(117,13),(116,13),(115,13),(114,13),(113,13),(50,14),(49,14),(48,14),(46,14),(44,14),(42,14),(40,14),(39,14),(38,14),(37,14),(35,14),(34,14),(31,14),(28,14),(27,14),(26,14),(25,14),(24,14),(21,14),(20,14),(19,14),(18,14),(17,14),(16,14),(15,14),(14,14),(13,14),(11,14),(10,14),(9,14),(6,14),(3,14),(2,14),(1,14),(81,14),(23,6),(127,15),(126,15),(125,15),(124,15),(123,15),(137,15),(136,15),(135,15),(134,15),(133,15),(132,15),(131,15),(130,15),(129,15),(128,15),(137,16),(136,16),(135,16),(134,16),(133,16),(132,16),(131,16),(130,16),(129,16),(128,16);

/*Table structure for table `tr_questions` */


CREATE TABLE `tr_questions` (
  `id` bigint unsigned NOT NULL AUTO_INCREMENT,
  `question` longtext CHARACTER SET utf8mb4 COLLATE utf8mb4_unicode_ci NOT NULL,
  `options` text CHARACTER SET utf8mb4 COLLATE utf8mb4_unicode_ci,
  `answer` text CHARACTER SET utf8mb4 COLLATE utf8mb4_unicode_ci,
  `type` enum('Radio','Multiselect','Theory') CHARACTER SET utf8mb4 COLLATE utf8mb4_unicode_ci NOT NULL,
  `tr_course_category_id` bigint unsigned NOT NULL,
  `status` enum('Active','Inactive') CHARACTER SET utf8mb4 COLLATE utf8mb4_unicode_ci NOT NULL DEFAULT 'Active',
  `created_at` timestamp NULL DEFAULT NULL,
  `updated_at` timestamp NULL DEFAULT NULL,
  PRIMARY KEY (`id`),
  KEY `tr_questions_tr_course_category_id_foreign` (`tr_course_category_id`),
  CONSTRAINT `tr_questions_tr_course_category_id_foreign` FOREIGN KEY (`tr_course_category_id`) REFERENCES `tr_course_categories` (`id`)
) ENGINE=InnoDB AUTO_INCREMENT=138 DEFAULT CHARSET=utf8mb4 COLLATE=utf8mb4_unicode_ci;

/*Data for the table `tr_questions` */

insert  into `tr_questions`(`id`,`question`,`options`,`answer`,`type`,`tr_course_category_id`,`status`,`created_at`,`updated_at`) values (1,'1.	আমাদের এমডি এর নাম কি?','{\"\\u09b8\\u09be\\u0987\\u09ab\\u09c1\\u09b2 \\u0987\\u09b8\\u09b2\\u09be\\u09ae\":\"\\u09b8\\u09be\\u0987\\u09ab\\u09c1\\u09b2 \\u0987\\u09b8\\u09b2\\u09be\\u09ae\",\"\\u09ae\\u09be\\u0987\\u09a8\\u09c1\\u09b2 \\u0987\\u09b8\\u09b2\\u09be\\u09ae\":\"\\u09ae\\u09be\\u0987\\u09a8\\u09c1\\u09b2 \\u0987\\u09b8\\u09b2\\u09be\\u09ae\",\"\\u09b6\\u09b0\\u09bf\\u09ab\\u09c1\\u09b2 \\u0987\\u09b8\\u09b2\\u09be\\u09ae\":\"\\u09b6\\u09b0\\u09bf\\u09ab\\u09c1\\u09b2 \\u0987\\u09b8\\u09b2\\u09be\\u09ae\",\"\\u09b8\\u09be\\u0987\\u09ab\\u09c1\\u09b2 \\u0986\\u09b2\\u09ae\":\"\\u09b8\\u09be\\u0987\\u09ab\\u09c1\\u09b2 \\u0986\\u09b2\\u09ae\"}','{\"\\u09b8\\u09be\\u0987\\u09ab\\u09c1\\u09b2 \\u0987\\u09b8\\u09b2\\u09be\\u09ae\":\"\\u09b8\\u09be\\u0987\\u09ab\\u09c1\\u09b2 \\u0987\\u09b8\\u09b2\\u09be\\u09ae\"}','Radio',3,'Active','2022-05-10 12:05:17','2022-10-10 12:24:13'),(2,'2.	কনকর্ড গার্মেন্টস গ্রুপ কত সালে প্রতিষ্ঠিত হয়?','{\"\\u09e7\\u09ef\\u09ee\\u09e9\":\"\\u09e7\\u09ef\\u09ee\\u09e9\",\"\\u09e7\\u09ef\\u09ee\\u09ea\":\"\\u09e7\\u09ef\\u09ee\\u09ea\",\"\\u09e7\\u09ef\\u09ee\\u09eb\":\"\\u09e7\\u09ef\\u09ee\\u09eb\",\"\\u09e7\\u09ef\\u09ee\\u09ec\":\"\\u09e7\\u09ef\\u09ee\\u09ec\"}','{\"\\u09e7\\u09ef\\u09ee\\u09e9\":\"\\u09e7\\u09ef\\u09ee\\u09e9\"}','Radio',3,'Active','2022-05-10 12:07:04','2022-10-10 12:23:54'),(3,'এসএসএল ওয়্যারলেস এবং এসএসএল কমার্জ এর মধ্যে পার্থক্য কি?','{\"\\u098f\\u09b8\\u098f\\u09b8\\u098f\\u09b2 \\u0993\\u09df\\u09cd\\u09af\\u09be\\u09b0\\u09b2\\u09c7\\u09b8 \\u0986\\u09ae\\u09be\\u09a6\\u09c7\\u09b0 \\u09b8\\u09ab\\u099f\\u0993\\u09df\\u09cd\\u09af\\u09be\\u09b0 \\u09a1\\u09c7\\u09ad\\u09c7\\u09b2\\u09aa \\u0995\\u09b0\\u09c7 \\u098f\\u09ac\\u0982 \\u098f\\u09b8\\u098f\\u09b8\\u098f\\u09b2 \\u0995\\u09ae\\u09be\\u09b0\\u09cd\\u099c \\u098f\\u09b0 \\u09ac\\u09bf\\u09aa\\u09a8\\u09a8\\u09c7 \\u0995\\u09be\\u099c \\u0995\\u09b0\\u09c7\":\"\\u098f\\u09b8\\u098f\\u09b8\\u098f\\u09b2 \\u0993\\u09df\\u09cd\\u09af\\u09be\\u09b0\\u09b2\\u09c7\\u09b8 \\u0986\\u09ae\\u09be\\u09a6\\u09c7\\u09b0 \\u09b8\\u09ab\\u099f\\u0993\\u09df\\u09cd\\u09af\\u09be\\u09b0 \\u09a1\\u09c7\\u09ad\\u09c7\\u09b2\\u09aa \\u0995\\u09b0\\u09c7 \\u098f\\u09ac\\u0982 \\u098f\\u09b8\\u098f\\u09b8\\u098f\\u09b2 \\u0995\\u09ae\\u09be\\u09b0\\u09cd\\u099c \\u098f\\u09b0 \\u09ac\\u09bf\\u09aa\\u09a8\\u09a8\\u09c7 \\u0995\\u09be\\u099c \\u0995\\u09b0\\u09c7\",\"\\u098f\\u09b8\\u098f\\u09b8\\u098f\\u09b2 \\u0993\\u09df\\u09cd\\u09af\\u09be\\u09b0\\u09b2\\u09c7\\u09b8 \\u09ac\\u09bf\\u09aa\\u09a8\\u09a8\\u09c7 \\u0995\\u09be\\u099c \\u0995\\u09b0\\u09c7 \\u098f\\u09b8\\u098f\\u09b8\\u098f\\u09b2 \\u0995\\u09ae\\u09be\\u09b0\\u09cd\\u099c \\u09b8\\u09ab\\u099f\\u0993\\u09df\\u09cd\\u09af\\u09be\\u09b0 \\u09a1\\u09c7\\u09ad\\u09c7\\u09b2\\u09aa \\u0995\\u09b0\\u09c7\":\"\\u098f\\u09b8\\u098f\\u09b8\\u098f\\u09b2 \\u0993\\u09df\\u09cd\\u09af\\u09be\\u09b0\\u09b2\\u09c7\\u09b8 \\u09ac\\u09bf\\u09aa\\u09a8\\u09a8\\u09c7 \\u0995\\u09be\\u099c \\u0995\\u09b0\\u09c7 \\u098f\\u09b8\\u098f\\u09b8\\u098f\\u09b2 \\u0995\\u09ae\\u09be\\u09b0\\u09cd\\u099c \\u09b8\\u09ab\\u099f\\u0993\\u09df\\u09cd\\u09af\\u09be\\u09b0 \\u09a1\\u09c7\\u09ad\\u09c7\\u09b2\\u09aa \\u0995\\u09b0\\u09c7\",\"\\u098f\\u09b8\\u098f\\u09b8\\u098f\\u09b2 \\u0993\\u09df\\u09cd\\u09af\\u09be\\u09b0\\u09b2\\u09c7\\u09b8 \\u098f\\u09b0 \\u0986\\u09a8\\u09cd\\u09a1\\u09be\\u09b0\\u09c7 \\u098f\\u09b8\\u098f\\u09b8\\u098f\\u09b2 \\u0995\\u09ae\\u09be\\u09b0\\u09cd\\u099c \\u0995\\u09be\\u099c \\u0995\\u09b0\\u09c7\":\"\\u098f\\u09b8\\u098f\\u09b8\\u098f\\u09b2 \\u0993\\u09df\\u09cd\\u09af\\u09be\\u09b0\\u09b2\\u09c7\\u09b8 \\u098f\\u09b0 \\u0986\\u09a8\\u09cd\\u09a1\\u09be\\u09b0\\u09c7 \\u098f\\u09b8\\u098f\\u09b8\\u098f\\u09b2 \\u0995\\u09ae\\u09be\\u09b0\\u09cd\\u099c \\u0995\\u09be\\u099c \\u0995\\u09b0\\u09c7\",\"\\u098f\\u09b8\\u098f\\u09b8\\u098f\\u09b2 \\u0995\\u09ae\\u09be\\u09b0\\u09cd\\u099c\\u09c7\\u09b0 \\u0986\\u09a8\\u09cd\\u09a1\\u09be\\u09b0\\u09c7 \\u098f\\u09b8\\u098f\\u09b8\\u098f\\u09b2 \\u0993\\u09df\\u09cd\\u09af\\u09be\\u09b0\\u09b2\\u09c7\\u09b8 \\u0995\\u09be\\u099c \\u0995\\u09b0\\u09c7\":\"\\u098f\\u09b8\\u098f\\u09b8\\u098f\\u09b2 \\u0995\\u09ae\\u09be\\u09b0\\u09cd\\u099c\\u09c7\\u09b0 \\u0986\\u09a8\\u09cd\\u09a1\\u09be\\u09b0\\u09c7 \\u098f\\u09b8\\u098f\\u09b8\\u098f\\u09b2 \\u0993\\u09df\\u09cd\\u09af\\u09be\\u09b0\\u09b2\\u09c7\\u09b8 \\u0995\\u09be\\u099c \\u0995\\u09b0\\u09c7\"}','{\"\\u098f\\u09b8\\u098f\\u09b8\\u098f\\u09b2 \\u0993\\u09df\\u09cd\\u09af\\u09be\\u09b0\\u09b2\\u09c7\\u09b8 \\u0986\\u09ae\\u09be\\u09a6\\u09c7\\u09b0 \\u09b8\\u09ab\\u099f\\u0993\\u09df\\u09cd\\u09af\\u09be\\u09b0 \\u09a1\\u09c7\\u09ad\\u09c7\\u09b2\\u09aa \\u0995\\u09b0\\u09c7 \\u098f\\u09ac\\u0982 \\u098f\\u09b8\\u098f\\u09b8\\u098f\\u09b2 \\u0995\\u09ae\\u09be\\u09b0\\u09cd\\u099c \\u098f\\u09b0 \\u09ac\\u09bf\\u09aa\\u09a8\\u09a8\\u09c7 \\u0995\\u09be\\u099c \\u0995\\u09b0\\u09c7\":\"\\u098f\\u09b8\\u098f\\u09b8\\u098f\\u09b2 \\u0993\\u09df\\u09cd\\u09af\\u09be\\u09b0\\u09b2\\u09c7\\u09b8 \\u0986\\u09ae\\u09be\\u09a6\\u09c7\\u09b0 \\u09b8\\u09ab\\u099f\\u0993\\u09df\\u09cd\\u09af\\u09be\\u09b0 \\u09a1\\u09c7\\u09ad\\u09c7\\u09b2\\u09aa \\u0995\\u09b0\\u09c7 \\u098f\\u09ac\\u0982 \\u098f\\u09b8\\u098f\\u09b8\\u098f\\u09b2 \\u0995\\u09ae\\u09be\\u09b0\\u09cd\\u099c \\u098f\\u09b0 \\u09ac\\u09bf\\u09aa\\u09a8\\u09a8\\u09c7 \\u0995\\u09be\\u099c \\u0995\\u09b0\\u09c7\"}','Radio',3,'Active','2022-05-19 16:24:16','2022-05-19 16:24:16'),(4,'নীচের কোন কোন সেবা এসএসএল ওয়্যারলেস প্রদান করে?','{\"\\u09ac\\u09be\\u09b2\\u09cd\\u0995 \\u098f\\u09b8\\u098f\\u09ae\\u098f\\u09b8\":\"\\u09ac\\u09be\\u09b2\\u09cd\\u0995 \\u098f\\u09b8\\u098f\\u09ae\\u098f\\u09b8\",\"\\u099f\\u09cd\\u09b0\\u09c7\\u0987\\u09a8\\u09c7\\u09b0 \\u099f\\u09bf\\u0995\\u09c7\\u099f\":\"\\u099f\\u09cd\\u09b0\\u09c7\\u0987\\u09a8\\u09c7\\u09b0 \\u099f\\u09bf\\u0995\\u09c7\\u099f\",\"\\u099a\\u09cd\\u09af\\u09be\\u099f\\u09ac\\u099f\":\"\\u099a\\u09cd\\u09af\\u09be\\u099f\\u09ac\\u099f\",\"\\u09ac\\u09bf\\u09a6\\u09cd\\u09af\\u09c1\\u09ce \\u09ac\\u09bf\\u09b2\":\"\\u09ac\\u09bf\\u09a6\\u09cd\\u09af\\u09c1\\u09ce \\u09ac\\u09bf\\u09b2\",\"\\u09b8\\u09bf\\u099f\\u09bf \\u0995\\u09b0\\u09cd\\u09aa\\u09cb\\u09b0\\u09c7\\u09b6\\u09a8 \\u099f\\u09cd\\u09af\\u09be\\u0995\\u09cd\\u09b8\":\"\\u09b8\\u09bf\\u099f\\u09bf \\u0995\\u09b0\\u09cd\\u09aa\\u09cb\\u09b0\\u09c7\\u09b6\\u09a8 \\u099f\\u09cd\\u09af\\u09be\\u0995\\u09cd\\u09b8\"}','{\"\\u09ac\\u09be\\u09b2\\u09cd\\u0995 \\u098f\\u09b8\\u098f\\u09ae\\u098f\\u09b8\":\"\\u09ac\\u09be\\u09b2\\u09cd\\u0995 \\u098f\\u09b8\\u098f\\u09ae\\u098f\\u09b8\",\"\\u099a\\u09cd\\u09af\\u09be\\u099f\\u09ac\\u099f\":\"\\u099a\\u09cd\\u09af\\u09be\\u099f\\u09ac\\u099f\",\"\\u09ac\\u09bf\\u09a6\\u09cd\\u09af\\u09c1\\u09ce \\u09ac\\u09bf\\u09b2\":\"\\u09ac\\u09bf\\u09a6\\u09cd\\u09af\\u09c1\\u09ce \\u09ac\\u09bf\\u09b2\"}','Multiselect',3,'Active','2022-05-19 16:25:45','2022-05-19 16:25:45'),(5,'নীচের কোন তথ্যটি সঠিক নয়?','{\"\\u0986\\u09ae\\u09b0\\u09be \\u09ef\\u09e6+ \\u09ac\\u09cd\\u09af\\u09be\\u0982\\u0995 \\u0993 \\u09ab\\u09bf\\u09a8\\u09be\\u09a8\\u09cd\\u09b8\\u09bf\\u09df\\u09be\\u09b2 \\u09aa\\u09cd\\u09b0\\u09a4\\u09bf\\u09b7\\u09cd\\u09a0\\u09be\\u09a8\\u09c7\\u09b0 \\u09b8\\u09be\\u09a5\\u09c7 \\u09af\\u09c1\\u0995\\u09cd\\u09a4 \\u0986\\u099b\\u09bf\":\"\\u0986\\u09ae\\u09b0\\u09be \\u09ef\\u09e6+ \\u09ac\\u09cd\\u09af\\u09be\\u0982\\u0995 \\u0993 \\u09ab\\u09bf\\u09a8\\u09be\\u09a8\\u09cd\\u09b8\\u09bf\\u09df\\u09be\\u09b2 \\u09aa\\u09cd\\u09b0\\u09a4\\u09bf\\u09b7\\u09cd\\u09a0\\u09be\\u09a8\\u09c7\\u09b0 \\u09b8\\u09be\\u09a5\\u09c7 \\u09af\\u09c1\\u0995\\u09cd\\u09a4 \\u0986\\u099b\\u09bf\",\"\\u0986\\u09ae\\u09b0\\u09be \\u09eb\\u09e8+ \\u09b0\\u09c7\\u09a1\\u09bf\\u0993 \\u099f\\u09bf\\u09ad\\u09bf\\u09b0 \\u09b8\\u09be\\u09a5\\u09c7 \\u09af\\u09c1\\u0995\\u09cd\\u09a4 \\u0986\\u099b\\u09bf\":\"\\u0986\\u09ae\\u09b0\\u09be \\u09eb\\u09e8+ \\u09b0\\u09c7\\u09a1\\u09bf\\u0993 \\u099f\\u09bf\\u09ad\\u09bf\\u09b0 \\u09b8\\u09be\\u09a5\\u09c7 \\u09af\\u09c1\\u0995\\u09cd\\u09a4 \\u0986\\u099b\\u09bf\",\"\\u0986\\u09ae\\u09b0\\u09be \\u09e8\\u09eb\\u09e6\\u09e6+ \\u0987-\\u0995\\u09ae\\u09be\\u09b0\\u09cd\\u09b8 \\u09b8\\u09be\\u09b0\\u09cd\\u09ad\\u09bf\\u09b8\\u09c7\\u09b0 \\u09b8\\u09be\\u09a5\\u09c7 \\u09af\\u09c1\\u0995\\u09cd\\u09a4\":\"\\u0986\\u09ae\\u09b0\\u09be \\u09e8\\u09eb\\u09e6\\u09e6+ \\u0987-\\u0995\\u09ae\\u09be\\u09b0\\u09cd\\u09b8 \\u09b8\\u09be\\u09b0\\u09cd\\u09ad\\u09bf\\u09b8\\u09c7\\u09b0 \\u09b8\\u09be\\u09a5\\u09c7 \\u09af\\u09c1\\u0995\\u09cd\\u09a4\",\"\\u0986\\u09ae\\u09b0\\u09be \\u09e9\\u09eb\\u09e6\\u09e6+ \\u0987 \\u0995\\u09ae\\u09be\\u09b0\\u09cd\\u09b8 \\u09b8\\u09be\\u09b0\\u09cd\\u09ad\\u09bf\\u09b8\\u09c7\\u09b0 \\u09b8\\u09be\\u09a5\\u09c7 \\u09af\\u09c1\\u0995\\u09cd\\u09a4\":\"\\u0986\\u09ae\\u09b0\\u09be \\u09e9\\u09eb\\u09e6\\u09e6+ \\u0987 \\u0995\\u09ae\\u09be\\u09b0\\u09cd\\u09b8 \\u09b8\\u09be\\u09b0\\u09cd\\u09ad\\u09bf\\u09b8\\u09c7\\u09b0 \\u09b8\\u09be\\u09a5\\u09c7 \\u09af\\u09c1\\u0995\\u09cd\\u09a4\"}','{\"\\u0986\\u09ae\\u09b0\\u09be \\u09e8\\u09eb\\u09e6\\u09e6+ \\u0987-\\u0995\\u09ae\\u09be\\u09b0\\u09cd\\u09b8 \\u09b8\\u09be\\u09b0\\u09cd\\u09ad\\u09bf\\u09b8\\u09c7\\u09b0 \\u09b8\\u09be\\u09a5\\u09c7 \\u09af\\u09c1\\u0995\\u09cd\\u09a4\":\"\\u0986\\u09ae\\u09b0\\u09be \\u09e8\\u09eb\\u09e6\\u09e6+ \\u0987-\\u0995\\u09ae\\u09be\\u09b0\\u09cd\\u09b8 \\u09b8\\u09be\\u09b0\\u09cd\\u09ad\\u09bf\\u09b8\\u09c7\\u09b0 \\u09b8\\u09be\\u09a5\\u09c7 \\u09af\\u09c1\\u0995\\u09cd\\u09a4\"}','Radio',3,'Active','2022-05-19 16:26:51','2022-05-19 16:26:51'),(6,'বাংলা কিউআর কার নির্দেশনা ও পরিকল্পনা অনুযায়ী ডেভেলপ করা হয়েছে?','{\"\\u09ac\\u09be\\u0982\\u09b2\\u09be\\u09a6\\u09c7\\u09b6 \\u09ac\\u09cd\\u09af\\u09be\\u0982\\u0995\":\"\\u09ac\\u09be\\u0982\\u09b2\\u09be\\u09a6\\u09c7\\u09b6 \\u09ac\\u09cd\\u09af\\u09be\\u0982\\u0995\",\"\\u098f\\u09b8\\u098f\\u09b8\\u098f\\u09b2 \\u0993\\u09df\\u09cd\\u09af\\u09be\\u09b0\\u09b2\\u09c7\\u09b8\":\"\\u098f\\u09b8\\u098f\\u09b8\\u098f\\u09b2 \\u0993\\u09df\\u09cd\\u09af\\u09be\\u09b0\\u09b2\\u09c7\\u09b8\",\"\\u098f\\u09b8\\u098f\\u09b8\\u098f\\u09b2 \\u0995\\u09ae\\u09be\\u09b0\\u09cd\\u099c\":\"\\u098f\\u09b8\\u098f\\u09b8\\u098f\\u09b2 \\u0995\\u09ae\\u09be\\u09b0\\u09cd\\u099c\",\"\\u09ad\\u09bf\\u09b8\\u09be \\u0993 \\u09ae\\u09be\\u09b8\\u09cd\\u099f\\u09be\\u09b0\\u0995\\u09be\\u09b0\\u09cd\\u09a1\":\"\\u09ad\\u09bf\\u09b8\\u09be \\u0993 \\u09ae\\u09be\\u09b8\\u09cd\\u099f\\u09be\\u09b0\\u0995\\u09be\\u09b0\\u09cd\\u09a1\"}','{\"\\u09ac\\u09be\\u0982\\u09b2\\u09be\\u09a6\\u09c7\\u09b6 \\u09ac\\u09cd\\u09af\\u09be\\u0982\\u0995\":\"\\u09ac\\u09be\\u0982\\u09b2\\u09be\\u09a6\\u09c7\\u09b6 \\u09ac\\u09cd\\u09af\\u09be\\u0982\\u0995\"}','Radio',3,'Active','2022-05-19 16:27:40','2022-05-19 16:27:40'),(7,'নীচের কোন ব্যাংক এ এখনো বাংলা কিউআর সুবিধা যোগ হয়নি?','{\"\\u09af\\u09ae\\u09c1\\u09a8\\u09be \\u09ac\\u09cd\\u09af\\u09be\\u0982\\u0995\":\"\\u09af\\u09ae\\u09c1\\u09a8\\u09be \\u09ac\\u09cd\\u09af\\u09be\\u0982\\u0995\",\"\\u0987\\u09b8\\u09cd\\u099f\\u09be\\u09b0\\u09cd\\u09a8 \\u09ac\\u09cd\\u09af\\u09be\\u0982\\u0995 \\u09ac\\u09be \\u0987\\u09ac\\u09bf\\u098f\\u09b2\":\"\\u0987\\u09b8\\u09cd\\u099f\\u09be\\u09b0\\u09cd\\u09a8 \\u09ac\\u09cd\\u09af\\u09be\\u0982\\u0995 \\u09ac\\u09be \\u0987\\u09ac\\u09bf\\u098f\\u09b2\",\"\\u09ae\\u09bf\\u0989\\u099a\\u09c1\\u09df\\u09be\\u09b2 \\u099f\\u09cd\\u09b0\\u09be\\u09b8\\u09cd\\u099f \\u09ac\\u09be \\u098f\\u09ae\\u099f\\u09bf\\u09ac\\u09bf\\u098f\\u09b2\":\"\\u09ae\\u09bf\\u0989\\u099a\\u09c1\\u09df\\u09be\\u09b2 \\u099f\\u09cd\\u09b0\\u09be\\u09b8\\u09cd\\u099f \\u09ac\\u09be \\u098f\\u09ae\\u099f\\u09bf\\u09ac\\u09bf\\u098f\\u09b2\",\"\\u09ac\\u09cd\\u09af\\u09be\\u0982\\u0995 \\u098f\\u09b6\\u09bf\\u09df\\u09be\":\"\\u09ac\\u09cd\\u09af\\u09be\\u0982\\u0995 \\u098f\\u09b6\\u09bf\\u09df\\u09be\"}','{\"\\u09af\\u09ae\\u09c1\\u09a8\\u09be \\u09ac\\u09cd\\u09af\\u09be\\u0982\\u0995\":\"\\u09af\\u09ae\\u09c1\\u09a8\\u09be \\u09ac\\u09cd\\u09af\\u09be\\u0982\\u0995\"}','Radio',3,'Active','2022-05-19 16:29:43','2022-05-19 16:29:43'),(8,'আমাদের কত জন মার্চেন্ট রেজিস্ট্রেশন করেছেন?','{\"\\u09e7\\u09e6\\u09eb\\u09ec\\u09e6\\u09ec+\":\"\\u09e7\\u09e6\\u09eb\\u09ec\\u09e6\\u09ec+\",\"\\u09e9\\u09e6\\u09e6\\u09e6\\u09e6+\":\"\\u09e9\\u09e6\\u09e6\\u09e6\\u09e6+\",\"\\u09e9\\u09eb\\u09e6\\u09e6\\u09e6+\":\"\\u09e9\\u09eb\\u09e6\\u09e6\\u09e6+\",\"\\u09e9\\u09eb\\u09e6\\u09e6+\":\"\\u09e9\\u09eb\\u09e6\\u09e6+\"}','{\"\\u09e7\\u09e6\\u09eb\\u09ec\\u09e6\\u09ec+\":\"\\u09e7\\u09e6\\u09eb\\u09ec\\u09e6\\u09ec+\"}','Radio',3,'Active','2022-05-19 16:30:34','2023-06-14 17:41:36'),(9,'আপনার পজিশনের নাম কি?','{\"\\u09ae\\u09be\\u09b0\\u09cd\\u099a\\u09c7\\u09a8\\u09cd\\u099f \\u098f\\u0995\\u09c1\\u0987\\u099c\\u09bf\\u09b6\\u09a8 \\u09b8\\u09cd\\u09aa\\u09c7\\u09b6\\u09be\\u09b2\\u09bf\\u09b8\\u09cd\\u099f\":\"\\u09ae\\u09be\\u09b0\\u09cd\\u099a\\u09c7\\u09a8\\u09cd\\u099f \\u098f\\u0995\\u09c1\\u0987\\u099c\\u09bf\\u09b6\\u09a8 \\u09b8\\u09cd\\u09aa\\u09c7\\u09b6\\u09be\\u09b2\\u09bf\\u09b8\\u09cd\\u099f\",\"\\u09ae\\u09be\\u09b0\\u09cd\\u099a\\u09c7\\u09a8\\u09cd\\u099f \\u098f\\u0995\\u09b6\\u09a8 \\u09b8\\u09cd\\u09aa\\u09c7\\u09b6\\u09be\\u09b2\\u09bf\\u09b8\\u09cd\\u099f\":\"\\u09ae\\u09be\\u09b0\\u09cd\\u099a\\u09c7\\u09a8\\u09cd\\u099f \\u098f\\u0995\\u09b6\\u09a8 \\u09b8\\u09cd\\u09aa\\u09c7\\u09b6\\u09be\\u09b2\\u09bf\\u09b8\\u09cd\\u099f\",\"\\u09ae\\u09be\\u09b0\\u09cd\\u0995\\u09c7\\u099f \\u098f\\u0995\\u09c1\\u0987\\u099c\\u09bf\\u09b6\\u09a8 \\u09b8\\u09cd\\u09aa\\u09c7\\u09b6\\u09be\\u09b2\\u09bf\\u09b8\\u09cd\\u099f\":\"\\u09ae\\u09be\\u09b0\\u09cd\\u0995\\u09c7\\u099f \\u098f\\u0995\\u09c1\\u0987\\u099c\\u09bf\\u09b6\\u09a8 \\u09b8\\u09cd\\u09aa\\u09c7\\u09b6\\u09be\\u09b2\\u09bf\\u09b8\\u09cd\\u099f\",\"\\u099f\\u09bf\\u09ae \\u09b2\\u09bf\\u09a1\\u09be\\u09b0\":\"\\u099f\\u09bf\\u09ae \\u09b2\\u09bf\\u09a1\\u09be\\u09b0\"}','{\"\\u09ae\\u09be\\u09b0\\u09cd\\u099a\\u09c7\\u09a8\\u09cd\\u099f \\u098f\\u0995\\u09c1\\u0987\\u099c\\u09bf\\u09b6\\u09a8 \\u09b8\\u09cd\\u09aa\\u09c7\\u09b6\\u09be\\u09b2\\u09bf\\u09b8\\u09cd\\u099f\":\"\\u09ae\\u09be\\u09b0\\u09cd\\u099a\\u09c7\\u09a8\\u09cd\\u099f \\u098f\\u0995\\u09c1\\u0987\\u099c\\u09bf\\u09b6\\u09a8 \\u09b8\\u09cd\\u09aa\\u09c7\\u09b6\\u09be\\u09b2\\u09bf\\u09b8\\u09cd\\u099f\"}','Radio',3,'Active','2022-05-19 16:33:59','2022-05-19 16:33:59'),(10,'নীচের কোন কথাটি সঠিক নয়?','{\"MAS \\u099f\\u09bf\\u09ae \\u09b2\\u09bf\\u09a1\\u09be\\u09b0 \\u0995\\u09c7 \\u09b0\\u09bf\\u09aa\\u09cb\\u09b0\\u09cd\\u099f \\u0995\\u09c7\":\"MAS \\u099f\\u09bf\\u09ae \\u09b2\\u09bf\\u09a1\\u09be\\u09b0 \\u0995\\u09c7 \\u09b0\\u09bf\\u09aa\\u09cb\\u09b0\\u09cd\\u099f \\u0995\\u09c7\",\"\\u099f\\u09bf\\u09ae \\u09b2\\u09c0\\u09a1\\u09be\\u09b0 \\u09ab\\u09bf\\u09b2\\u09cd\\u09a1 \\u09ab\\u09cb\\u09b0\\u09cd\\u09b8 \\u0995\\u09cb\\u0985\\u09b0\\u09cd\\u09a1\\u09bf\\u09a8\\u09c7\\u099f\\u09b0\\u0995\\u09c7 \\u09b0\\u09bf\\u09aa\\u09cb\\u09b0\\u09cd\\u099f \\u0995\\u09b0\\u09c7\":\"\\u099f\\u09bf\\u09ae \\u09b2\\u09c0\\u09a1\\u09be\\u09b0 \\u09ab\\u09bf\\u09b2\\u09cd\\u09a1 \\u09ab\\u09cb\\u09b0\\u09cd\\u09b8 \\u0995\\u09cb\\u0985\\u09b0\\u09cd\\u09a1\\u09bf\\u09a8\\u09c7\\u099f\\u09b0\\u0995\\u09c7 \\u09b0\\u09bf\\u09aa\\u09cb\\u09b0\\u09cd\\u099f \\u0995\\u09b0\\u09c7\",\"\\u099f\\u09bf\\u09ae \\u09b2\\u09bf\\u09a1\\u09be\\u09b0 \\u09ab\\u09bf\\u09b2\\u09cd\\u09a1 \\u09b8\\u09c1\\u09aa\\u09be\\u09b0\\u09ad\\u09be\\u0987\\u099c\\u09b0\\u0995\\u09c7 \\u09b0\\u09bf\\u09aa\\u09cb\\u09b0\\u09cd\\u099f \\u0995\\u09b0\\u09c7\":\"\\u099f\\u09bf\\u09ae \\u09b2\\u09bf\\u09a1\\u09be\\u09b0 \\u09ab\\u09bf\\u09b2\\u09cd\\u09a1 \\u09b8\\u09c1\\u09aa\\u09be\\u09b0\\u09ad\\u09be\\u0987\\u099c\\u09b0\\u0995\\u09c7 \\u09b0\\u09bf\\u09aa\\u09cb\\u09b0\\u09cd\\u099f \\u0995\\u09b0\\u09c7\",\"\\u09ab\\u09bf\\u09b2\\u09cd\\u09a1 \\u09b8\\u09c1\\u09aa\\u09be\\u09b0\\u09ad\\u09be\\u0987\\u099c\\u09b0 \\u098f\\u09ac\\u0982 \\u098f\\u09b0\\u09bf\\u09af\\u09bc\\u09be \\u09ae\\u09c7\\u09a8\\u09c7\\u099c\\u09be\\u09b0 \\u09ad\\u09bf\\u09a8\\u09cd\\u09a8 \\u09aa\\u099c\\u09bf\\u09b6\\u09a8\\u09c7\\u09b0 \\u09ad\\u09bf\\u09a8\\u09cd\\u09a8 \\u09a8\\u09be\\u09ae\":\"\\u09ab\\u09bf\\u09b2\\u09cd\\u09a1 \\u09b8\\u09c1\\u09aa\\u09be\\u09b0\\u09ad\\u09be\\u0987\\u099c\\u09b0 \\u098f\\u09ac\\u0982 \\u098f\\u09b0\\u09bf\\u09af\\u09bc\\u09be \\u09ae\\u09c7\\u09a8\\u09c7\\u099c\\u09be\\u09b0 \\u09ad\\u09bf\\u09a8\\u09cd\\u09a8 \\u09aa\\u099c\\u09bf\\u09b6\\u09a8\\u09c7\\u09b0 \\u09ad\\u09bf\\u09a8\\u09cd\\u09a8 \\u09a8\\u09be\\u09ae\"}','{\"\\u099f\\u09bf\\u09ae \\u09b2\\u09c0\\u09a1\\u09be\\u09b0 \\u09ab\\u09bf\\u09b2\\u09cd\\u09a1 \\u09ab\\u09cb\\u09b0\\u09cd\\u09b8 \\u0995\\u09cb\\u0985\\u09b0\\u09cd\\u09a1\\u09bf\\u09a8\\u09c7\\u099f\\u09b0\\u0995\\u09c7 \\u09b0\\u09bf\\u09aa\\u09cb\\u09b0\\u09cd\\u099f \\u0995\\u09b0\\u09c7\":\"\\u099f\\u09bf\\u09ae \\u09b2\\u09c0\\u09a1\\u09be\\u09b0 \\u09ab\\u09bf\\u09b2\\u09cd\\u09a1 \\u09ab\\u09cb\\u09b0\\u09cd\\u09b8 \\u0995\\u09cb\\u0985\\u09b0\\u09cd\\u09a1\\u09bf\\u09a8\\u09c7\\u099f\\u09b0\\u0995\\u09c7 \\u09b0\\u09bf\\u09aa\\u09cb\\u09b0\\u09cd\\u099f \\u0995\\u09b0\\u09c7\"}','Radio',3,'Active','2022-05-19 16:41:51','2022-05-19 16:41:51'),(11,'কর্মক্ষেত্রে পেশাদারিত্ব নীচের কোন কোন মাধ্যমে বোঝা যায়?','{\"\\u0986\\u0989\\u099f\\u09b2\\u09c1\\u0995\":\"\\u0986\\u0989\\u099f\\u09b2\\u09c1\\u0995\",\"\\u09ac\\u09cd\\u09af\\u09ac\\u09b9\\u09be\\u09b0\":\"\\u09ac\\u09cd\\u09af\\u09ac\\u09b9\\u09be\\u09b0\",\"\\u099c\\u09cd\\u099e\\u09be\\u09a8\":\"\\u099c\\u09cd\\u099e\\u09be\\u09a8\",\"\\u09a6\\u0995\\u09cd\\u09b7\\u09a4\\u09be\":\"\\u09a6\\u0995\\u09cd\\u09b7\\u09a4\\u09be\",\"\\u09b8\\u09ac\\u0997\\u09c1\\u09b2\\u09cb\":\"\\u09b8\\u09ac\\u0997\\u09c1\\u09b2\\u09cb\"}','{\"\\u09b8\\u09ac\\u0997\\u09c1\\u09b2\\u09cb\":\"\\u09b8\\u09ac\\u0997\\u09c1\\u09b2\\u09cb\"}','Radio',3,'Active','2022-05-19 16:42:45','2022-05-19 16:42:45'),(12,'নীচের কোন বিষয়গুলো অত্যন্ত গুরুত্বের সাথে মেনে চলতে হবে?','{\"\\u09ac\\u09cd\\u09af\\u0995\\u09cd\\u09a4\\u09bf\\u0997\\u09a4 \\u09ac\\u09bf\\u09b7\\u09df \\u09b8\\u09ae\\u09cd\\u09aa\\u09b0\\u09cd\\u0995\\u09bf\\u09a4 \\u0986\\u09b2\\u09cb\\u099a\\u09a8\\u09be \\u0995\\u09b0\\u09be \\u09af\\u09be\\u09ac\\u09c7\\u09a8\\u09be\":\"\\u09ac\\u09cd\\u09af\\u0995\\u09cd\\u09a4\\u09bf\\u0997\\u09a4 \\u09ac\\u09bf\\u09b7\\u09df \\u09b8\\u09ae\\u09cd\\u09aa\\u09b0\\u09cd\\u0995\\u09bf\\u09a4 \\u0986\\u09b2\\u09cb\\u099a\\u09a8\\u09be \\u0995\\u09b0\\u09be \\u09af\\u09be\\u09ac\\u09c7\\u09a8\\u09be\",\"\\u09ae\\u09be\\u09b0\\u09cd\\u099a\\u09c7\\u09a8\\u09cd\\u099f \\u098f\\u09b0 \\u0995\\u09be\\u099b\\u09c7 \\u09ad\\u09c1\\u09b2 \\u0987\\u09a8\\u09ab\\u09b0\\u09ae\\u09c7\\u09b6\\u09a8 \\u09a6\\u09c7\\u09af\\u09bc\\u09be \\u09af\\u09be\\u09ac\\u09c7\\u09a8\\u09be\":\"\\u09ae\\u09be\\u09b0\\u09cd\\u099a\\u09c7\\u09a8\\u09cd\\u099f \\u098f\\u09b0 \\u0995\\u09be\\u099b\\u09c7 \\u09ad\\u09c1\\u09b2 \\u0987\\u09a8\\u09ab\\u09b0\\u09ae\\u09c7\\u09b6\\u09a8 \\u09a6\\u09c7\\u09af\\u09bc\\u09be \\u09af\\u09be\\u09ac\\u09c7\\u09a8\\u09be\",\"\\u099a\\u09c1\\u09b2 \\u09a8\\u09bf\\u09df\\u09ae\\u09bf\\u09a4 \\u099b\\u09c7\\u0981\\u099f\\u09c7 \\u09b0\\u09be\\u0996\\u09a4\\u09c7 \\u09b9\\u09ac\\u09c7\":\"\\u099a\\u09c1\\u09b2 \\u09a8\\u09bf\\u09df\\u09ae\\u09bf\\u09a4 \\u099b\\u09c7\\u0981\\u099f\\u09c7 \\u09b0\\u09be\\u0996\\u09a4\\u09c7 \\u09b9\\u09ac\\u09c7\",\"\\u09b8\\u09ac\\u09b8\\u09ae\\u09df \\u09aa\\u09b0\\u09bf\\u09aa\\u09be\\u099f\\u09bf\\u09ad\\u09be\\u09ac\\u09c7 \\u0986\\u0981\\u099a\\u09dc\\u09be\\u09a8\\u09cb \\u09a5\\u09be\\u0995\\u09a4\\u09c7 \\u09b9\\u09ac\\u09c7\":\"\\u09b8\\u09ac\\u09b8\\u09ae\\u09df \\u09aa\\u09b0\\u09bf\\u09aa\\u09be\\u099f\\u09bf\\u09ad\\u09be\\u09ac\\u09c7 \\u0986\\u0981\\u099a\\u09dc\\u09be\\u09a8\\u09cb \\u09a5\\u09be\\u0995\\u09a4\\u09c7 \\u09b9\\u09ac\\u09c7\"}','{\"\\u09ac\\u09cd\\u09af\\u0995\\u09cd\\u09a4\\u09bf\\u0997\\u09a4 \\u09ac\\u09bf\\u09b7\\u09df \\u09b8\\u09ae\\u09cd\\u09aa\\u09b0\\u09cd\\u0995\\u09bf\\u09a4 \\u0986\\u09b2\\u09cb\\u099a\\u09a8\\u09be \\u0995\\u09b0\\u09be \\u09af\\u09be\\u09ac\\u09c7\\u09a8\\u09be\":\"\\u09ac\\u09cd\\u09af\\u0995\\u09cd\\u09a4\\u09bf\\u0997\\u09a4 \\u09ac\\u09bf\\u09b7\\u09df \\u09b8\\u09ae\\u09cd\\u09aa\\u09b0\\u09cd\\u0995\\u09bf\\u09a4 \\u0986\\u09b2\\u09cb\\u099a\\u09a8\\u09be \\u0995\\u09b0\\u09be \\u09af\\u09be\\u09ac\\u09c7\\u09a8\\u09be\",\"\\u09ae\\u09be\\u09b0\\u09cd\\u099a\\u09c7\\u09a8\\u09cd\\u099f \\u098f\\u09b0 \\u0995\\u09be\\u099b\\u09c7 \\u09ad\\u09c1\\u09b2 \\u0987\\u09a8\\u09ab\\u09b0\\u09ae\\u09c7\\u09b6\\u09a8 \\u09a6\\u09c7\\u09af\\u09bc\\u09be \\u09af\\u09be\\u09ac\\u09c7\\u09a8\\u09be\":\"\\u09ae\\u09be\\u09b0\\u09cd\\u099a\\u09c7\\u09a8\\u09cd\\u099f \\u098f\\u09b0 \\u0995\\u09be\\u099b\\u09c7 \\u09ad\\u09c1\\u09b2 \\u0987\\u09a8\\u09ab\\u09b0\\u09ae\\u09c7\\u09b6\\u09a8 \\u09a6\\u09c7\\u09af\\u09bc\\u09be \\u09af\\u09be\\u09ac\\u09c7\\u09a8\\u09be\"}','Multiselect',3,'Active','2022-05-19 16:43:46','2022-05-19 16:43:46'),(13,'নীচের কোন কাজটি প্রি-মার্কেট একটিভিটির অংশ নয়?','{\"\\u0995\\u09be\\u099c\\u09c7\\u09b0 \\u09b8\\u09cd\\u09aa\\u099f\\u09c7 \\u09aa\\u09cc\\u0981\\u099b\\u09be\\u09a8\\u09cb\\u09b0 \\u09aa\\u09b0\\u09c7 \\u0985\\u09cd\\u09af\\u09be\\u09aa\\u09b8 \\u09a5\\u09c7\\u0995\\u09c7 \\u09aa\\u09be\\u099e\\u09cd\\u099a \\u0995\\u09b0\\u09c7 \\u098f\\u099f\\u09c7\\u09a8\\u09a1\\u09c7\\u09a8\\u09cd\\u09b8 \\u098f\\u09a8\\u09b6\\u09bf\\u0993\\u09b0 \\u0995\\u09b0\\u09a4\\u09c7 \\u09b9\\u09ac\\u09c7\":\"\\u0995\\u09be\\u099c\\u09c7\\u09b0 \\u09b8\\u09cd\\u09aa\\u099f\\u09c7 \\u09aa\\u09cc\\u0981\\u099b\\u09be\\u09a8\\u09cb\\u09b0 \\u09aa\\u09b0\\u09c7 \\u0985\\u09cd\\u09af\\u09be\\u09aa\\u09b8 \\u09a5\\u09c7\\u0995\\u09c7 \\u09aa\\u09be\\u099e\\u09cd\\u099a \\u0995\\u09b0\\u09c7 \\u098f\\u099f\\u09c7\\u09a8\\u09a1\\u09c7\\u09a8\\u09cd\\u09b8 \\u098f\\u09a8\\u09b6\\u09bf\\u0993\\u09b0 \\u0995\\u09b0\\u09a4\\u09c7 \\u09b9\\u09ac\\u09c7\",\"\\u09aa\\u09cd\\u09b0\\u09a4\\u09bf\\u09a6\\u09bf\\u09a8\\u09c7\\u09b0 \\u09ae\\u09b0\\u09cd\\u09a8\\u09bf\\u0982 \\u09ae\\u09bf\\u099f\\u09bf\\u0982 \\u09b8\\u09c7\\u09b6\\u09a8\\u09c7 \\u0985\\u0982\\u09b6\\u0997\\u09cd\\u09b0\\u09b9\\u09a8 \\u0995\\u09b0\\u09be \\u098f\\u09ac\\u0982 \\u0995\\u09cb\\u09a8 \\u0986\\u09aa\\u09a1\\u09c7\\u099f \\u09a5\\u09be\\u0995\\u09b2\\u09c7 \\u099f\\u09bf\\u09ae\\u09b2\\u09bf\\u09a1\\u09be\\u09b0 \\u098f\\u09b0 \\u0995\\u09be\\u099b \\u09a5\\u09c7\\u0995\\u09c7 \\u099c\\u09c7\\u09a8\\u09c7 \\u09a8\\u09c7\\u09df\\u09be\":\"\\u09aa\\u09cd\\u09b0\\u09a4\\u09bf\\u09a6\\u09bf\\u09a8\\u09c7\\u09b0 \\u09ae\\u09b0\\u09cd\\u09a8\\u09bf\\u0982 \\u09ae\\u09bf\\u099f\\u09bf\\u0982 \\u09b8\\u09c7\\u09b6\\u09a8\\u09c7 \\u0985\\u0982\\u09b6\\u0997\\u09cd\\u09b0\\u09b9\\u09a8 \\u0995\\u09b0\\u09be \\u098f\\u09ac\\u0982 \\u0995\\u09cb\\u09a8 \\u0986\\u09aa\\u09a1\\u09c7\\u099f \\u09a5\\u09be\\u0995\\u09b2\\u09c7 \\u099f\\u09bf\\u09ae\\u09b2\\u09bf\\u09a1\\u09be\\u09b0 \\u098f\\u09b0 \\u0995\\u09be\\u099b \\u09a5\\u09c7\\u0995\\u09c7 \\u099c\\u09c7\\u09a8\\u09c7 \\u09a8\\u09c7\\u09df\\u09be\",\"\\u09a8\\u09bf\\u099c\\u09c7\\u09b0 \\u09ae\\u09cb\\u09ac\\u09be\\u0987\\u09b2 \\u09b9\\u09cd\\u09af\\u09be\\u09a8\\u09cd\\u09a1\\u09b8\\u09c7\\u099f\\u099f\\u09bf\\u09a4\\u09c7 \\u099a\\u09be\\u09b0\\u09cd\\u099c \\u0986\\u099b\\u09c7 \\u0995\\u09bf\\u09a8\\u09be \\u09a6\\u09c7\\u0996\\u09c7 \\u09a8\\u09c7\\u09df\\u09be \\u098f\\u09ac\\u0982 \\u09b8\\u09be\\u09a5\\u09c7 \\u099a\\u09be\\u09b0\\u09cd\\u099c\\u09be\\u09b0\\u099f\\u09bf \\u09ac\\u09cd\\u09af\\u09be\\u0997\\u09c7 \\u09a8\\u09bf\\u09df\\u09c7 \\u09a8\\u09c7\\u09df\\u09be\":\"\\u09a8\\u09bf\\u099c\\u09c7\\u09b0 \\u09ae\\u09cb\\u09ac\\u09be\\u0987\\u09b2 \\u09b9\\u09cd\\u09af\\u09be\\u09a8\\u09cd\\u09a1\\u09b8\\u09c7\\u099f\\u099f\\u09bf\\u09a4\\u09c7 \\u099a\\u09be\\u09b0\\u09cd\\u099c \\u0986\\u099b\\u09c7 \\u0995\\u09bf\\u09a8\\u09be \\u09a6\\u09c7\\u0996\\u09c7 \\u09a8\\u09c7\\u09df\\u09be \\u098f\\u09ac\\u0982 \\u09b8\\u09be\\u09a5\\u09c7 \\u099a\\u09be\\u09b0\\u09cd\\u099c\\u09be\\u09b0\\u099f\\u09bf \\u09ac\\u09cd\\u09af\\u09be\\u0997\\u09c7 \\u09a8\\u09bf\\u09df\\u09c7 \\u09a8\\u09c7\\u09df\\u09be\",\"\\u09a8\\u09a4\\u09c1\\u09a8 \\u09ae\\u09be\\u09b0\\u09cd\\u099a\\u09c7\\u09a8\\u09cd\\u099f \\u09a8\\u09bf\\u09ac\\u09a8\\u09cd\\u09a7\\u09a8\\u09c7\\u09b0 \\u099c\\u09a8\\u09cd\\u09af \\u0995\\u09be\\u099c \\u0995\\u09b0\\u09be\":\"\\u09a8\\u09a4\\u09c1\\u09a8 \\u09ae\\u09be\\u09b0\\u09cd\\u099a\\u09c7\\u09a8\\u09cd\\u099f \\u09a8\\u09bf\\u09ac\\u09a8\\u09cd\\u09a7\\u09a8\\u09c7\\u09b0 \\u099c\\u09a8\\u09cd\\u09af \\u0995\\u09be\\u099c \\u0995\\u09b0\\u09be\"}','{\"\\u09a8\\u09a4\\u09c1\\u09a8 \\u09ae\\u09be\\u09b0\\u09cd\\u099a\\u09c7\\u09a8\\u09cd\\u099f \\u09a8\\u09bf\\u09ac\\u09a8\\u09cd\\u09a7\\u09a8\\u09c7\\u09b0 \\u099c\\u09a8\\u09cd\\u09af \\u0995\\u09be\\u099c \\u0995\\u09b0\\u09be\":\"\\u09a8\\u09a4\\u09c1\\u09a8 \\u09ae\\u09be\\u09b0\\u09cd\\u099a\\u09c7\\u09a8\\u09cd\\u099f \\u09a8\\u09bf\\u09ac\\u09a8\\u09cd\\u09a7\\u09a8\\u09c7\\u09b0 \\u099c\\u09a8\\u09cd\\u09af \\u0995\\u09be\\u099c \\u0995\\u09b0\\u09be\"}','Radio',3,'Active','2022-05-19 16:44:31','2022-05-19 16:44:31'),(14,'মার্কেট এ যেয়ে আপনাকে কোন কাজটি করতে হবে?','{\"\\u09b6\\u09c1\\u09a7\\u09c1 \\u09af\\u09c7\\u09b8\\u09ac \\u09ae\\u09be\\u09b0\\u09cd\\u099a\\u09c7\\u09a8\\u09cd\\u099f \\u09b2\\u09bf\\u09b8\\u09cd\\u099f\\u09c7 \\u09a8\\u09c7\\u0987 \\u09a4\\u09be\\u09a6\\u09c7\\u09b0 \\u09ad\\u09bf\\u099c\\u09bf\\u099f \\u0995\\u09b0\\u09be\":\"\\u09b6\\u09c1\\u09a7\\u09c1 \\u09af\\u09c7\\u09b8\\u09ac \\u09ae\\u09be\\u09b0\\u09cd\\u099a\\u09c7\\u09a8\\u09cd\\u099f \\u09b2\\u09bf\\u09b8\\u09cd\\u099f\\u09c7 \\u09a8\\u09c7\\u0987 \\u09a4\\u09be\\u09a6\\u09c7\\u09b0 \\u09ad\\u09bf\\u099c\\u09bf\\u099f \\u0995\\u09b0\\u09be\",\"\\u0995\\u09c7\\u0989 \\u09ae\\u09be\\u09b0\\u09cd\\u099a\\u09c7\\u09a8\\u09cd\\u099f \\u09b9\\u09a4\\u09c7 \\u099a\\u09be\\u09df \\u0995\\u09bf\\u09a8\\u09be \\u09b8\\u09c7 \\u09ac\\u09bf\\u09b7\\u09df\\u09c7 \\u0996\\u09cb\\u0981\\u099c \\u09b0\\u09be\\u0996\\u09be\":\"\\u0995\\u09c7\\u0989 \\u09ae\\u09be\\u09b0\\u09cd\\u099a\\u09c7\\u09a8\\u09cd\\u099f \\u09b9\\u09a4\\u09c7 \\u099a\\u09be\\u09df \\u0995\\u09bf\\u09a8\\u09be \\u09b8\\u09c7 \\u09ac\\u09bf\\u09b7\\u09df\\u09c7 \\u0996\\u09cb\\u0981\\u099c \\u09b0\\u09be\\u0996\\u09be\",\"\\u09ae\\u09be\\u09b0\\u09cd\\u099a\\u09c7\\u09a8\\u09cd\\u099f \\u0985\\u09cd\\u09af\\u09be\\u0995\\u09be\\u0989\\u09a8\\u09cd\\u099f \\u098f \\u099f\\u09c7\\u09b8\\u09cd\\u099f \\u09aa\\u09c7\\u09ae\\u09c7\\u09a8\\u09cd\\u099f \\u0995\\u09b0\\u09be\":\"\\u09ae\\u09be\\u09b0\\u09cd\\u099a\\u09c7\\u09a8\\u09cd\\u099f \\u0985\\u09cd\\u09af\\u09be\\u0995\\u09be\\u0989\\u09a8\\u09cd\\u099f \\u098f \\u099f\\u09c7\\u09b8\\u09cd\\u099f \\u09aa\\u09c7\\u09ae\\u09c7\\u09a8\\u09cd\\u099f \\u0995\\u09b0\\u09be\",\"\\u0995\\u09cb\\u09a8\\u0993 \\u09a6\\u09cb\\u0995\\u09be\\u09a8 \\u09ac\\u09be\\u0995\\u09bf \\u09a5\\u09be\\u0995\\u09c7 \\u09b8\\u09c7\\u0997\\u09c1\\u09b2\\u09be \\u09ae\\u09be\\u09b0\\u09cd\\u0995\\u09c7\\u099f \\u09b8\\u09cd\\u0995\\u09cd\\u09af\\u09be\\u09a8 \\u098f \\u0985\\u09a8\\u09cd\\u09a4\\u09b0\\u09cd\\u09ad\\u09c1\\u0995\\u09cd\\u09a4 \\u0995\\u09b0\\u09a4\\u09c7 \\u09b9\\u09ac\\u09c7\":\"\\u0995\\u09cb\\u09a8\\u0993 \\u09a6\\u09cb\\u0995\\u09be\\u09a8 \\u09ac\\u09be\\u0995\\u09bf \\u09a5\\u09be\\u0995\\u09c7 \\u09b8\\u09c7\\u0997\\u09c1\\u09b2\\u09be \\u09ae\\u09be\\u09b0\\u09cd\\u0995\\u09c7\\u099f \\u09b8\\u09cd\\u0995\\u09cd\\u09af\\u09be\\u09a8 \\u098f \\u0985\\u09a8\\u09cd\\u09a4\\u09b0\\u09cd\\u09ad\\u09c1\\u0995\\u09cd\\u09a4 \\u0995\\u09b0\\u09a4\\u09c7 \\u09b9\\u09ac\\u09c7\"}','{\"\\u0995\\u09c7\\u0989 \\u09ae\\u09be\\u09b0\\u09cd\\u099a\\u09c7\\u09a8\\u09cd\\u099f \\u09b9\\u09a4\\u09c7 \\u099a\\u09be\\u09df \\u0995\\u09bf\\u09a8\\u09be \\u09b8\\u09c7 \\u09ac\\u09bf\\u09b7\\u09df\\u09c7 \\u0996\\u09cb\\u0981\\u099c \\u09b0\\u09be\\u0996\\u09be\":\"\\u0995\\u09c7\\u0989 \\u09ae\\u09be\\u09b0\\u09cd\\u099a\\u09c7\\u09a8\\u09cd\\u099f \\u09b9\\u09a4\\u09c7 \\u099a\\u09be\\u09df \\u0995\\u09bf\\u09a8\\u09be \\u09b8\\u09c7 \\u09ac\\u09bf\\u09b7\\u09df\\u09c7 \\u0996\\u09cb\\u0981\\u099c \\u09b0\\u09be\\u0996\\u09be\",\"\\u0995\\u09cb\\u09a8\\u0993 \\u09a6\\u09cb\\u0995\\u09be\\u09a8 \\u09ac\\u09be\\u0995\\u09bf \\u09a5\\u09be\\u0995\\u09c7 \\u09b8\\u09c7\\u0997\\u09c1\\u09b2\\u09be \\u09ae\\u09be\\u09b0\\u09cd\\u0995\\u09c7\\u099f \\u09b8\\u09cd\\u0995\\u09cd\\u09af\\u09be\\u09a8 \\u098f \\u0985\\u09a8\\u09cd\\u09a4\\u09b0\\u09cd\\u09ad\\u09c1\\u0995\\u09cd\\u09a4 \\u0995\\u09b0\\u09a4\\u09c7 \\u09b9\\u09ac\\u09c7\":\"\\u0995\\u09cb\\u09a8\\u0993 \\u09a6\\u09cb\\u0995\\u09be\\u09a8 \\u09ac\\u09be\\u0995\\u09bf \\u09a5\\u09be\\u0995\\u09c7 \\u09b8\\u09c7\\u0997\\u09c1\\u09b2\\u09be \\u09ae\\u09be\\u09b0\\u09cd\\u0995\\u09c7\\u099f \\u09b8\\u09cd\\u0995\\u09cd\\u09af\\u09be\\u09a8 \\u098f \\u0985\\u09a8\\u09cd\\u09a4\\u09b0\\u09cd\\u09ad\\u09c1\\u0995\\u09cd\\u09a4 \\u0995\\u09b0\\u09a4\\u09c7 \\u09b9\\u09ac\\u09c7\"}','Multiselect',3,'Active','2022-05-19 16:45:45','2022-05-19 16:45:45'),(15,'বিক্রয় কি কি ভাবে করা যায়?','{\"\\u09b8\\u09b0\\u09be\\u09b8\\u09b0\\u09bf\":\"\\u09b8\\u09b0\\u09be\\u09b8\\u09b0\\u09bf\",\"\\u09b8\\u09c1\\u09aa\\u09cd\\u09a4 \\u0985\\u09ad\\u09be\\u09ac \\u099c\\u09be\\u0997\\u09cd\\u09b0\\u09a4 \\u0995\\u09b0\\u09c7\":\"\\u09b8\\u09c1\\u09aa\\u09cd\\u09a4 \\u0985\\u09ad\\u09be\\u09ac \\u099c\\u09be\\u0997\\u09cd\\u09b0\\u09a4 \\u0995\\u09b0\\u09c7\",\"\\u0985\\u09a8\\u09c1\\u09b0\\u09cb\\u09a7 \\u0995\\u09b0\\u09c7\":\"\\u0985\\u09a8\\u09c1\\u09b0\\u09cb\\u09a7 \\u0995\\u09b0\\u09c7\",\"\\u099c\\u09cb\\u09b0 \\u0995\\u09b0\\u09c7\":\"\\u099c\\u09cb\\u09b0 \\u0995\\u09b0\\u09c7\"}','{\"\\u09b8\\u09b0\\u09be\\u09b8\\u09b0\\u09bf\":\"\\u09b8\\u09b0\\u09be\\u09b8\\u09b0\\u09bf\",\"\\u09b8\\u09c1\\u09aa\\u09cd\\u09a4 \\u0985\\u09ad\\u09be\\u09ac \\u099c\\u09be\\u0997\\u09cd\\u09b0\\u09a4 \\u0995\\u09b0\\u09c7\":\"\\u09b8\\u09c1\\u09aa\\u09cd\\u09a4 \\u0985\\u09ad\\u09be\\u09ac \\u099c\\u09be\\u0997\\u09cd\\u09b0\\u09a4 \\u0995\\u09b0\\u09c7\",\"\\u0985\\u09a8\\u09c1\\u09b0\\u09cb\\u09a7 \\u0995\\u09b0\\u09c7\":\"\\u0985\\u09a8\\u09c1\\u09b0\\u09cb\\u09a7 \\u0995\\u09b0\\u09c7\"}','Multiselect',3,'Active','2022-05-19 16:56:11','2022-05-19 16:56:11'),(16,'ব্যালেন্স অপশনে কোন ব্যালেন্স দেখা যায়?','{\"\\u0986\\u09aa\\u09a8\\u09be\\u09b0 \\u09ac\\u09cd\\u09af\\u09be\\u0982\\u0995 \\u09ac\\u09cd\\u09af\\u09be\\u09b2\\u09c7\\u09a8\\u09cd\\u09b8\":\"\\u0986\\u09aa\\u09a8\\u09be\\u09b0 \\u09ac\\u09cd\\u09af\\u09be\\u0982\\u0995 \\u09ac\\u09cd\\u09af\\u09be\\u09b2\\u09c7\\u09a8\\u09cd\\u09b8\",\"\\u0986\\u09aa\\u09a8\\u09be\\u09b0 \\u0987\\u099c\\u09bf \\u09ae\\u09be\\u09b0\\u09cd\\u099a\\u09c7\\u09a8\\u09cd\\u099f \\u0985\\u09cd\\u09af\\u09be\\u09aa \\u098f \\u09a5\\u09be\\u0995\\u09be \\u09ac\\u09cd\\u09af\\u09be\\u09b2\\u09c7\\u09a8\\u09cd\\u09b8\":\"\\u0986\\u09aa\\u09a8\\u09be\\u09b0 \\u0987\\u099c\\u09bf \\u09ae\\u09be\\u09b0\\u09cd\\u099a\\u09c7\\u09a8\\u09cd\\u099f \\u0985\\u09cd\\u09af\\u09be\\u09aa \\u098f \\u09a5\\u09be\\u0995\\u09be \\u09ac\\u09cd\\u09af\\u09be\\u09b2\\u09c7\\u09a8\\u09cd\\u09b8\",\"\\u0995\\u09a4 \\u099f\\u09be\\u0995\\u09be \\u09ac\\u09cd\\u09af\\u09be\\u0982\\u0995 \\u09b8\\u09c7\\u099f\\u09c7\\u09b2\\u09ae\\u09c7\\u09a8\\u09cd\\u099f \\u0995\\u09b0\\u09be \\u09b9\\u09df\\u09c7\\u099b\\u09c7\":\"\\u0995\\u09a4 \\u099f\\u09be\\u0995\\u09be \\u09ac\\u09cd\\u09af\\u09be\\u0982\\u0995 \\u09b8\\u09c7\\u099f\\u09c7\\u09b2\\u09ae\\u09c7\\u09a8\\u09cd\\u099f \\u0995\\u09b0\\u09be \\u09b9\\u09df\\u09c7\\u099b\\u09c7\",\"\\u0995\\u09a4 \\u099f\\u09be\\u0995\\u09be \\u099f\\u09aa \\u0986\\u09aa \\u0995\\u09b0\\u09be \\u09af\\u09be\\u09ac\\u09c7\":\"\\u0995\\u09a4 \\u099f\\u09be\\u0995\\u09be \\u099f\\u09aa \\u0986\\u09aa \\u0995\\u09b0\\u09be \\u09af\\u09be\\u09ac\\u09c7\"}','{\"\\u0986\\u09aa\\u09a8\\u09be\\u09b0 \\u0987\\u099c\\u09bf \\u09ae\\u09be\\u09b0\\u09cd\\u099a\\u09c7\\u09a8\\u09cd\\u099f \\u0985\\u09cd\\u09af\\u09be\\u09aa \\u098f \\u09a5\\u09be\\u0995\\u09be \\u09ac\\u09cd\\u09af\\u09be\\u09b2\\u09c7\\u09a8\\u09cd\\u09b8\":\"\\u0986\\u09aa\\u09a8\\u09be\\u09b0 \\u0987\\u099c\\u09bf \\u09ae\\u09be\\u09b0\\u09cd\\u099a\\u09c7\\u09a8\\u09cd\\u099f \\u0985\\u09cd\\u09af\\u09be\\u09aa \\u098f \\u09a5\\u09be\\u0995\\u09be \\u09ac\\u09cd\\u09af\\u09be\\u09b2\\u09c7\\u09a8\\u09cd\\u09b8\"}','Radio',4,'Active','2022-05-23 17:10:04','2022-05-23 17:10:04'),(17,'ড্যাশবোর্ডের কোন অপশন থেকে আমরা কাস্টোমাইজড / ডাইনামিক কিউআর তৈরী করতে পারি?','{\"\\u09aa\\u09c7\\u09ae\\u09c7\\u09a8\\u09cd\\u099f \\u0997\\u09cd\\u09b0\\u09b9\\u09a8 \\u0995\\u09b0\\u09c1\\u09a8\":\"\\u09aa\\u09c7\\u09ae\\u09c7\\u09a8\\u09cd\\u099f \\u0997\\u09cd\\u09b0\\u09b9\\u09a8 \\u0995\\u09b0\\u09c1\\u09a8\",\"\\u09b9\\u09be\\u09b2\\u0996\\u09be\\u09a4\\u09be\":\"\\u09b9\\u09be\\u09b2\\u0996\\u09be\\u09a4\\u09be\",\"\\u0995\\u09bf\\u0989\\u0986\\u09b0\":\"\\u0995\\u09bf\\u0989\\u0986\\u09b0\",\"\\u0985\\u09a8\\u09cd\\u09af\\u09be\\u09a8\\u09cd\\u09af \\u09b8\\u09c7\\u09ac\\u09be\\u09b8\\u09ae\\u09c2\\u09b9\":\"\\u0985\\u09a8\\u09cd\\u09af\\u09be\\u09a8\\u09cd\\u09af \\u09b8\\u09c7\\u09ac\\u09be\\u09b8\\u09ae\\u09c2\\u09b9\"}','{\"\\u09aa\\u09c7\\u09ae\\u09c7\\u09a8\\u09cd\\u099f \\u0997\\u09cd\\u09b0\\u09b9\\u09a8 \\u0995\\u09b0\\u09c1\\u09a8\":\"\\u09aa\\u09c7\\u09ae\\u09c7\\u09a8\\u09cd\\u099f \\u0997\\u09cd\\u09b0\\u09b9\\u09a8 \\u0995\\u09b0\\u09c1\\u09a8\"}','Radio',4,'Active','2022-05-23 17:10:47','2022-05-23 17:10:47'),(18,'একজন সাধারন মার্চেন্ট কোন অপশনের মাধ্যমে তার বিক্রির রেকর্ড রাখবেন?','{\"\\u09aa\\u09cd\\u09b0\\u09cb\\u09a1\\u09be\\u0995\\u09cd\\u099f \\u09b8\\u09b9 \\u09ac\\u09bf\\u0995\\u09cd\\u09b0\\u09bf\":\"\\u09aa\\u09cd\\u09b0\\u09cb\\u09a1\\u09be\\u0995\\u09cd\\u099f \\u09b8\\u09b9 \\u09ac\\u09bf\\u0995\\u09cd\\u09b0\\u09bf\",\"\\u09aa\\u09cd\\u09b0\\u09cb\\u09a1\\u09be\\u0995\\u09cd\\u099f \\u099b\\u09be\\u09dc\\u09be \\u09ac\\u09bf\\u0995\\u09cd\\u09b0\\u09bf\":\"\\u09aa\\u09cd\\u09b0\\u09cb\\u09a1\\u09be\\u0995\\u09cd\\u099f \\u099b\\u09be\\u09dc\\u09be \\u09ac\\u09bf\\u0995\\u09cd\\u09b0\\u09bf\",\"\\u09a6\\u09c1\\u099f\\u09cb\\u0987\":\"\\u09a6\\u09c1\\u099f\\u09cb\\u0987\"}','{\"\\u09aa\\u09cd\\u09b0\\u09cb\\u09a1\\u09be\\u0995\\u09cd\\u099f \\u099b\\u09be\\u09dc\\u09be \\u09ac\\u09bf\\u0995\\u09cd\\u09b0\\u09bf\":\"\\u09aa\\u09cd\\u09b0\\u09cb\\u09a1\\u09be\\u0995\\u09cd\\u099f \\u099b\\u09be\\u09dc\\u09be \\u09ac\\u09bf\\u0995\\u09cd\\u09b0\\u09bf\"}','Radio',4,'Active','2022-05-23 17:12:24','2022-05-23 17:12:24'),(19,'বিক্রির রেকর্ড অপশনে ক্যালকুলেটরে কি আমরা একাধিক পণ্যের মুল্য যোগ করে হিসেব করতে পারি?','{\"\\u09b9\\u09cd\\u09af\\u09be\\u0981 \\u09aa\\u09be\\u09b0\\u09bf\":\"\\u09b9\\u09cd\\u09af\\u09be\\u0981 \\u09aa\\u09be\\u09b0\\u09bf\",\"\\u09a8\\u09be \\u09aa\\u09be\\u09b0\\u09bf \\u09a8\\u09be\":\"\\u09a8\\u09be \\u09aa\\u09be\\u09b0\\u09bf \\u09a8\\u09be\"}','{\"\\u09b9\\u09cd\\u09af\\u09be\\u0981 \\u09aa\\u09be\\u09b0\\u09bf\":\"\\u09b9\\u09cd\\u09af\\u09be\\u0981 \\u09aa\\u09be\\u09b0\\u09bf\"}','Radio',4,'Active','2022-05-23 17:12:57','2022-05-23 17:12:57'),(20,'আমরা কাস্টোমারের তথ্য সংরক্ষন করে রাখার জন্য বা পরিচিত কাস্টমারের কাছে বিক্রির ক্ষেত্রে বিক্রয় ক্যালকুলেটর থেকে কোন অপশন সিলেক্ট করতে হবে?','{\"\\u09a6\\u09cd\\u09b0\\u09c1\\u09a4\":\"\\u09a6\\u09cd\\u09b0\\u09c1\\u09a4\",\"\\u09ac\\u09bf\\u09b8\\u09cd\\u09a4\\u09be\\u09b0\\u09bf\\u09a4\":\"\\u09ac\\u09bf\\u09b8\\u09cd\\u09a4\\u09be\\u09b0\\u09bf\\u09a4\",\"\\u09aa\\u09cd\\u09b0\\u09cb\\u09a1\\u09be\\u0995\\u09cd\\u099f \\u09b8\\u09b9\":\"\\u09aa\\u09cd\\u09b0\\u09cb\\u09a1\\u09be\\u0995\\u09cd\\u099f \\u09b8\\u09b9\",\"\\u09aa\\u09cd\\u09b0\\u09cb\\u09a1\\u09be\\u0995\\u09cd\\u099f \\u099b\\u09be\\u09dc\\u09be\":\"\\u09aa\\u09cd\\u09b0\\u09cb\\u09a1\\u09be\\u0995\\u09cd\\u099f \\u099b\\u09be\\u09dc\\u09be\"}','{\"\\u09ac\\u09bf\\u09b8\\u09cd\\u09a4\\u09be\\u09b0\\u09bf\\u09a4\":\"\\u09ac\\u09bf\\u09b8\\u09cd\\u09a4\\u09be\\u09b0\\u09bf\\u09a4\"}','Radio',4,'Active','2022-05-23 17:15:52','2022-05-23 17:15:52'),(21,'কোন পুরোন কাস্টমার ৮৯৫ টাকার বাজার করে ৯০০ টাকা দিলেন। বিক্রির বিস্তারিত ট্যাব এ তা সেভ করতে হলে কোন অপশনের আন্ডারে তা সেভ করতে হবে?','{\"\\u09aa\\u09c1\\u09b0\\u09cb\\u09aa\\u09c1\\u09b0\\u09bf\":\"\\u09aa\\u09c1\\u09b0\\u09cb\\u09aa\\u09c1\\u09b0\\u09bf\",\"\\u0986\\u0982\\u09b6\\u09bf\\u0995\":\"\\u0986\\u0982\\u09b6\\u09bf\\u0995\",\"\\u09b8\\u09ae\\u09cd\\u09aa\\u09c1\\u09b0\\u09cd\\u09a8\":\"\\u09b8\\u09ae\\u09cd\\u09aa\\u09c1\\u09b0\\u09cd\\u09a8\",\"\\u09ac\\u09be\\u09dc\\u09a4\\u09bf\":\"\\u09ac\\u09be\\u09dc\\u09a4\\u09bf\"}','{\"\\u09b8\\u09ae\\u09cd\\u09aa\\u09c1\\u09b0\\u09cd\\u09a8\":\"\\u09b8\\u09ae\\u09cd\\u09aa\\u09c1\\u09b0\\u09cd\\u09a8\"}','Radio',4,'Active','2022-05-23 17:16:39','2022-05-23 17:16:39'),(22,'একজন কাস্টোমার মাসের বাজার করেছেন আপনার দোকানে, কিন্তু টাকা দিতে গিয়ে দেখলেন তাঁর কাছে ৩০০ টাকা কম আছে। আপনি তাকে ৩০০ টাকা বাকি রেখে যেতে বললেন। এই বিক্রির রেকর্ড আপনি Easy Merchant App এ বিক্রি ট্যাব এ কিভাবে রেকর্ড করবেন?','{\"\\u09b8\\u09ae\\u09cd\\u09aa\\u09c1\\u09b0\\u09cd\\u09a3 \\u09aa\\u09c7\\u09ae\\u09c7\\u09a8\\u09cd\\u099f \\u09b9\\u09bf\\u09b8\\u09c7\\u09ac\\u09c7\":\"\\u09b8\\u09ae\\u09cd\\u09aa\\u09c1\\u09b0\\u09cd\\u09a3 \\u09aa\\u09c7\\u09ae\\u09c7\\u09a8\\u09cd\\u099f \\u09b9\\u09bf\\u09b8\\u09c7\\u09ac\\u09c7\",\"\\u0986\\u0982\\u09b6\\u09bf\\u0995 \\u09aa\\u09c7\\u09ae\\u09c7\\u09a8\\u09cd\\u099f \\u09b9\\u09bf\\u09b8\\u09c7\\u09ac\\u09c7\":\"\\u0986\\u0982\\u09b6\\u09bf\\u0995 \\u09aa\\u09c7\\u09ae\\u09c7\\u09a8\\u09cd\\u099f \\u09b9\\u09bf\\u09b8\\u09c7\\u09ac\\u09c7\",\"\\u0995\\u09bf\\u0989\\u0986\\u09b0 \\u09aa\\u09c7\\u09ae\\u09c7\\u09a8\\u09cd\\u099f \\u09b9\\u09bf\\u09b8\\u09c7\\u09ac\\u09c7\":\"\\u0995\\u09bf\\u0989\\u0986\\u09b0 \\u09aa\\u09c7\\u09ae\\u09c7\\u09a8\\u09cd\\u099f \\u09b9\\u09bf\\u09b8\\u09c7\\u09ac\\u09c7\",\"\\u0995\\u09cd\\u09af\\u09be\\u09b6 \\u09aa\\u09c7\\u09ae\\u09c7\\u09a8\\u09cd\\u099f \\u09b9\\u09bf\\u09b8\\u09c7\\u09ac\\u09c7\":\"\\u0995\\u09cd\\u09af\\u09be\\u09b6 \\u09aa\\u09c7\\u09ae\\u09c7\\u09a8\\u09cd\\u099f \\u09b9\\u09bf\\u09b8\\u09c7\\u09ac\\u09c7\"}','{\"\\u0986\\u0982\\u09b6\\u09bf\\u0995 \\u09aa\\u09c7\\u09ae\\u09c7\\u09a8\\u09cd\\u099f \\u09b9\\u09bf\\u09b8\\u09c7\\u09ac\\u09c7\":\"\\u0986\\u0982\\u09b6\\u09bf\\u0995 \\u09aa\\u09c7\\u09ae\\u09c7\\u09a8\\u09cd\\u099f \\u09b9\\u09bf\\u09b8\\u09c7\\u09ac\\u09c7\"}','Radio',4,'Active','2022-05-23 17:17:35','2022-05-23 17:17:35'),(23,'আংশিক পেমেন্ট এর ক্ষেত্রে অপরিশোধিত টাকার পরিমান কোথায় জমা হয়?','{\"\\u09ac\\u09bf\\u0995\\u09cd\\u09b0\\u09bf\\u09b0 \\u09b0\\u09bf\\u09aa\\u09cb\\u09b0\\u09cd\\u099f\":\"\\u09ac\\u09bf\\u0995\\u09cd\\u09b0\\u09bf\\u09b0 \\u09b0\\u09bf\\u09aa\\u09cb\\u09b0\\u09cd\\u099f\",\"\\u09b9\\u09be\\u09b2\\u0996\\u09be\\u09a4\\u09be\":\"\\u09b9\\u09be\\u09b2\\u0996\\u09be\\u09a4\\u09be\",\"\\u09b2\\u09c7\\u09a8\\u09a6\\u09c7\\u09a8\":\"\\u09b2\\u09c7\\u09a8\\u09a6\\u09c7\\u09a8\",\"\\u09ac\\u09be\\u0995\\u09bf\":\"\\u09ac\\u09be\\u0995\\u09bf\"}','{\"\\u09b9\\u09be\\u09b2\\u0996\\u09be\\u09a4\\u09be\":\"\\u09b9\\u09be\\u09b2\\u0996\\u09be\\u09a4\\u09be\"}','Radio',4,'Active','2022-05-23 17:18:21','2022-05-23 17:18:21'),(24,'আংশিক পেমেন্টের ক্ষেত্রে কাস্টোমারকে সর্বনিম্ন কত টাকা পেমেন্ট করতে হবে?','{\"\\u09e7%\":\"\\u09e7%\",\"\\u09e7 \\u099f\\u09be\\u0995\\u09be\":\"\\u09e7 \\u099f\\u09be\\u0995\\u09be\",\"\\u09e7\\u09e6 \\u099f\\u09be\\u0995\\u09be\":\"\\u09e7\\u09e6 \\u099f\\u09be\\u0995\\u09be\",\"\\u09e7\\u09e6\\u09e6 \\u099f\\u09be\\u0995\\u09be\":\"\\u09e7\\u09e6\\u09e6 \\u099f\\u09be\\u0995\\u09be\"}','{\"\\u09e7 \\u099f\\u09be\\u0995\\u09be\":\"\\u09e7 \\u099f\\u09be\\u0995\\u09be\"}','Radio',4,'Active','2022-05-23 17:19:13','2022-05-23 17:19:13'),(25,'কাস্টোমার আপনাকে ফোন করে বললেন ভাই আপনি আমাকে বাজারের হিসেব করে মোট কত টাকা হয়েছে তার কিউআর পাঠিয়ে দিয়েন। মোট বাজার যদি ৯৬৭ টাকার হয় তাহলে আপনি তাকে কোন অপশন থেকে ডাইনামিক কিউআর বানিয়ে পাঠাবেন?','{\"\\u0995\\u09bf\\u0989\\u0986\\u09b0\":\"\\u0995\\u09bf\\u0989\\u0986\\u09b0\",\"\\u09aa\\u09c7\\u09ae\\u09c7\\u09a8\\u09cd\\u099f \\u0997\\u09cd\\u09b0\\u09b9\\u09a8 \\u0995\\u09b0\\u09c1\\u09a8\":\"\\u09aa\\u09c7\\u09ae\\u09c7\\u09a8\\u09cd\\u099f \\u0997\\u09cd\\u09b0\\u09b9\\u09a8 \\u0995\\u09b0\\u09c1\\u09a8\",\"\\u09ac\\u09bf\\u0995\\u09cd\\u09b0\\u09bf\":\"\\u09ac\\u09bf\\u0995\\u09cd\\u09b0\\u09bf\",\"\\u09b9\\u09be\\u09b2\\u0996\\u09be\\u09a4\\u09be\":\"\\u09b9\\u09be\\u09b2\\u0996\\u09be\\u09a4\\u09be\"}','{\"\\u09aa\\u09c7\\u09ae\\u09c7\\u09a8\\u09cd\\u099f \\u0997\\u09cd\\u09b0\\u09b9\\u09a8 \\u0995\\u09b0\\u09c1\\u09a8\":\"\\u09aa\\u09c7\\u09ae\\u09c7\\u09a8\\u09cd\\u099f \\u0997\\u09cd\\u09b0\\u09b9\\u09a8 \\u0995\\u09b0\\u09c1\\u09a8\"}','Radio',4,'Active','2022-05-23 17:20:21','2022-05-23 17:20:21'),(26,'কিউআর এ পেমেন্ট গ্রহন করলে তা কোথায় জমা হয়?','{\"\\u09ae\\u09be\\u09b0\\u09cd\\u099a\\u09c7\\u09a8\\u09cd\\u099f \\u098f\\u09b0 \\u09ac\\u09cd\\u09af\\u09be\\u0982\\u0995 \\u098f\\u0995\\u09be\\u0989\\u09a8\\u09cd\\u099f \\u098f\":\"\\u09ae\\u09be\\u09b0\\u09cd\\u099a\\u09c7\\u09a8\\u09cd\\u099f \\u098f\\u09b0 \\u09ac\\u09cd\\u09af\\u09be\\u0982\\u0995 \\u098f\\u0995\\u09be\\u0989\\u09a8\\u09cd\\u099f \\u098f\",\"\\u09ae\\u09be\\u09b0\\u09cd\\u099a\\u09c7\\u09a8\\u09cd\\u099f \\u098f\\u09b0 \\u0987\\u099c\\u09bf \\u09ae\\u09be\\u09b0\\u09cd\\u099a\\u09c7\\u09a8\\u09cd\\u099f \\u098f\\u0995\\u09be\\u0989\\u09a8\\u09cd\\u099f \\u098f\":\"\\u09ae\\u09be\\u09b0\\u09cd\\u099a\\u09c7\\u09a8\\u09cd\\u099f \\u098f\\u09b0 \\u0987\\u099c\\u09bf \\u09ae\\u09be\\u09b0\\u09cd\\u099a\\u09c7\\u09a8\\u09cd\\u099f \\u098f\\u0995\\u09be\\u0989\\u09a8\\u09cd\\u099f \\u098f\",\"\\u09ae\\u09be\\u09b0\\u09cd\\u099a\\u09c7\\u09a8\\u09cd\\u099f \\u098f\\u09b0 \\u09ac\\u09bf\\u0995\\u09be\\u09b6 \\u098f\\u0995\\u09be\\u0989\\u09a8\\u09cd\\u099f \\u098f\":\"\\u09ae\\u09be\\u09b0\\u09cd\\u099a\\u09c7\\u09a8\\u09cd\\u099f \\u098f\\u09b0 \\u09ac\\u09bf\\u0995\\u09be\\u09b6 \\u098f\\u0995\\u09be\\u0989\\u09a8\\u09cd\\u099f \\u098f\"}','{\"\\u09ae\\u09be\\u09b0\\u09cd\\u099a\\u09c7\\u09a8\\u09cd\\u099f \\u098f\\u09b0 \\u0987\\u099c\\u09bf \\u09ae\\u09be\\u09b0\\u09cd\\u099a\\u09c7\\u09a8\\u09cd\\u099f \\u098f\\u0995\\u09be\\u0989\\u09a8\\u09cd\\u099f \\u098f\":\"\\u09ae\\u09be\\u09b0\\u09cd\\u099a\\u09c7\\u09a8\\u09cd\\u099f \\u098f\\u09b0 \\u0987\\u099c\\u09bf \\u09ae\\u09be\\u09b0\\u09cd\\u099a\\u09c7\\u09a8\\u09cd\\u099f \\u098f\\u0995\\u09be\\u0989\\u09a8\\u09cd\\u099f \\u098f\"}','Radio',4,'Active','2022-05-24 11:45:04','2022-05-24 11:45:04'),(27,'মার্চেন্ট কোন অপশন থেকে টপ আপ সার্ভিস দিতে পারবেন?','{\"\\u09aa\\u09c7\\u09ae\\u09c7\\u09a8\\u09cd\\u099f \\u0997\\u09cd\\u09b0\\u09b9\\u09a8 \\u0995\\u09b0\\u09c1\\u09a8\":\"\\u09aa\\u09c7\\u09ae\\u09c7\\u09a8\\u09cd\\u099f \\u0997\\u09cd\\u09b0\\u09b9\\u09a8 \\u0995\\u09b0\\u09c1\\u09a8\",\"\\u0985\\u09a8\\u09cd\\u09af\\u09be\\u09a8\\u09cd\\u09af \\u09b8\\u09c7\\u09ac\\u09be\\u09b8\\u09ae\\u09c1\\u09b9\":\"\\u0985\\u09a8\\u09cd\\u09af\\u09be\\u09a8\\u09cd\\u09af \\u09b8\\u09c7\\u09ac\\u09be\\u09b8\\u09ae\\u09c1\\u09b9\",\"\\u0986\\u09b0\\u09cb\":\"\\u0986\\u09b0\\u09cb\",\"\\u09ac\\u09bf\\u0995\\u09cd\\u09b0\\u09df\":\"\\u09ac\\u09bf\\u0995\\u09cd\\u09b0\\u09df\"}','{\"\\u0985\\u09a8\\u09cd\\u09af\\u09be\\u09a8\\u09cd\\u09af \\u09b8\\u09c7\\u09ac\\u09be\\u09b8\\u09ae\\u09c1\\u09b9\":\"\\u0985\\u09a8\\u09cd\\u09af\\u09be\\u09a8\\u09cd\\u09af \\u09b8\\u09c7\\u09ac\\u09be\\u09b8\\u09ae\\u09c1\\u09b9\"}','Radio',4,'Active','2022-05-24 11:45:56','2022-05-24 11:45:56'),(28,'নীচের কোন অপারেটর এ রিচার্জ করা যায় না?','{\"\\u0997\\u09cd\\u09b0\\u09be\\u09ae\\u09c0\\u09a8\":\"\\u0997\\u09cd\\u09b0\\u09be\\u09ae\\u09c0\\u09a8\",\"\\u09ac\\u09be\\u0982\\u09b2\\u09be\\u09b2\\u09bf\\u0999\\u09cd\\u0995\":\"\\u09ac\\u09be\\u0982\\u09b2\\u09be\\u09b2\\u09bf\\u0999\\u09cd\\u0995\",\"\\u09b0\\u09ac\\u09bf\":\"\\u09b0\\u09ac\\u09bf\",\"\\u099f\\u09c7\\u09b2\\u09bf\\u099f\\u0995\":\"\\u099f\\u09c7\\u09b2\\u09bf\\u099f\\u0995\",\"\\u09b8\\u09ac\\u0997\\u09c1\\u09b2\\u09cb\\u09a4\\u09c7 \\u0995\\u09b0\\u09be \\u09af\\u09be\\u09df\":\"\\u09b8\\u09ac\\u0997\\u09c1\\u09b2\\u09cb\\u09a4\\u09c7 \\u0995\\u09b0\\u09be \\u09af\\u09be\\u09df\"}','{\"\\u09b8\\u09ac\\u0997\\u09c1\\u09b2\\u09cb\\u09a4\\u09c7 \\u0995\\u09b0\\u09be \\u09af\\u09be\\u09df\":\"\\u09b8\\u09ac\\u0997\\u09c1\\u09b2\\u09cb\\u09a4\\u09c7 \\u0995\\u09b0\\u09be \\u09af\\u09be\\u09df\"}','Radio',4,'Active','2022-05-24 11:54:27','2022-05-24 11:54:27'),(29,'আমাদের কাস্টোমার সার্ভিস নাম্বার কত?','{\"\\u09e6\\u09ef\\u09ec\\u09e7\\u09e8 \\u09e9\\u09e9\\u09e9 \\u09ed\\u09ed\\u09ed\":\"\\u09e6\\u09ef\\u09ec\\u09e7\\u09e8 \\u09e9\\u09e9\\u09e9 \\u09ed\\u09ed\\u09ed\",\"\\u09e7\\u09e8\\u09e7\":\"\\u09e7\\u09e8\\u09e7\",\"\\u09e6\\u09ef\\u09ec\\u09e7\\u09e8 \\u09eb\\u09eb\\u09eb \\u09ee\\u09ee\\u09ee\":\"\\u09e6\\u09ef\\u09ec\\u09e7\\u09e8 \\u09eb\\u09eb\\u09eb \\u09ee\\u09ee\\u09ee\",\"\\u09e6\\u09ef\\u09ec\\u09e7\\u09e8 \\u09e8\\u09e8\\u09e8 \\u09ed\\u09ed\\u09ed\":\"\\u09e6\\u09ef\\u09ec\\u09e7\\u09e8 \\u09e8\\u09e8\\u09e8 \\u09ed\\u09ed\\u09ed\"}','{\"\\u09e6\\u09ef\\u09ec\\u09e7\\u09e8 \\u09e8\\u09e8\\u09e8 \\u09ed\\u09ed\\u09ed\":\"\\u09e6\\u09ef\\u09ec\\u09e7\\u09e8 \\u09e8\\u09e8\\u09e8 \\u09ed\\u09ed\\u09ed\"}','Radio',4,'Active','2022-05-24 11:55:36','2022-05-24 11:55:36'),(30,'হালখাতা ব্যবহারে আপনার কোন কাজ টি মেনুয়াল হিসাব রাখার চাইতে সহজ হয়? (একাধিক উত্তর হবে)','{\"\\u0995\\u09cb\\u09a8 \\u0995\\u09be\\u09b8\\u09cd\\u099f\\u09cb\\u09ae\\u09be\\u09b0 \\u0995\\u09ac\\u09c7 \\u099f\\u09be\\u0995\\u09be \\u09a6\\u09bf\\u09ac\\u09c7 \\u09a4\\u09be \\u09b8\\u09b9\\u099c\\u09c7 \\u099c\\u09be\\u09a8\\u09a4\\u09c7 \\u09aa\\u09be\\u09b0\\u09c7\\u09a8\":\"\\u0995\\u09cb\\u09a8 \\u0995\\u09be\\u09b8\\u09cd\\u099f\\u09cb\\u09ae\\u09be\\u09b0 \\u0995\\u09ac\\u09c7 \\u099f\\u09be\\u0995\\u09be \\u09a6\\u09bf\\u09ac\\u09c7 \\u09a4\\u09be \\u09b8\\u09b9\\u099c\\u09c7 \\u099c\\u09be\\u09a8\\u09a4\\u09c7 \\u09aa\\u09be\\u09b0\\u09c7\\u09a8\",\"\\u0995\\u09cb\\u09a8 \\u0995\\u09be\\u09b8\\u09cd\\u099f\\u09cb\\u09ae\\u09be\\u09b0 \\u099f\\u09be\\u0995\\u09be \\u09ab\\u09c7\\u09b0\\u09ce \\u09a6\\u09bf\\u09df\\u09c7\\u099b\\u09c7\\u09a8 \\u0995\\u09bf \\u09a8\\u09be \\u09a4\\u09be \\u09a6\\u09c7\\u0996\\u09be \\u09af\\u09be\\u09df\":\"\\u0995\\u09cb\\u09a8 \\u0995\\u09be\\u09b8\\u09cd\\u099f\\u09cb\\u09ae\\u09be\\u09b0 \\u099f\\u09be\\u0995\\u09be \\u09ab\\u09c7\\u09b0\\u09ce \\u09a6\\u09bf\\u09df\\u09c7\\u099b\\u09c7\\u09a8 \\u0995\\u09bf \\u09a8\\u09be \\u09a4\\u09be \\u09a6\\u09c7\\u0996\\u09be \\u09af\\u09be\\u09df\",\"\\u0995\\u09be\\u09b8\\u09cd\\u099f\\u09cb\\u09ae\\u09be\\u09b0\\u0995\\u09c7 \\u09b0\\u09bf\\u09ae\\u09be\\u0987\\u09a8\\u09cd\\u09a1\\u09be\\u09b0 \\u098f\\u09b8\\u098f\\u09ae\\u098f\\u09b8 \\u09aa\\u09be\\u09a0\\u09be\\u09a4\\u09c7 \\u09aa\\u09be\\u09b0\\u09c7\\u09a8\":\"\\u0995\\u09be\\u09b8\\u09cd\\u099f\\u09cb\\u09ae\\u09be\\u09b0\\u0995\\u09c7 \\u09b0\\u09bf\\u09ae\\u09be\\u0987\\u09a8\\u09cd\\u09a1\\u09be\\u09b0 \\u098f\\u09b8\\u098f\\u09ae\\u098f\\u09b8 \\u09aa\\u09be\\u09a0\\u09be\\u09a4\\u09c7 \\u09aa\\u09be\\u09b0\\u09c7\\u09a8\",\"\\u0995\\u09be\\u09b8\\u09cd\\u099f\\u09cb\\u09ae\\u09be\\u09b0 \\u098f\\u09b0 \\u0995\\u09be\\u099b\\u09c7 \\u099f\\u09be\\u0995\\u09be \\u09aa\\u09be\\u0993\\u09df\\u09be\":\"\\u0995\\u09be\\u09b8\\u09cd\\u099f\\u09cb\\u09ae\\u09be\\u09b0 \\u098f\\u09b0 \\u0995\\u09be\\u099b\\u09c7 \\u099f\\u09be\\u0995\\u09be \\u09aa\\u09be\\u0993\\u09df\\u09be\"}','{\"\\u0995\\u09cb\\u09a8 \\u0995\\u09be\\u09b8\\u09cd\\u099f\\u09cb\\u09ae\\u09be\\u09b0 \\u0995\\u09ac\\u09c7 \\u099f\\u09be\\u0995\\u09be \\u09a6\\u09bf\\u09ac\\u09c7 \\u09a4\\u09be \\u09b8\\u09b9\\u099c\\u09c7 \\u099c\\u09be\\u09a8\\u09a4\\u09c7 \\u09aa\\u09be\\u09b0\\u09c7\\u09a8\":\"\\u0995\\u09cb\\u09a8 \\u0995\\u09be\\u09b8\\u09cd\\u099f\\u09cb\\u09ae\\u09be\\u09b0 \\u0995\\u09ac\\u09c7 \\u099f\\u09be\\u0995\\u09be \\u09a6\\u09bf\\u09ac\\u09c7 \\u09a4\\u09be \\u09b8\\u09b9\\u099c\\u09c7 \\u099c\\u09be\\u09a8\\u09a4\\u09c7 \\u09aa\\u09be\\u09b0\\u09c7\\u09a8\",\"\\u0995\\u09be\\u09b8\\u09cd\\u099f\\u09cb\\u09ae\\u09be\\u09b0\\u0995\\u09c7 \\u09b0\\u09bf\\u09ae\\u09be\\u0987\\u09a8\\u09cd\\u09a1\\u09be\\u09b0 \\u098f\\u09b8\\u098f\\u09ae\\u098f\\u09b8 \\u09aa\\u09be\\u09a0\\u09be\\u09a4\\u09c7 \\u09aa\\u09be\\u09b0\\u09c7\\u09a8\":\"\\u0995\\u09be\\u09b8\\u09cd\\u099f\\u09cb\\u09ae\\u09be\\u09b0\\u0995\\u09c7 \\u09b0\\u09bf\\u09ae\\u09be\\u0987\\u09a8\\u09cd\\u09a1\\u09be\\u09b0 \\u098f\\u09b8\\u098f\\u09ae\\u098f\\u09b8 \\u09aa\\u09be\\u09a0\\u09be\\u09a4\\u09c7 \\u09aa\\u09be\\u09b0\\u09c7\\u09a8\"}','Multiselect',4,'Active','2022-05-24 11:58:59','2022-05-24 11:58:59'),(31,'আমরা কোন অপশনের মাধ্যমে আমাদের অ্যাপ এ থাকা টাকা ব্যাংক একাউন্টে পাঠাতে পারি?','{\"\\u09ac\\u09bf\\u0995\\u09cd\\u09b0\\u09df\\u09c7\\u09b0 \\u09b0\\u09bf\\u09aa\\u09cb\\u09b0\\u09cd\\u099f\":\"\\u09ac\\u09bf\\u0995\\u09cd\\u09b0\\u09df\\u09c7\\u09b0 \\u09b0\\u09bf\\u09aa\\u09cb\\u09b0\\u09cd\\u099f\",\"\\u09b9\\u09be\\u09b2\\u0996\\u09be\\u09a4\\u09be\":\"\\u09b9\\u09be\\u09b2\\u0996\\u09be\\u09a4\\u09be\",\"\\u09b8\\u09c7\\u099f\\u09c7\\u09b2\\u09ae\\u09c7\\u09a8\\u09cd\\u099f\":\"\\u09b8\\u09c7\\u099f\\u09c7\\u09b2\\u09ae\\u09c7\\u09a8\\u09cd\\u099f\",\"\\u09ac\\u09cd\\u09af\\u09be\\u0982\\u0995 \\u099f\\u09cd\\u09b0\\u09be\\u09a8\\u09cd\\u09b8\\u09ab\\u09be\\u09b0\":\"\\u09ac\\u09cd\\u09af\\u09be\\u0982\\u0995 \\u099f\\u09cd\\u09b0\\u09be\\u09a8\\u09cd\\u09b8\\u09ab\\u09be\\u09b0\"}','{\"\\u09b8\\u09c7\\u099f\\u09c7\\u09b2\\u09ae\\u09c7\\u09a8\\u09cd\\u099f\":\"\\u09b8\\u09c7\\u099f\\u09c7\\u09b2\\u09ae\\u09c7\\u09a8\\u09cd\\u099f\"}','Radio',4,'Active','2022-05-24 11:59:50','2022-05-24 11:59:50'),(32,'লেজার রিপোর্ট টি ইজি মার্চেন্ট এপের কোন অপশনে আছে?','{\"\\u09ac\\u09bf\\u0995\\u09cd\\u09b0\\u09bf\":\"\\u09ac\\u09bf\\u0995\\u09cd\\u09b0\\u09bf\",\"\\u09b2\\u09c7\\u09a8\\u09a6\\u09c7\\u09a8\":\"\\u09b2\\u09c7\\u09a8\\u09a6\\u09c7\\u09a8\",\"\\u0985\\u09a8\\u09cd\\u09af\\u09be\\u09a8\\u09cd\\u09af \\u09b8\\u09c7\\u09ac\\u09be \\u09b8\\u09ae\\u09c2\\u09b9\":\"\\u0985\\u09a8\\u09cd\\u09af\\u09be\\u09a8\\u09cd\\u09af \\u09b8\\u09c7\\u09ac\\u09be \\u09b8\\u09ae\\u09c2\\u09b9\",\"\\u09b9\\u09be\\u09b2\\u0996\\u09be\\u09a4\\u09be\":\"\\u09b9\\u09be\\u09b2\\u0996\\u09be\\u09a4\\u09be\"}','{\"\\u09b9\\u09be\\u09b2\\u0996\\u09be\\u09a4\\u09be\":\"\\u09b9\\u09be\\u09b2\\u0996\\u09be\\u09a4\\u09be\"}','Radio',4,'Active','2022-05-24 12:19:55','2022-05-24 12:19:55'),(33,'বিক্রি রিপোর্ট এর বিগতদিনের রিপোর্ট গুলি কিভাবে দেখা যায়?','{\"\\u09b8\\u09be\\u09aa\\u09cd\\u09a4\\u09be\\u09b9\\u09bf\\u0995 \\u09b0\\u09bf\\u09aa\\u09cb\\u09b0\\u09cd\\u099f\":\"\\u09b8\\u09be\\u09aa\\u09cd\\u09a4\\u09be\\u09b9\\u09bf\\u0995 \\u09b0\\u09bf\\u09aa\\u09cb\\u09b0\\u09cd\\u099f\",\"\\u09a6\\u09bf\\u09a8 \\u09ad\\u09bf\\u09a4\\u09cd\\u09a4\\u09bf\\u0995 \\u09b0\\u09bf\\u09aa\\u09cb\\u09b0\\u09cd\\u099f\":\"\\u09a6\\u09bf\\u09a8 \\u09ad\\u09bf\\u09a4\\u09cd\\u09a4\\u09bf\\u0995 \\u09b0\\u09bf\\u09aa\\u09cb\\u09b0\\u09cd\\u099f\",\"\\u09ae\\u09be\\u09b8\\u09ad\\u09bf\\u09a4\\u09cd\\u09a4\\u09bf\\u0995 \\u09b0\\u09bf\\u09aa\\u09cb\\u09b0\\u09cd\\u099f\":\"\\u09ae\\u09be\\u09b8\\u09ad\\u09bf\\u09a4\\u09cd\\u09a4\\u09bf\\u0995 \\u09b0\\u09bf\\u09aa\\u09cb\\u09b0\\u09cd\\u099f\",\"\\u0995\\u09cb\\u09a8\\u099f\\u09bf \\u09a8\\u09df\":\"\\u0995\\u09cb\\u09a8\\u099f\\u09bf \\u09a8\\u09df\"}','{\"\\u09a6\\u09bf\\u09a8 \\u09ad\\u09bf\\u09a4\\u09cd\\u09a4\\u09bf\\u0995 \\u09b0\\u09bf\\u09aa\\u09cb\\u09b0\\u09cd\\u099f\":\"\\u09a6\\u09bf\\u09a8 \\u09ad\\u09bf\\u09a4\\u09cd\\u09a4\\u09bf\\u0995 \\u09b0\\u09bf\\u09aa\\u09cb\\u09b0\\u09cd\\u099f\"}','Radio',4,'Active','2022-05-24 12:29:10','2022-05-24 12:29:10'),(34,'প্রথমবার সেটেলমেন্টের জন্য মার্চেন্টকে সর্বনিম্ন কত টাকার সেটেলমেন্টের অনুরোধ পাঠাতে হবে?','{\"\\u09e7\\u09e6\\u09e6\":\"\\u09e7\\u09e6\\u09e6\",\"\\u09e7\\u09e6\":\"\\u09e7\\u09e6\",\"\\u09eb\\u09e6\":\"\\u09eb\\u09e6\",\"\\u09e8\\u09e6\\u09e6\":\"\\u09e8\\u09e6\\u09e6\"}','{\"\\u09e8\\u09e6\\u09e6\":\"\\u09e8\\u09e6\\u09e6\"}','Radio',4,'Active','2022-05-24 12:32:45','2022-05-24 12:32:45'),(35,'আমাদের সকাল কয়টার মধ্যে এটেন্ডেন্স দিতে হয়?','{\"\\u09ef \\u099f\\u09be \\u09e6\\u09e6 \\u09ae\\u09bf\\u09a8\\u09bf\\u099f\":\"\\u09ef \\u099f\\u09be \\u09e6\\u09e6 \\u09ae\\u09bf\\u09a8\\u09bf\\u099f\",\"\\u09ef \\u099f\\u09be \\u09e9\\u09e6 \\u09ae\\u09bf\\u09a8\\u09bf\\u099f\":\"\\u09ef \\u099f\\u09be \\u09e9\\u09e6 \\u09ae\\u09bf\\u09a8\\u09bf\\u099f\",\"\\u09ef \\u099f\\u09be \\u09ea\\u09eb \\u09ae\\u09bf\\u09a8\\u09bf\\u099f\":\"\\u09ef \\u099f\\u09be \\u09ea\\u09eb \\u09ae\\u09bf\\u09a8\\u09bf\\u099f\",\"\\u09e7\\u09e6 \\u099f\\u09be \\u09e6\\u09e6 \\u09ae\\u09bf\\u09a8\\u09bf\\u099f\":\"\\u09e7\\u09e6 \\u099f\\u09be \\u09e6\\u09e6 \\u09ae\\u09bf\\u09a8\\u09bf\\u099f\"}','{\"\\u09ef \\u099f\\u09be \\u09e9\\u09e6 \\u09ae\\u09bf\\u09a8\\u09bf\\u099f\":\"\\u09ef \\u099f\\u09be \\u09e9\\u09e6 \\u09ae\\u09bf\\u09a8\\u09bf\\u099f\"}','Radio',5,'Active','2022-05-24 15:42:48','2022-05-24 15:42:48'),(36,'নোটিফিকেশন থেকে কি কি আপডেট পাওয়া যায়?','{\"\\u0995\\u09cb\\u09a8 \\u09ae\\u09be\\u09b0\\u09cd\\u099a\\u09c7\\u09a8\\u09cd\\u099f\\u09c7\\u09b0 \\u09b8\\u09cd\\u099f\\u09c7\\u099c \\u099a\\u09c7\\u099e\\u09cd\\u099c \\u09b9\\u09b2\\u09c7\":\"\\u0995\\u09cb\\u09a8 \\u09ae\\u09be\\u09b0\\u09cd\\u099a\\u09c7\\u09a8\\u09cd\\u099f\\u09c7\\u09b0 \\u09b8\\u09cd\\u099f\\u09c7\\u099c \\u099a\\u09c7\\u099e\\u09cd\\u099c \\u09b9\\u09b2\\u09c7\",\"\\u0995\\u09cb\\u09a8 \\u099f\\u09be\\u09b8\\u09cd\\u0995 \\u0986\\u099c\\u0995\\u09c7 \\u09aa\\u09c7\\u09a8\\u09cd\\u09a1\\u09bf\\u0982 \\u09b9\\u09b2\\u09c7\":\"\\u0995\\u09cb\\u09a8 \\u099f\\u09be\\u09b8\\u09cd\\u0995 \\u0986\\u099c\\u0995\\u09c7 \\u09aa\\u09c7\\u09a8\\u09cd\\u09a1\\u09bf\\u0982 \\u09b9\\u09b2\\u09c7\",\"\\u0995\\u09cb\\u09a8 \\u099f\\u09be\\u09b8\\u09cd\\u0995 \\u099f\\u09bf\\u09ae \\u09b2\\u09bf\\u09a1\\u09be\\u09b0 \\u098f\\u09b8\\u09be\\u0987\\u09a8 \\u0995\\u09b0\\u09b2\\u09c7\":\"\\u0995\\u09cb\\u09a8 \\u099f\\u09be\\u09b8\\u09cd\\u0995 \\u099f\\u09bf\\u09ae \\u09b2\\u09bf\\u09a1\\u09be\\u09b0 \\u098f\\u09b8\\u09be\\u0987\\u09a8 \\u0995\\u09b0\\u09b2\\u09c7\",\"\\u09b8\\u09ac\\u0997\\u09c1\\u09b2\\u09cb\":\"\\u09b8\\u09ac\\u0997\\u09c1\\u09b2\\u09cb\"}','{\"\\u09b8\\u09ac\\u0997\\u09c1\\u09b2\\u09cb\":\"\\u09b8\\u09ac\\u0997\\u09c1\\u09b2\\u09cb\"}','Radio',5,'Active','2022-05-24 15:53:49','2022-05-24 15:53:49'),(37,'টাস্ক তৈরী করার সময় কোন ট্যাব থেকে টাস্ক তৈরী করা ভালো?','{\"\\u099f\\u09be\\u09b8\\u09cd\\u0995\":\"\\u099f\\u09be\\u09b8\\u09cd\\u0995\",\"\\u09ae\\u09be\\u09b0\\u09cd\\u099a\\u09c7\\u09a8\\u09cd\\u099f\":\"\\u09ae\\u09be\\u09b0\\u09cd\\u099a\\u09c7\\u09a8\\u09cd\\u099f\",\"\\u09b2\\u09bf\\u09a1\\u09b8\":\"\\u09b2\\u09bf\\u09a1\\u09b8\",\"\\u098f\\u0995\\u09be\\u0989\\u09a8\\u09cd\\u099f\\u09b8\":\"\\u098f\\u0995\\u09be\\u0989\\u09a8\\u09cd\\u099f\\u09b8\"}','{\"\\u09ae\\u09be\\u09b0\\u09cd\\u099a\\u09c7\\u09a8\\u09cd\\u099f\":\"\\u09ae\\u09be\\u09b0\\u09cd\\u099a\\u09c7\\u09a8\\u09cd\\u099f\",\"\\u09b2\\u09bf\\u09a1\\u09b8\":\"\\u09b2\\u09bf\\u09a1\\u09b8\"}','Multiselect',5,'Active','2022-05-26 13:17:03','2022-05-26 13:17:03'),(38,'আপনি আপনার একজন মার্চেন্ট এর সাথে দেখা করে এসেছেন। তিনি আপনাকে ১৫ দিন পর ডকুমেন্ট রেডি করে রাখবেন। তাহলে আপনি কি ধরনের টাস্ক ক্রিয়েট করবেন?','{\"General\":\"General\",\"Follow up\":\"Follow up\",\"Meeting\":\"Meeting\",\"Call\":\"Call\"}','{\"Follow up\":\"Follow up\"}','Radio',5,'Active','2022-05-26 13:17:46','2022-05-26 13:17:46'),(39,'নিয়ারেস্ট ল্যান্ডমার্ক কি দেয়া উচিৎ? (একাধিক উত্তর)','{\"\\u0986\\u09b6\\u09c7 \\u09aa\\u09be\\u09b6\\u09c7\\u09b0 \\u09a6\\u09cb\\u0995\\u09be\\u09a8\\u09c7\\u09b0 \\u09a8\\u09be\\u09ae \\u09af\\u09be \\u0993\\u0987 \\u098f\\u09b2\\u09be\\u0995\\u09be\\u09df \\u09b8\\u09ac\\u09be\\u0987 \\u099a\\u09c7\\u09a8\\u09c7\":\"\\u0986\\u09b6\\u09c7 \\u09aa\\u09be\\u09b6\\u09c7\\u09b0 \\u09a6\\u09cb\\u0995\\u09be\\u09a8\\u09c7\\u09b0 \\u09a8\\u09be\\u09ae \\u09af\\u09be \\u0993\\u0987 \\u098f\\u09b2\\u09be\\u0995\\u09be\\u09df \\u09b8\\u09ac\\u09be\\u0987 \\u099a\\u09c7\\u09a8\\u09c7\",\"\\u0986\\u09b6\\u09c7\\u09aa\\u09be\\u09b6\\u09c7\\u09b0 \\u09ac\\u09bf\\u09b0\\u09bf\\u09df\\u09be\\u09a8\\u09c0\\u09b0 \\u09a6\\u09cb\\u0995\\u09be\\u09a8\\u09c7\\u09b0 \\u09a8\\u09be\\u09ae \\u09af\\u09be \\u0993\\u0987 \\u098f\\u09b2\\u09be\\u0995\\u09be\\u09b0 \\u09b2\\u09cb\\u0995 \\u098f\\u0995 \\u09a8\\u09be\\u09ae\\u09c7 \\u099a\\u09bf\\u09a8\\u09ac\\u09c7\":\"\\u0986\\u09b6\\u09c7\\u09aa\\u09be\\u09b6\\u09c7\\u09b0 \\u09ac\\u09bf\\u09b0\\u09bf\\u09df\\u09be\\u09a8\\u09c0\\u09b0 \\u09a6\\u09cb\\u0995\\u09be\\u09a8\\u09c7\\u09b0 \\u09a8\\u09be\\u09ae \\u09af\\u09be \\u0993\\u0987 \\u098f\\u09b2\\u09be\\u0995\\u09be\\u09b0 \\u09b2\\u09cb\\u0995 \\u098f\\u0995 \\u09a8\\u09be\\u09ae\\u09c7 \\u099a\\u09bf\\u09a8\\u09ac\\u09c7\",\"\\u0986\\u09b6\\u09c7\\u09aa\\u09be\\u09b6\\u09c7\\u09b0 \\u09ae\\u09b8\\u099c\\u09bf\\u09a6\\u09c7\\u09b0 \\u09a8\\u09be\\u09ae \\u0993\\u0987 \\u098f\\u09b2\\u09be\\u0995\\u09be\\u09b0 \\u09b2\\u09cb\\u0995 \\u098f\\u0995 \\u09a8\\u09be\\u09ae\\u09c7 \\u099a\\u09bf\\u09a8\\u09c7\":\"\\u0986\\u09b6\\u09c7\\u09aa\\u09be\\u09b6\\u09c7\\u09b0 \\u09ae\\u09b8\\u099c\\u09bf\\u09a6\\u09c7\\u09b0 \\u09a8\\u09be\\u09ae \\u0993\\u0987 \\u098f\\u09b2\\u09be\\u0995\\u09be\\u09b0 \\u09b2\\u09cb\\u0995 \\u098f\\u0995 \\u09a8\\u09be\\u09ae\\u09c7 \\u099a\\u09bf\\u09a8\\u09c7\",\"\\u0986\\u09b6\\u09c7 \\u09aa\\u09be\\u09b6\\u09c7\\u09b0 \\u09af\\u09c7\\u0995\\u09cb\\u09a8 \\u098f\\u0995\\u099f\\u09bf \\u09b8\\u09cd\\u09ac\\u09a8\\u09be\\u09ae\\u09a7\\u09a8\\u09cd\\u09af \\u09b8\\u09cd\\u09a5\\u09be\\u09aa\\u09a8\\u09be\":\"\\u0986\\u09b6\\u09c7 \\u09aa\\u09be\\u09b6\\u09c7\\u09b0 \\u09af\\u09c7\\u0995\\u09cb\\u09a8 \\u098f\\u0995\\u099f\\u09bf \\u09b8\\u09cd\\u09ac\\u09a8\\u09be\\u09ae\\u09a7\\u09a8\\u09cd\\u09af \\u09b8\\u09cd\\u09a5\\u09be\\u09aa\\u09a8\\u09be\"}','{\"\\u0986\\u09b6\\u09c7 \\u09aa\\u09be\\u09b6\\u09c7\\u09b0 \\u09a6\\u09cb\\u0995\\u09be\\u09a8\\u09c7\\u09b0 \\u09a8\\u09be\\u09ae \\u09af\\u09be \\u0993\\u0987 \\u098f\\u09b2\\u09be\\u0995\\u09be\\u09df \\u09b8\\u09ac\\u09be\\u0987 \\u099a\\u09c7\\u09a8\\u09c7\":\"\\u0986\\u09b6\\u09c7 \\u09aa\\u09be\\u09b6\\u09c7\\u09b0 \\u09a6\\u09cb\\u0995\\u09be\\u09a8\\u09c7\\u09b0 \\u09a8\\u09be\\u09ae \\u09af\\u09be \\u0993\\u0987 \\u098f\\u09b2\\u09be\\u0995\\u09be\\u09df \\u09b8\\u09ac\\u09be\\u0987 \\u099a\\u09c7\\u09a8\\u09c7\",\"\\u0986\\u09b6\\u09c7\\u09aa\\u09be\\u09b6\\u09c7\\u09b0 \\u09ae\\u09b8\\u099c\\u09bf\\u09a6\\u09c7\\u09b0 \\u09a8\\u09be\\u09ae \\u0993\\u0987 \\u098f\\u09b2\\u09be\\u0995\\u09be\\u09b0 \\u09b2\\u09cb\\u0995 \\u098f\\u0995 \\u09a8\\u09be\\u09ae\\u09c7 \\u099a\\u09bf\\u09a8\\u09c7\":\"\\u0986\\u09b6\\u09c7\\u09aa\\u09be\\u09b6\\u09c7\\u09b0 \\u09ae\\u09b8\\u099c\\u09bf\\u09a6\\u09c7\\u09b0 \\u09a8\\u09be\\u09ae \\u0993\\u0987 \\u098f\\u09b2\\u09be\\u0995\\u09be\\u09b0 \\u09b2\\u09cb\\u0995 \\u098f\\u0995 \\u09a8\\u09be\\u09ae\\u09c7 \\u099a\\u09bf\\u09a8\\u09c7\",\"\\u0986\\u09b6\\u09c7 \\u09aa\\u09be\\u09b6\\u09c7\\u09b0 \\u09af\\u09c7\\u0995\\u09cb\\u09a8 \\u098f\\u0995\\u099f\\u09bf \\u09b8\\u09cd\\u09ac\\u09a8\\u09be\\u09ae\\u09a7\\u09a8\\u09cd\\u09af \\u09b8\\u09cd\\u09a5\\u09be\\u09aa\\u09a8\\u09be\":\"\\u0986\\u09b6\\u09c7 \\u09aa\\u09be\\u09b6\\u09c7\\u09b0 \\u09af\\u09c7\\u0995\\u09cb\\u09a8 \\u098f\\u0995\\u099f\\u09bf \\u09b8\\u09cd\\u09ac\\u09a8\\u09be\\u09ae\\u09a7\\u09a8\\u09cd\\u09af \\u09b8\\u09cd\\u09a5\\u09be\\u09aa\\u09a8\\u09be\"}','Multiselect',5,'Active','2022-05-26 13:20:57','2022-05-26 13:20:57'),(40,'এড্রেস লেখার সঠিক পদ্ধতি কোনটি?','{\"134\\/ A\":\"134\\/ A\",\"ADABOR\":\"ADABOR\",\"DHAKA\":\"DHAKA\",\"134\\/ a\":\"134\\/ a\",\"adabor\":\"adabor\",\"dhaka\":\"dhaka\",\"Adabor\":\"Adabor\",\"Dhaka\":\"Dhaka\"}','{\"134\\/ A\":\"134\\/ A\",\"ADABOR\":\"ADABOR\",\"DHAKA\":\"DHAKA\"}','Multiselect',5,'Active','2022-05-26 13:24:52','2022-05-26 13:24:52'),(41,'কিভাবে একটি নতুন দোকান সিআরএম এর লিড এ নিয়ে আসবেন?','{\"\\u09b8\\u09bf\\u0986\\u09b0\\u098f\\u09ae \\u098f \\u098f\\u09a8\\u09cd\\u099f\\u09cd\\u09b0\\u09bf \\u09a6\\u09bf\\u09df\\u09c7\":\"\\u09b8\\u09bf\\u0986\\u09b0\\u098f\\u09ae \\u098f \\u098f\\u09a8\\u09cd\\u099f\\u09cd\\u09b0\\u09bf \\u09a6\\u09bf\\u09df\\u09c7\",\"\\u09ae\\u09be\\u09b0\\u09cd\\u0995\\u09c7\\u099f \\u09b8\\u09cd\\u0995\\u09cd\\u09af\\u09be\\u09a8\\u09bf\\u0982 \\u0995\\u09b0\\u09c7\":\"\\u09ae\\u09be\\u09b0\\u09cd\\u0995\\u09c7\\u099f \\u09b8\\u09cd\\u0995\\u09cd\\u09af\\u09be\\u09a8\\u09bf\\u0982 \\u0995\\u09b0\\u09c7\",\"\\u098f\\u0995\\u09be\\u0989\\u09a8\\u09cd\\u099f \\u09a4\\u09c8\\u09b0\\u09bf \\u0995\\u09b0\\u09c7\":\"\\u098f\\u0995\\u09be\\u0989\\u09a8\\u09cd\\u099f \\u09a4\\u09c8\\u09b0\\u09bf \\u0995\\u09b0\\u09c7\"}','{\"\\u09ae\\u09be\\u09b0\\u09cd\\u0995\\u09c7\\u099f \\u09b8\\u09cd\\u0995\\u09cd\\u09af\\u09be\\u09a8\\u09bf\\u0982 \\u0995\\u09b0\\u09c7\":\"\\u09ae\\u09be\\u09b0\\u09cd\\u0995\\u09c7\\u099f \\u09b8\\u09cd\\u0995\\u09cd\\u09af\\u09be\\u09a8\\u09bf\\u0982 \\u0995\\u09b0\\u09c7\"}','Radio',5,'Active','2022-05-26 13:33:41','2022-05-26 13:33:41'),(42,'নট ইন্টেরেস্টেড মার্চেন্ট আমাদের কিভাবে কনভিন্স করতে হবে? (একাধিক উত্তর হতে পারে)','{\"\\u09ab\\u09cb\\u09a8 \\u0995\\u09b0\\u09c7 \\u09ac\\u09bf\\u09b0\\u0995\\u09cd\\u09a4 \\u0995\\u09b0\\u09ac\":\"\\u09ab\\u09cb\\u09a8 \\u0995\\u09b0\\u09c7 \\u09ac\\u09bf\\u09b0\\u0995\\u09cd\\u09a4 \\u0995\\u09b0\\u09ac\",\"\\u09a8\\u09bf\\u09df\\u09ae\\u09bf\\u09a4 \\u09ab\\u09b2\\u09cb-\\u0986\\u09aa \\u09ad\\u09bf\\u099c\\u09bf\\u099f \\u0995\\u09b0\\u09ac\":\"\\u09a8\\u09bf\\u09df\\u09ae\\u09bf\\u09a4 \\u09ab\\u09b2\\u09cb-\\u0986\\u09aa \\u09ad\\u09bf\\u099c\\u09bf\\u099f \\u0995\\u09b0\\u09ac\",\"\\u09aa\\u09cd\\u09b0\\u09df\\u09cb\\u099c\\u09a8\\u09c7 \\u099f\\u09bf\\u09ae \\u09b2\\u09bf\\u09a1\\u09be\\u09b0 \\u09b8\\u09b9 \\u09ad\\u09bf\\u099c\\u09bf\\u099f \\u0995\\u09b0\\u09ac\":\"\\u09aa\\u09cd\\u09b0\\u09df\\u09cb\\u099c\\u09a8\\u09c7 \\u099f\\u09bf\\u09ae \\u09b2\\u09bf\\u09a1\\u09be\\u09b0 \\u09b8\\u09b9 \\u09ad\\u09bf\\u099c\\u09bf\\u099f \\u0995\\u09b0\\u09ac\",\"\\u0986\\u09b6\\u09c7 \\u09aa\\u09be\\u09b6\\u09c7\\u09b0 \\u09ae\\u09be\\u09b0\\u09cd\\u099a\\u09c7\\u09a8\\u09cd\\u099f \\u09ab\\u09be\\u0987\\u09a8\\u09be\\u09b2 \\u098f\\u0995\\u099f\\u09bf\\u09ad\\u09c7\\u09b6\\u09a8 \\u0995\\u09b0\\u09b2\\u09c7 \\u09a4\\u09be\\u09b0 \\u09b8\\u09be\\u09b9\\u09be\\u09af\\u09cd\\u09af \\u09a8\\u09bf\\u09a4\\u09c7 \\u09aa\\u09be\\u09b0\\u09bf\":\"\\u0986\\u09b6\\u09c7 \\u09aa\\u09be\\u09b6\\u09c7\\u09b0 \\u09ae\\u09be\\u09b0\\u09cd\\u099a\\u09c7\\u09a8\\u09cd\\u099f \\u09ab\\u09be\\u0987\\u09a8\\u09be\\u09b2 \\u098f\\u0995\\u099f\\u09bf\\u09ad\\u09c7\\u09b6\\u09a8 \\u0995\\u09b0\\u09b2\\u09c7 \\u09a4\\u09be\\u09b0 \\u09b8\\u09be\\u09b9\\u09be\\u09af\\u09cd\\u09af \\u09a8\\u09bf\\u09a4\\u09c7 \\u09aa\\u09be\\u09b0\\u09bf\"}','{\"\\u09a8\\u09bf\\u09df\\u09ae\\u09bf\\u09a4 \\u09ab\\u09b2\\u09cb-\\u0986\\u09aa \\u09ad\\u09bf\\u099c\\u09bf\\u099f \\u0995\\u09b0\\u09ac\":\"\\u09a8\\u09bf\\u09df\\u09ae\\u09bf\\u09a4 \\u09ab\\u09b2\\u09cb-\\u0986\\u09aa \\u09ad\\u09bf\\u099c\\u09bf\\u099f \\u0995\\u09b0\\u09ac\",\"\\u09aa\\u09cd\\u09b0\\u09df\\u09cb\\u099c\\u09a8\\u09c7 \\u099f\\u09bf\\u09ae \\u09b2\\u09bf\\u09a1\\u09be\\u09b0 \\u09b8\\u09b9 \\u09ad\\u09bf\\u099c\\u09bf\\u099f \\u0995\\u09b0\\u09ac\":\"\\u09aa\\u09cd\\u09b0\\u09df\\u09cb\\u099c\\u09a8\\u09c7 \\u099f\\u09bf\\u09ae \\u09b2\\u09bf\\u09a1\\u09be\\u09b0 \\u09b8\\u09b9 \\u09ad\\u09bf\\u099c\\u09bf\\u099f \\u0995\\u09b0\\u09ac\",\"\\u0986\\u09b6\\u09c7 \\u09aa\\u09be\\u09b6\\u09c7\\u09b0 \\u09ae\\u09be\\u09b0\\u09cd\\u099a\\u09c7\\u09a8\\u09cd\\u099f \\u09ab\\u09be\\u0987\\u09a8\\u09be\\u09b2 \\u098f\\u0995\\u099f\\u09bf\\u09ad\\u09c7\\u09b6\\u09a8 \\u0995\\u09b0\\u09b2\\u09c7 \\u09a4\\u09be\\u09b0 \\u09b8\\u09be\\u09b9\\u09be\\u09af\\u09cd\\u09af \\u09a8\\u09bf\\u09a4\\u09c7 \\u09aa\\u09be\\u09b0\\u09bf\":\"\\u0986\\u09b6\\u09c7 \\u09aa\\u09be\\u09b6\\u09c7\\u09b0 \\u09ae\\u09be\\u09b0\\u09cd\\u099a\\u09c7\\u09a8\\u09cd\\u099f \\u09ab\\u09be\\u0987\\u09a8\\u09be\\u09b2 \\u098f\\u0995\\u099f\\u09bf\\u09ad\\u09c7\\u09b6\\u09a8 \\u0995\\u09b0\\u09b2\\u09c7 \\u09a4\\u09be\\u09b0 \\u09b8\\u09be\\u09b9\\u09be\\u09af\\u09cd\\u09af \\u09a8\\u09bf\\u09a4\\u09c7 \\u09aa\\u09be\\u09b0\\u09bf\"}','Multiselect',5,'Active','2022-05-26 13:34:46','2022-05-26 13:34:46'),(43,'আল্লাহর দান হার্ডওয়্যার এ ভিজিট করার সময় আপনি দেখলেন দোকানে ম্যানেজার আছেন। ম্যানেজার আপনাকে জানালেন মালিক চাকরী করেন শুধু শুক্রবারে আসেন। তাহলে আপনি নীচের কোন কারণটি নট ইন্টেরেস্টেড এর কারণ হিসেবে সিলেক্ট করবেন?','{\"Document Availability Issue\":\"Document Availability Issue\",\"Settlement Charge Too High\":\"Settlement Charge Too High\",\"All Merchant app feature not available yet\":\"All Merchant app feature not available yet\",\"Absence of decision maker\":\"Absence of decision maker\"}','{\"Absence of decision maker\":\"Absence of decision maker\"}','Radio',5,'Active','2022-05-26 13:38:47','2022-05-26 13:38:47'),(44,'আল্লাহর দান হার্ডওয়্যার এ ভিজিট পরেরবার ভিজিট করার সময় আপনি মালিককে পেলেন না। মালিক আপনাকে বললেন তিনি বিকাশের মাধ্যমে টাকা লেনদেন করেন। ব্যাঙ্ক একাউন্ট করতে গেলে অনেক কাগজপত্র দিতে হয়। এত কাগজপত্র তিনি দিতে আগ্রহী নন। বিকাশে সেটেলমেন্ট করলে তিনি একাউন্ট খুলবেন।  তাহলে আপনি কোন অপশন সিলেক্ট করবেন?','{\"Settlement Medium Is Not Satisfactory\":\"Settlement Medium Is Not Satisfactory\",\"Settlement Duration Too Long\":\"Settlement Duration Too Long\",\"NID Not Available\":\"NID Not Available\",\"Not Comfortable with Bank Transaction\":\"Not Comfortable with Bank Transaction\"}','{\"Settlement Medium Is Not Satisfactory\":\"Settlement Medium Is Not Satisfactory\"}','Radio',5,'Active','2022-05-26 13:39:57','2022-05-26 13:39:57'),(45,'সদাগর সাহেব আপনাকে বললেন তিনি এখন একাউন্ট করতে পারবেন না কারণ তার কাছে ট্রেড লাইসেন্স নেই। কিন্তু তার ভাইয়ের ট্রেড লাইসেন্স আছে সেক্ষেত্রে আপনি কোন এন্ট্রি দেবেন?','{\"\\u09a8\\u099f \\u0987\\u09a8\\u09cd\\u099f\\u09c7\\u09b0\\u09c7\\u09b8\\u09cd\\u099f\\u09c7\\u09a1\":\"\\u09a8\\u099f \\u0987\\u09a8\\u09cd\\u099f\\u09c7\\u09b0\\u09c7\\u09b8\\u09cd\\u099f\\u09c7\\u09a1\",\"\\u099f\\u09cd\\u09b0\\u09c7\\u09a1 \\u09b2\\u09be\\u0987\\u09b8\\u09c7\\u09a8\\u09cd\\u09b8 \\u09a8\\u099f \\u098f\\u09ad\\u09c7\\u0987\\u09b2\\u09c7\\u09ac\\u09b2\":\"\\u099f\\u09cd\\u09b0\\u09c7\\u09a1 \\u09b2\\u09be\\u0987\\u09b8\\u09c7\\u09a8\\u09cd\\u09b8 \\u09a8\\u099f \\u098f\\u09ad\\u09c7\\u0987\\u09b2\\u09c7\\u09ac\\u09b2\",\"\\u098f\\u09a8\\u0986\\u0987\\u09a1\\u09bf \\u09a8\\u099f \\u098f\\u09ad\\u09c7\\u0987\\u09b2\\u09c7\\u09ac\\u09b2\":\"\\u098f\\u09a8\\u0986\\u0987\\u09a1\\u09bf \\u09a8\\u099f \\u098f\\u09ad\\u09c7\\u0987\\u09b2\\u09c7\\u09ac\\u09b2\",\"\\u0995\\u09cb\\u09a8\\u099f\\u09bf \\u09a8\\u09df\":\"\\u0995\\u09cb\\u09a8\\u099f\\u09bf \\u09a8\\u09df\"}','{\"\\u0995\\u09cb\\u09a8\\u099f\\u09bf \\u09a8\\u09df\":\"\\u0995\\u09cb\\u09a8\\u099f\\u09bf \\u09a8\\u09df\"}','Radio',5,'Active','2022-05-26 13:45:11','2022-05-26 13:45:11'),(46,'শপ ফটো তোলার সময় কোন কোন জিনিশ খেয়াল রাখতে হবে?','{\"\\u09af\\u09c7\\u09a8 \\u09a6\\u09cb\\u0995\\u09be\\u09a8\\u09c7\\u09b0 \\u09ad\\u09bf\\u09a4\\u09b0\\u09c7 \\u099b\\u09ac\\u09bf \\u09a4\\u09cb\\u09b2\\u09be \\u09b9\\u09df\":\"\\u09af\\u09c7\\u09a8 \\u09a6\\u09cb\\u0995\\u09be\\u09a8\\u09c7\\u09b0 \\u09ad\\u09bf\\u09a4\\u09b0\\u09c7 \\u099b\\u09ac\\u09bf \\u09a4\\u09cb\\u09b2\\u09be \\u09b9\\u09df\",\"\\u09ae\\u09be\\u09b0\\u09cd\\u099a\\u09c7\\u09a8\\u09cd\\u099f \\u0995\\u09c7 \\u09a6\\u09c7\\u0996\\u09be \\u09af\\u09be\\u09df\":\"\\u09ae\\u09be\\u09b0\\u09cd\\u099a\\u09c7\\u09a8\\u09cd\\u099f \\u0995\\u09c7 \\u09a6\\u09c7\\u0996\\u09be \\u09af\\u09be\\u09df\",\"\\u09a6\\u09cb\\u0995\\u09be\\u09a8\\u09c7\\u09b0 \\u09b8\\u09be\\u0987\\u09a8\\u09ac\\u09cb\\u09b0\\u09cd\\u09a1 \\u09b8\\u09b9 \\u09aa\\u09c1\\u09b0\\u09cb \\u099b\\u09ac\\u09bf \\u0986\\u09b8\\u09c7\":\"\\u09a6\\u09cb\\u0995\\u09be\\u09a8\\u09c7\\u09b0 \\u09b8\\u09be\\u0987\\u09a8\\u09ac\\u09cb\\u09b0\\u09cd\\u09a1 \\u09b8\\u09b9 \\u09aa\\u09c1\\u09b0\\u09cb \\u099b\\u09ac\\u09bf \\u0986\\u09b8\\u09c7\",\"\\u09ab\\u09cd\\u09b2\\u09cd\\u09af\\u09be\\u09b6 \\u099c\\u09cd\\u09ac\\u09be\\u09b2\\u09bf\\u09df\\u09c7 \\u099b\\u09ac\\u09bf \\u09a4\\u09c1\\u09b2\\u09ac\\u09c7\\u09a8\":\"\\u09ab\\u09cd\\u09b2\\u09cd\\u09af\\u09be\\u09b6 \\u099c\\u09cd\\u09ac\\u09be\\u09b2\\u09bf\\u09df\\u09c7 \\u099b\\u09ac\\u09bf \\u09a4\\u09c1\\u09b2\\u09ac\\u09c7\\u09a8\"}','{\"\\u09a6\\u09cb\\u0995\\u09be\\u09a8\\u09c7\\u09b0 \\u09b8\\u09be\\u0987\\u09a8\\u09ac\\u09cb\\u09b0\\u09cd\\u09a1 \\u09b8\\u09b9 \\u09aa\\u09c1\\u09b0\\u09cb \\u099b\\u09ac\\u09bf \\u0986\\u09b8\\u09c7\":\"\\u09a6\\u09cb\\u0995\\u09be\\u09a8\\u09c7\\u09b0 \\u09b8\\u09be\\u0987\\u09a8\\u09ac\\u09cb\\u09b0\\u09cd\\u09a1 \\u09b8\\u09b9 \\u09aa\\u09c1\\u09b0\\u09cb \\u099b\\u09ac\\u09bf \\u0986\\u09b8\\u09c7\"}','Radio',5,'Active','2022-05-26 13:46:06','2022-05-26 13:46:06'),(47,'মার্চেন্ট ট্যাব এর প্রোপার্টিজ/ Properties ট্যাব এ মার্চেন্ট এর ব্যবসা সংক্রান্ত কি কি তথ্য থাকে?','{\"\\u09a4\\u09be\\u09b0 \\u09ac\\u09cd\\u09af\\u09ac\\u09b8\\u09be\\u09df\\u09bf\\u0995 \\u09a1\\u0995\\u09c1\\u09ae\\u09c7\\u09a8\\u09cd\\u099f\\u09c7\\u09b0 \\u099b\\u09ac\\u09bf\":\"\\u09a4\\u09be\\u09b0 \\u09ac\\u09cd\\u09af\\u09ac\\u09b8\\u09be\\u09df\\u09bf\\u0995 \\u09a1\\u0995\\u09c1\\u09ae\\u09c7\\u09a8\\u09cd\\u099f\\u09c7\\u09b0 \\u099b\\u09ac\\u09bf\",\"\\u09a4\\u09be\\u09b0 \\u0995\\u09bf \\u09a1\\u0995\\u09c1\\u09ae\\u09c7\\u09a8\\u09cd\\u099f \\u09a6\\u09c7\\u09df\\u09be \\u09b9\\u09df\\u09c7\\u099b\\u09c7 \\u09a4\\u09be\\u09b0 \\u0986\\u09aa\\u09a1\\u09c7\\u099f\":\"\\u09a4\\u09be\\u09b0 \\u0995\\u09bf \\u09a1\\u0995\\u09c1\\u09ae\\u09c7\\u09a8\\u09cd\\u099f \\u09a6\\u09c7\\u09df\\u09be \\u09b9\\u09df\\u09c7\\u099b\\u09c7 \\u09a4\\u09be\\u09b0 \\u0986\\u09aa\\u09a1\\u09c7\\u099f\",\"\\u09a4\\u09be\\u09b0 \\u09b6\\u09aa \\u098f\\u09b0 \\u09ac\\u09bf\\u09b8\\u09cd\\u09a4\\u09be\\u09b0\\u09bf\\u09a4 \\u09a0\\u09bf\\u0995\\u09be\\u09a8\\u09be\":\"\\u09a4\\u09be\\u09b0 \\u09b6\\u09aa \\u098f\\u09b0 \\u09ac\\u09bf\\u09b8\\u09cd\\u09a4\\u09be\\u09b0\\u09bf\\u09a4 \\u09a0\\u09bf\\u0995\\u09be\\u09a8\\u09be\",\"\\u09b8\\u09ac\\u0997\\u09c1\\u09b2\\u09cb\":\"\\u09b8\\u09ac\\u0997\\u09c1\\u09b2\\u09cb\"}','{\"\\u09b8\\u09ac\\u0997\\u09c1\\u09b2\\u09cb\":\"\\u09b8\\u09ac\\u0997\\u09c1\\u09b2\\u09cb\"}','Radio',5,'Active','2022-05-26 13:46:56','2022-05-26 13:46:56'),(48,'কোন অপশনে গেলে আমি মার্চেন্টের ব্যাংকিং ইনফরমেশন এর বিস্তারিত জানতে পারব?','{\"General\":\"General\",\"Files\":\"Files\",\"Settlement\":\"Settlement\",\"Others\":\"Others\"}','{\"Settlement\":\"Settlement\"}','Radio',5,'Active','2022-05-26 13:47:37','2022-05-26 13:47:37'),(49,'নট ইন্টেরেস্টেড মার্চেন্ট এর ক্ষেত্রে আপনাকে নিচের কোন তথ্য অবশ্যই ফিল আপ করতে হবে?','{\"\\u09ad\\u09bf\\u099c\\u09bf\\u099f \\u09b2\\u0997\":\"\\u09ad\\u09bf\\u099c\\u09bf\\u099f \\u09b2\\u0997\",\"\\u09ab\\u09b2\\u09cb\\u0986\\u09aa \\u099f\\u09be\\u09b8\\u09cd\\u0995 \\u09b8\\u09c7\\u099f \\u0995\\u09b0\\u09a4\\u09c7 \\u09b9\\u09ac\\u09c7\":\"\\u09ab\\u09b2\\u09cb\\u0986\\u09aa \\u099f\\u09be\\u09b8\\u09cd\\u0995 \\u09b8\\u09c7\\u099f \\u0995\\u09b0\\u09a4\\u09c7 \\u09b9\\u09ac\\u09c7\",\"\\u09a8\\u099f \\u0987\\u09a8\\u099f\\u09c7\\u09b0\\u09c7\\u09b8\\u09cd\\u099f\\u09c7\\u09a1 \\u098f\\u09b0 \\u0995\\u09be\\u09b0\\u09a3\":\"\\u09a8\\u099f \\u0987\\u09a8\\u099f\\u09c7\\u09b0\\u09c7\\u09b8\\u09cd\\u099f\\u09c7\\u09a1 \\u098f\\u09b0 \\u0995\\u09be\\u09b0\\u09a3\",\"\\u0995\\u09cb\\u09a8\\u099f\\u09bf \\u09a8\\u09df\":\"\\u0995\\u09cb\\u09a8\\u099f\\u09bf \\u09a8\\u09df\"}','{\"\\u09ab\\u09b2\\u09cb\\u0986\\u09aa \\u099f\\u09be\\u09b8\\u09cd\\u0995 \\u09b8\\u09c7\\u099f \\u0995\\u09b0\\u09a4\\u09c7 \\u09b9\\u09ac\\u09c7\":\"\\u09ab\\u09b2\\u09cb\\u0986\\u09aa \\u099f\\u09be\\u09b8\\u09cd\\u0995 \\u09b8\\u09c7\\u099f \\u0995\\u09b0\\u09a4\\u09c7 \\u09b9\\u09ac\\u09c7\",\"\\u09a8\\u099f \\u0987\\u09a8\\u099f\\u09c7\\u09b0\\u09c7\\u09b8\\u09cd\\u099f\\u09c7\\u09a1 \\u098f\\u09b0 \\u0995\\u09be\\u09b0\\u09a3\":\"\\u09a8\\u099f \\u0987\\u09a8\\u099f\\u09c7\\u09b0\\u09c7\\u09b8\\u09cd\\u099f\\u09c7\\u09a1 \\u098f\\u09b0 \\u0995\\u09be\\u09b0\\u09a3\"}','Multiselect',5,'Active','2022-05-26 13:48:28','2022-05-26 13:48:28'),(50,'কোন কিউ আর নেইম টি সম্পূন সঠিক?','{\"M\\/S SUROVI TAILORS\":\"M\\/S SUROVI TAILORS\",\"MOHAMMAD EMDAD\":\"MOHAMMAD EMDAD\",\"MS AKASH STORE\":\"MS AKASH STORE\",\"SUMON CLOTH STORE AND TAILORS\":\"SUMON CLOTH STORE AND TAILORS\"}','{\"MS AKASH STORE\":\"MS AKASH STORE\"}','Radio',5,'Active','2022-05-26 13:59:48','2022-05-26 13:59:48'),(51,'র‍্যাবিটহোল বিডিতে customer er jonno হাফ এয়ার্লী প্যাকের অফার প্রাইজ কত?','{\"\\u09ea\\u09eb\\u09e6\\u099f\\u09be\\u0995\\u09be\":\"\\u09ea\\u09eb\\u09e6\\u099f\\u09be\\u0995\\u09be\",\"\\u09ea\\u09ef\\u09ef\\u099f\\u09be\\u0995\\u09be\":\"\\u09ea\\u09ef\\u09ef\\u099f\\u09be\\u0995\\u09be\",\"\\u09ea\\u09ea\\u09ef\\u099f\\u09be\\u0995\\u09be\":\"\\u09ea\\u09ea\\u09ef\\u099f\\u09be\\u0995\\u09be\",\"\\u0995\\u09cb\\u09a8\\u099f\\u09bf \\u09a8\\u09df\":\"\\u0995\\u09cb\\u09a8\\u099f\\u09bf \\u09a8\\u09df\"}','{\"\\u09ea\\u09ef\\u09ef\\u099f\\u09be\\u0995\\u09be\":\"\\u09ea\\u09ef\\u09ef\\u099f\\u09be\\u0995\\u09be\"}','Radio',6,'Active','2022-10-13 14:56:10','2022-10-13 14:56:10'),(52,'ইজি মার্চেন্ট এপের জন্য হাফ এয়ার্লী কাস্টমার প্রাইস আমরা কত দিচ্ছি?','{\"\\u09ea\\u09eb\\u09e6 \\u099f\\u09be\\u0995\\u09be\":\"\\u09ea\\u09eb\\u09e6 \\u099f\\u09be\\u0995\\u09be\",\"\\u09ea\\u09ee\\u09ea \\u099f\\u09be\\u0995\\u09be\":\"\\u09ea\\u09ee\\u09ea \\u099f\\u09be\\u0995\\u09be\",\"\\u09ea\\u09ea\\u09ef \\u099f\\u09be\\u0995\\u09be\":\"\\u09ea\\u09ea\\u09ef \\u099f\\u09be\\u0995\\u09be\",\"\\u09ea\\u09ef\\u09ef \\u099f\\u09be\\u0995\\u09be\":\"\\u09ea\\u09ef\\u09ef \\u099f\\u09be\\u0995\\u09be\"}','{\"\\u09ea\\u09ee\\u09ea \\u099f\\u09be\\u0995\\u09be\":\"\\u09ea\\u09ee\\u09ea \\u099f\\u09be\\u0995\\u09be\"}','Radio',6,'Active','2022-10-13 14:59:06','2022-10-13 14:59:06'),(53,'ইজি মার্চেন্ট এর জন্য হাফ এয়ার্লী প্যাকেজে মার্চেন্ট কত পে করবে?','{\"\\u09ea\\u09eb\\u09e6 \\u099f\\u09be\\u0995\\u09be\":\"\\u09ea\\u09eb\\u09e6 \\u099f\\u09be\\u0995\\u09be\",\"\\u09ea\\u09eb\\u09ef \\u099f\\u09be\\u0995\\u09be\":\"\\u09ea\\u09eb\\u09ef \\u099f\\u09be\\u0995\\u09be\",\"\\u09ea\\u09ea\\u09ef \\u099f\\u09be\\u0995\\u09be\":\"\\u09ea\\u09ea\\u09ef \\u099f\\u09be\\u0995\\u09be\",\"\\u09ea\\u09ef\\u09ef \\u099f\\u09be\\u0995\\u09be\":\"\\u09ea\\u09ef\\u09ef \\u099f\\u09be\\u0995\\u09be\"}','{\"\\u09ea\\u09eb\\u09ef \\u099f\\u09be\\u0995\\u09be\":\"\\u09ea\\u09eb\\u09ef \\u099f\\u09be\\u0995\\u09be\"}','Radio',6,'Active','2022-10-13 15:00:06','2022-10-13 15:00:06'),(54,'ইজি মার্চেন্ট এপে র‍্যাবিটহোল বিডিতে মার্চেন্টের মাসিক প্যাকের অফার প্রাইস কত?','{\"\\u09ea\\u09ef \\u099f\\u09be\\u0995\\u09be\":\"\\u09ea\\u09ef \\u099f\\u09be\\u0995\\u09be\",\"\\u09ee\\u09ef \\u099f\\u09be\\u0995\\u09be\":\"\\u09ee\\u09ef \\u099f\\u09be\\u0995\\u09be\",\"\\u09ef\\u09ef \\u099f\\u09be\\u0995\\u09be\":\"\\u09ef\\u09ef \\u099f\\u09be\\u0995\\u09be\",\"\\u09ef\\u09e7 \\u099f\\u09be\\u0995\\u09be\":\"\\u09ef\\u09e7 \\u099f\\u09be\\u0995\\u09be\"}','{\"\\u09ef\\u09e7 \\u099f\\u09be\\u0995\\u09be\":\"\\u09ef\\u09e7 \\u099f\\u09be\\u0995\\u09be\"}','Radio',6,'Active','2022-10-13 15:00:56','2022-10-13 15:00:56'),(55,'ইজি মার্চেন্ট এপে র‍্যাবিটহোল বিডিতে কাস্টমারের মাসিক প্যাকের অফার প্রাইস কত?','{\"\\u09ef\\u09e7 \\u099f\\u09be\\u0995\\u09be\":\"\\u09ef\\u09e7 \\u099f\\u09be\\u0995\\u09be\",\"\\u09ee\\u09ef \\u099f\\u09be\\u0995\\u09be\":\"\\u09ee\\u09ef \\u099f\\u09be\\u0995\\u09be\",\"\\u09ef\\u09ef \\u099f\\u09be\\u0995\\u09be\":\"\\u09ef\\u09ef \\u099f\\u09be\\u0995\\u09be\",\"\\u09ef\\u09eb \\u099f\\u09be\\u0995\\u09be\":\"\\u09ef\\u09eb \\u099f\\u09be\\u0995\\u09be\"}','{\"\\u09ef\\u09eb \\u099f\\u09be\\u0995\\u09be\":\"\\u09ef\\u09eb \\u099f\\u09be\\u0995\\u09be\"}','Radio',6,'Active','2022-10-13 15:01:42','2022-10-13 15:01:42'),(56,'র‍্যাবিটহোল বিডিতে কাস্টমারের মাসিক প্যাকের রেগুলার প্রাইস কত?','{\"\\u09ef\\u09e7 \\u099f\\u09be\\u0995\\u09be\":\"\\u09ef\\u09e7 \\u099f\\u09be\\u0995\\u09be\",\"\\u09ee\\u09ef \\u099f\\u09be\\u0995\\u09be\":\"\\u09ee\\u09ef \\u099f\\u09be\\u0995\\u09be\",\"\\u09ef\\u09ef \\u099f\\u09be\\u0995\\u09be\":\"\\u09ef\\u09ef \\u099f\\u09be\\u0995\\u09be\",\"\\u09ef\\u09eb \\u099f\\u09be\\u0995\\u09be\":\"\\u09ef\\u09eb \\u099f\\u09be\\u0995\\u09be\"}','{\"\\u09ef\\u09ef \\u099f\\u09be\\u0995\\u09be\":\"\\u09ef\\u09ef \\u099f\\u09be\\u0995\\u09be\"}','Radio',6,'Active','2022-10-13 15:02:32','2022-10-13 15:02:32'),(57,'অফার দেখতে ইজি মার্চেন্ট এপের কোন অপশন টি ব্যাবহার করবেন?','{\"\\u09aa\\u09c7\\u09ae\\u09c7\\u09a8\\u09cd\\u099f \\u0997\\u09cd\\u09b0\\u09b9\\u09a3 \\u0995\\u09b0\\u09c1\\u09a8\":\"\\u09aa\\u09c7\\u09ae\\u09c7\\u09a8\\u09cd\\u099f \\u0997\\u09cd\\u09b0\\u09b9\\u09a3 \\u0995\\u09b0\\u09c1\\u09a8\",\"\\u09b8\\u09c7\\u099f\\u09c7\\u09b2\\u09ae\\u09c7\\u09a8\\u09cd\\u099f\":\"\\u09b8\\u09c7\\u099f\\u09c7\\u09b2\\u09ae\\u09c7\\u09a8\\u09cd\\u099f\",\"\\u099f\\u09aa \\u0986\\u09aa\":\"\\u099f\\u09aa \\u0986\\u09aa\",\"\\u0985\\u09a8\\u09cd\\u09af\\u09be\\u09a8\\u09cd\\u09af \\u09b8\\u09c7\\u09ac\\u09be \\u09b8\\u09ae\\u09c2\\u09b9\":\"\\u0985\\u09a8\\u09cd\\u09af\\u09be\\u09a8\\u09cd\\u09af \\u09b8\\u09c7\\u09ac\\u09be \\u09b8\\u09ae\\u09c2\\u09b9\"}','{\"\\u0985\\u09a8\\u09cd\\u09af\\u09be\\u09a8\\u09cd\\u09af \\u09b8\\u09c7\\u09ac\\u09be \\u09b8\\u09ae\\u09c2\\u09b9\":\"\\u0985\\u09a8\\u09cd\\u09af\\u09be\\u09a8\\u09cd\\u09af \\u09b8\\u09c7\\u09ac\\u09be \\u09b8\\u09ae\\u09c2\\u09b9\"}','Radio',6,'Active','2022-10-13 15:04:30','2022-10-13 15:04:30'),(58,'র‍্যাবিটহোলবিডিতে রিচার্জ প্রসেসটি লিখুন।',NULL,NULL,'Theory',6,'Active','2022-10-13 15:04:50','2022-10-13 15:04:50'),(59,'মাসিক প্যাকে কাস্টমার কত টাকা ডিস্কাউন্ট পাবেন?','{\"\\u09ea \\u099f\\u09be\\u0995\\u09be\":\"\\u09ea \\u099f\\u09be\\u0995\\u09be\",\"\\u09e8\\u099f\\u09be\\u0995\\u09be\":\"\\u09e8\\u099f\\u09be\\u0995\\u09be\",\"\\u09eb\\u099f\\u09be\\u0995\\u09be\":\"\\u09eb\\u099f\\u09be\\u0995\\u09be\",\"\\u0995\\u09cb\\u09a8\\u099f\\u09bf \\u09a8\\u09df\":\"\\u0995\\u09cb\\u09a8\\u099f\\u09bf \\u09a8\\u09df\"}','{\"\\u09ea \\u099f\\u09be\\u0995\\u09be\":\"\\u09ea \\u099f\\u09be\\u0995\\u09be\"}','Radio',6,'Active','2022-10-13 15:05:39','2022-10-13 15:05:39'),(60,'মাসিক প্যাকে মার্চেন্ট কত টাকা ডিস্কাউন্ট পাবেন?','{\"\\u09ea \\u099f\\u09be\\u0995\\u09be\":\"\\u09ea \\u099f\\u09be\\u0995\\u09be\",\"\\u09e8\\u099f\\u09be\\u0995\\u09be\":\"\\u09e8\\u099f\\u09be\\u0995\\u09be\",\"\\u09eb\\u099f\\u09be\\u0995\\u09be\":\"\\u09eb\\u099f\\u09be\\u0995\\u09be\",\"\\u0995\\u09cb\\u09a8\\u099f\\u09bf \\u09a8\\u09df\":\"\\u0995\\u09cb\\u09a8\\u099f\\u09bf \\u09a8\\u09df\"}','{\"\\u09ea \\u099f\\u09be\\u0995\\u09be\":\"\\u09ea \\u099f\\u09be\\u0995\\u09be\"}','Radio',6,'Active','2022-10-13 15:08:00','2022-10-13 15:08:00'),(61,'নিচের কোন অনলাইন প্লাটফর্ম থেকে শুধুমাত্র টি-২০ ওয়ার্ল্ড কাপ সরাসরি দেখা যাবে?','{\"\\u099a\\u09b0\\u0995\\u09c0\":\"\\u099a\\u09b0\\u0995\\u09c0\",\"\\u09b0\\u200d\\u09cd\\u09af\\u09be\\u09ac\\u09bf\\u099f\\u09b9\\u09cb\\u09b2\\u09ac\\u09bf\\u09a1\\u09bf\":\"\\u09b0\\u200d\\u09cd\\u09af\\u09be\\u09ac\\u09bf\\u099f\\u09b9\\u09cb\\u09b2\\u09ac\\u09bf\\u09a1\\u09bf\",\"\\u09b9\\u0987\\u099a\\u0987\":\"\\u09b9\\u0987\\u099a\\u0987\",\"\\u09a8\\u09c7\\u099f\\u09ab\\u09cd\\u09b2\\u09bf\\u0995\\u09cd\\u09b8\":\"\\u09a8\\u09c7\\u099f\\u09ab\\u09cd\\u09b2\\u09bf\\u0995\\u09cd\\u09b8\"}','{\"\\u09b0\\u200d\\u09cd\\u09af\\u09be\\u09ac\\u09bf\\u099f\\u09b9\\u09cb\\u09b2\\u09ac\\u09bf\\u09a1\\u09bf\":\"\\u09b0\\u200d\\u09cd\\u09af\\u09be\\u09ac\\u09bf\\u099f\\u09b9\\u09cb\\u09b2\\u09ac\\u09bf\\u09a1\\u09bf\"}','Radio',6,'Active','2022-10-13 15:11:00','2022-10-13 15:11:00'),(62,'টি-২০’২২ ওয়ার্ল্ড কাপ কবে এবং কোথায় শুরু হচ্ছে?','{\"\\u09e7\\u09ec\\u0987 \\u0985\\u0995\\u09cd\\u099f\\u09cb\\u09ac\\u09b0 \\u0985\\u09b8\\u09cd\\u099f\\u09cd\\u09b0\\u09c7\\u09b2\\u09bf\\u09df\\u09be\":\"\\u09e7\\u09ec\\u0987 \\u0985\\u0995\\u09cd\\u099f\\u09cb\\u09ac\\u09b0 \\u0985\\u09b8\\u09cd\\u099f\\u09cd\\u09b0\\u09c7\\u09b2\\u09bf\\u09df\\u09be\",\"\\u09e7\\u09ec\\u0987 \\u0985\\u0995\\u09cd\\u099f\\u09cb\\u09ac\\u09b0 \\u09a6\\u09c1\\u09ac\\u09be\\u0987\":\"\\u09e7\\u09ec\\u0987 \\u0985\\u0995\\u09cd\\u099f\\u09cb\\u09ac\\u09b0 \\u09a6\\u09c1\\u09ac\\u09be\\u0987\",\"\\u09e7\\u09eb\\u0987 \\u0985\\u0995\\u09cd\\u099f\\u09cb\\u09ac\\u09b0 \\u0985\\u09b8\\u09cd\\u099f\\u09cd\\u09b0\\u09c7\\u09b2\\u09bf\\u09df\\u09be\":\"\\u09e7\\u09eb\\u0987 \\u0985\\u0995\\u09cd\\u099f\\u09cb\\u09ac\\u09b0 \\u0985\\u09b8\\u09cd\\u099f\\u09cd\\u09b0\\u09c7\\u09b2\\u09bf\\u09df\\u09be\",\"\\u09e7\\u09ea\\u0987 \\u0985\\u0995\\u09cd\\u099f\\u09cb\\u09ac\\u09b0 \\u0985\\u09b8\\u09cd\\u099f\\u09cd\\u09b0\\u09c7\\u09b2\\u09bf\\u09df\\u09be\":\"\\u09e7\\u09ea\\u0987 \\u0985\\u0995\\u09cd\\u099f\\u09cb\\u09ac\\u09b0 \\u0985\\u09b8\\u09cd\\u099f\\u09cd\\u09b0\\u09c7\\u09b2\\u09bf\\u09df\\u09be\"}','{\"\\u09e7\\u09ec\\u0987 \\u0985\\u0995\\u09cd\\u099f\\u09cb\\u09ac\\u09b0 \\u0985\\u09b8\\u09cd\\u099f\\u09cd\\u09b0\\u09c7\\u09b2\\u09bf\\u09df\\u09be\":\"\\u09e7\\u09ec\\u0987 \\u0985\\u0995\\u09cd\\u099f\\u09cb\\u09ac\\u09b0 \\u0985\\u09b8\\u09cd\\u099f\\u09cd\\u09b0\\u09c7\\u09b2\\u09bf\\u09df\\u09be\"}','Multiselect',6,'Active','2022-10-13 15:13:37','2022-10-13 15:16:06'),(63,'ইজি মার্চেন্ট এপে কতবার প্রমোশনাল নোটিফিকেশান যাবে?','{\"\\u09aa\\u09cd\\u09b0\\u09a4\\u09bf \\u09e7 \\u09a6\\u09bf\\u09a8\\u09c7 \\u09e7 \\u099f\\u09bf\":\"\\u09aa\\u09cd\\u09b0\\u09a4\\u09bf \\u09e7 \\u09a6\\u09bf\\u09a8\\u09c7 \\u09e7 \\u099f\\u09bf\",\"\\u09aa\\u09cd\\u09b0\\u09a4\\u09bf \\u09e8 \\u09a6\\u09bf\\u09a8\\u09c7 \\u09e7 \\u09ac\\u09be\\u09b0\":\"\\u09aa\\u09cd\\u09b0\\u09a4\\u09bf \\u09e8 \\u09a6\\u09bf\\u09a8\\u09c7 \\u09e7 \\u09ac\\u09be\\u09b0\",\"\\u09aa\\u09cd\\u09b0\\u09a4\\u09bf \\u09e9 \\u09a6\\u09bf\\u09a8\\u09c7 \\u09e7 \\u09ac\\u09be\\u09b0\":\"\\u09aa\\u09cd\\u09b0\\u09a4\\u09bf \\u09e9 \\u09a6\\u09bf\\u09a8\\u09c7 \\u09e7 \\u09ac\\u09be\\u09b0\",\"\\u09aa\\u09cd\\u09b0\\u09a4\\u09bf \\u09b8\\u09aa\\u09cd\\u09a4\\u09be\\u09b9\\u09c7 \\u09e7\\u099f\\u09bf\":\"\\u09aa\\u09cd\\u09b0\\u09a4\\u09bf \\u09b8\\u09aa\\u09cd\\u09a4\\u09be\\u09b9\\u09c7 \\u09e7\\u099f\\u09bf\"}','{\"\\u09aa\\u09cd\\u09b0\\u09a4\\u09bf \\u09e7 \\u09a6\\u09bf\\u09a8\\u09c7 \\u09e7 \\u099f\\u09bf\":\"\\u09aa\\u09cd\\u09b0\\u09a4\\u09bf \\u09e7 \\u09a6\\u09bf\\u09a8\\u09c7 \\u09e7 \\u099f\\u09bf\"}','Radio',6,'Active','2022-10-13 15:17:10','2022-10-13 15:17:10'),(64,'সিআরএম এ শপ নাম লেখার জন্য  সব্বোর্চ কতো ক্যারেক্টার ব্যবহার করা যাবে?','{\"\\u09ea\\u09eb\":\"\\u09ea\\u09eb\",\"\\u09eb\\u09e6\":\"\\u09eb\\u09e6\",\"\\u09e8\\u09eb\":\"\\u09e8\\u09eb\",\"\\u09e8\\u09ed\":\"\\u09e8\\u09ed\"}','{\"\\u09eb\\u09e6\":\"\\u09eb\\u09e6\"}','Radio',8,'Active','2022-12-04 12:12:59','2022-12-04 12:12:59'),(65,'দোকানের ব্যানারে  প্রোপাইটর নাম এবং  এনআইডি পার্সনের নাম  যদি এক না হয় তাহলে কি প্রয়োজন পরে?','{\"\\u09ae\\u09be\\u09b0\\u09cd\\u099a\\u09c7\\u09a8\\u09cd\\u099f \\u0993\\u09a8\\u09be\\u09b0 \\u099a\\u09c7\\u099e\\u09cd\\u099c \\u0995\\u09a8\\u09ab\\u09be\\u09b0\\u09ae\\u09c7\\u09b6\\u09a8 \\u09ab\\u099f\\u09cb\":\"\\u09ae\\u09be\\u09b0\\u09cd\\u099a\\u09c7\\u09a8\\u09cd\\u099f \\u0993\\u09a8\\u09be\\u09b0 \\u099a\\u09c7\\u099e\\u09cd\\u099c \\u0995\\u09a8\\u09ab\\u09be\\u09b0\\u09ae\\u09c7\\u09b6\\u09a8 \\u09ab\\u099f\\u09cb\",\"\\u0986\\u09b2\\u09be\\u09a6\\u09be \\u0995\\u09b0\\u09c7 \\u09b6\\u09c1\\u09a7\\u09c1\\u09ae\\u09be\\u09a4\\u09cd\\u09b0 \\u09b6\\u09aa \\u09ac\\u09cd\\u09af\\u09be\\u09a8\\u09be\\u09b0\\u09c7\\u09b0 \\u099b\\u09ac\\u09bf\":\"\\u0986\\u09b2\\u09be\\u09a6\\u09be \\u0995\\u09b0\\u09c7 \\u09b6\\u09c1\\u09a7\\u09c1\\u09ae\\u09be\\u09a4\\u09cd\\u09b0 \\u09b6\\u09aa \\u09ac\\u09cd\\u09af\\u09be\\u09a8\\u09be\\u09b0\\u09c7\\u09b0 \\u099b\\u09ac\\u09bf\",\"\\u0995\\u09bf\\u0989 \\u0986\\u09b0 \\u09a1\\u09bf\\u09aa\\u09cd\\u09b2\\u09df\\u09ae\\u09c7\\u09a8\\u09cd\\u099f \\u098f\\u09b0 \\u099b\\u09ac\\u09bf\":\"\\u0995\\u09bf\\u0989 \\u0986\\u09b0 \\u09a1\\u09bf\\u09aa\\u09cd\\u09b2\\u09df\\u09ae\\u09c7\\u09a8\\u09cd\\u099f \\u098f\\u09b0 \\u099b\\u09ac\\u09bf\",\"\\u0995\\u09bf\\u099b\\u09c1 \\u09aa\\u09cd\\u09b0\\u09df\\u09cb\\u099c\\u09a8 \\u09a8\\u09be\\u0987\":\"\\u0995\\u09bf\\u099b\\u09c1 \\u09aa\\u09cd\\u09b0\\u09df\\u09cb\\u099c\\u09a8 \\u09a8\\u09be\\u0987\"}','{\"\\u09ae\\u09be\\u09b0\\u09cd\\u099a\\u09c7\\u09a8\\u09cd\\u099f \\u0993\\u09a8\\u09be\\u09b0 \\u099a\\u09c7\\u099e\\u09cd\\u099c \\u0995\\u09a8\\u09ab\\u09be\\u09b0\\u09ae\\u09c7\\u09b6\\u09a8 \\u09ab\\u099f\\u09cb\":\"\\u09ae\\u09be\\u09b0\\u09cd\\u099a\\u09c7\\u09a8\\u09cd\\u099f \\u0993\\u09a8\\u09be\\u09b0 \\u099a\\u09c7\\u099e\\u09cd\\u099c \\u0995\\u09a8\\u09ab\\u09be\\u09b0\\u09ae\\u09c7\\u09b6\\u09a8 \\u09ab\\u099f\\u09cb\"}','Radio',8,'Active','2022-12-04 12:17:21','2022-12-04 12:17:21'),(66,'শপ ফটো ব্যাকগ্রাউন্ড কোন ছবির সাথে ম্যাচ হতে হবে?','{\"\\u09ae\\u09be\\u09b0\\u09cd\\u099a\\u09c7\\u09a8\\u09cd\\u099f \\u09b8\\u09c7\\u09b2\\u09ab\\u09bf\":\"\\u09ae\\u09be\\u09b0\\u09cd\\u099a\\u09c7\\u09a8\\u09cd\\u099f \\u09b8\\u09c7\\u09b2\\u09ab\\u09bf\",\"\\u0995\\u09bf\\u0989\\u0986\\u09b0 \\u09a1\\u09bf\\u09aa\\u09cd\\u09b2\\u09df\\u09ae\\u09c7\\u09a8\\u09cd\\u099f \\u09ab\\u099f\\u09cb\":\"\\u0995\\u09bf\\u0989\\u0986\\u09b0 \\u09a1\\u09bf\\u09aa\\u09cd\\u09b2\\u09df\\u09ae\\u09c7\\u09a8\\u09cd\\u099f \\u09ab\\u099f\\u09cb\",\"\\u09ae\\u09be\\u09b0\\u09cd\\u099a\\u09c7\\u09a8\\u09cd\\u099f \\u09ab\\u099f\\u09cb\":\"\\u09ae\\u09be\\u09b0\\u09cd\\u099a\\u09c7\\u09a8\\u09cd\\u099f \\u09ab\\u099f\\u09cb\",\"\\u0989\\u09aa\\u09b0\\u09c7\\u09b0 \\u09b8\\u09ac \\u0997\\u09c1\\u09b2\\u09cb\":\"\\u0989\\u09aa\\u09b0\\u09c7\\u09b0 \\u09b8\\u09ac \\u0997\\u09c1\\u09b2\\u09cb\",\"\\u09af\\u09c7 \\u0995\\u09cb\\u09a8 \\u098f\\u0995\\u099f\\u09bf\":\"\\u09af\\u09c7 \\u0995\\u09cb\\u09a8 \\u098f\\u0995\\u099f\\u09bf\"}','{\"\\u09ae\\u09be\\u09b0\\u09cd\\u099a\\u09c7\\u09a8\\u09cd\\u099f \\u09b8\\u09c7\\u09b2\\u09ab\\u09bf\":\"\\u09ae\\u09be\\u09b0\\u09cd\\u099a\\u09c7\\u09a8\\u09cd\\u099f \\u09b8\\u09c7\\u09b2\\u09ab\\u09bf\"}','Radio',8,'Active','2022-12-04 12:22:41','2022-12-04 12:22:41'),(67,'দোকানের ব্যানারে দোকানের নাম অথবা দোকানের ঠিকানা স্পষ্টভাবে না থাকলে/ ব্যানার না থাকলে কি করতে হবে?','{\"\\u09ae\\u09be\\u09b0\\u09cd\\u099a\\u09c7\\u09a8\\u09cd\\u099f \\u098f\\u09a1\\u09cd\\u09b0\\u09c7\\u09b8 \\u0995\\u09a8\\u09ab\\u09be\\u09b0\\u09cd\\u09ae\\u09c7\\u09b6\\u09a8 \\u09ab\\u099f\\u09cb \\u09ad\\u09bf\\u099c\\u09bf\\u099f\\u09bf\\u0982 \\u0995\\u09be\\u09b0\\u09cd\\u09a1 \\u09b2\\u09c7\\u099f\\u09be\\u09b0 \\u09aa\\u09cd\\u09af\\u09be\\u09a1\":\"\\u09ae\\u09be\\u09b0\\u09cd\\u099a\\u09c7\\u09a8\\u09cd\\u099f \\u098f\\u09a1\\u09cd\\u09b0\\u09c7\\u09b8 \\u0995\\u09a8\\u09ab\\u09be\\u09b0\\u09cd\\u09ae\\u09c7\\u09b6\\u09a8 \\u09ab\\u099f\\u09cb \\u09ad\\u09bf\\u099c\\u09bf\\u099f\\u09bf\\u0982 \\u0995\\u09be\\u09b0\\u09cd\\u09a1 \\u09b2\\u09c7\\u099f\\u09be\\u09b0 \\u09aa\\u09cd\\u09af\\u09be\\u09a1\",\"\\u09ae\\u09be\\u09b0\\u09cd\\u099a\\u09c7\\u09a8\\u09cd\\u099f \\u098f\\u09a1\\u09cd\\u09b0\\u09c7\\u09b8 \\u0995\\u09a8\\u09ab\\u09be\\u09b0\\u09cd\\u09ae\\u09c7\\u09b6\\u09a8 \\u09ab\\u099f\\u09cb \\u09b2\\u09c7\\u099f\\u09be\\u09b0 \\u09aa\\u09cd\\u09af\\u09be\\u09a1\":\"\\u09ae\\u09be\\u09b0\\u09cd\\u099a\\u09c7\\u09a8\\u09cd\\u099f \\u098f\\u09a1\\u09cd\\u09b0\\u09c7\\u09b8 \\u0995\\u09a8\\u09ab\\u09be\\u09b0\\u09cd\\u09ae\\u09c7\\u09b6\\u09a8 \\u09ab\\u099f\\u09cb \\u09b2\\u09c7\\u099f\\u09be\\u09b0 \\u09aa\\u09cd\\u09af\\u09be\\u09a1\",\"\\u09ae\\u09be\\u09b0\\u09cd\\u099a\\u09c7\\u09a8\\u09cd\\u099f \\u098f\\u09a1\\u09cd\\u09b0\\u09c7\\u09b8 \\u0995\\u09a8\\u09ab\\u09be\\u09b0\\u09cd\\u09ae\\u09c7\\u09b6\\u09a8 \\u09ab\\u099f\\u09cb \\u09ad\\u09bf\\u099c\\u09bf\\u099f\\u09bf\\u0982 \\u0995\\u09be\\u09b0\\u09cd\\u09a1\":\"\\u09ae\\u09be\\u09b0\\u09cd\\u099a\\u09c7\\u09a8\\u09cd\\u099f \\u098f\\u09a1\\u09cd\\u09b0\\u09c7\\u09b8 \\u0995\\u09a8\\u09ab\\u09be\\u09b0\\u09cd\\u09ae\\u09c7\\u09b6\\u09a8 \\u09ab\\u099f\\u09cb \\u09ad\\u09bf\\u099c\\u09bf\\u099f\\u09bf\\u0982 \\u0995\\u09be\\u09b0\\u09cd\\u09a1\",\"\\u0995\\u09bf\\u099b\\u09c1\\u0987 \\u09a8\\u09be\":\"\\u0995\\u09bf\\u099b\\u09c1\\u0987 \\u09a8\\u09be\"}','{\"\\u09ae\\u09be\\u09b0\\u09cd\\u099a\\u09c7\\u09a8\\u09cd\\u099f \\u098f\\u09a1\\u09cd\\u09b0\\u09c7\\u09b8 \\u0995\\u09a8\\u09ab\\u09be\\u09b0\\u09cd\\u09ae\\u09c7\\u09b6\\u09a8 \\u09ab\\u099f\\u09cb \\u09ad\\u09bf\\u099c\\u09bf\\u099f\\u09bf\\u0982 \\u0995\\u09be\\u09b0\\u09cd\\u09a1 \\u09b2\\u09c7\\u099f\\u09be\\u09b0 \\u09aa\\u09cd\\u09af\\u09be\\u09a1\":\"\\u09ae\\u09be\\u09b0\\u09cd\\u099a\\u09c7\\u09a8\\u09cd\\u099f \\u098f\\u09a1\\u09cd\\u09b0\\u09c7\\u09b8 \\u0995\\u09a8\\u09ab\\u09be\\u09b0\\u09cd\\u09ae\\u09c7\\u09b6\\u09a8 \\u09ab\\u099f\\u09cb \\u09ad\\u09bf\\u099c\\u09bf\\u099f\\u09bf\\u0982 \\u0995\\u09be\\u09b0\\u09cd\\u09a1 \\u09b2\\u09c7\\u099f\\u09be\\u09b0 \\u09aa\\u09cd\\u09af\\u09be\\u09a1\"}','Radio',8,'Active','2022-12-04 12:32:17','2022-12-04 12:32:17'),(68,'একটি পারফেক্ট মার্চেন্ট  সেলফি  কেমন হবে ?','{\"\\u09ae\\u09be\\u09b0\\u09cd\\u099a\\u09c7\\u09a8\\u09cd\\u099f \\u0985\\u09ac\\u09b6\\u09cd\\u09af\\u0987 \\u0995\\u09cd\\u09af\\u09be\\u09ae\\u09be\\u09b0\\u09be\\u09b0 \\u09a6\\u09bf\\u0995\\u09c7 \\u09a4\\u09be\\u0995\\u09bf\\u09df\\u09c7 \\u099b\\u09ac\\u09bf \\u09a4\\u09c1\\u09b2\\u09ac\\u09c7\":\"\\u09ae\\u09be\\u09b0\\u09cd\\u099a\\u09c7\\u09a8\\u09cd\\u099f \\u0985\\u09ac\\u09b6\\u09cd\\u09af\\u0987 \\u0995\\u09cd\\u09af\\u09be\\u09ae\\u09be\\u09b0\\u09be\\u09b0 \\u09a6\\u09bf\\u0995\\u09c7 \\u09a4\\u09be\\u0995\\u09bf\\u09df\\u09c7 \\u099b\\u09ac\\u09bf \\u09a4\\u09c1\\u09b2\\u09ac\\u09c7\",\"\\u09ae\\u09be\\u09b8\\u09cd\\u0995 \\u09aa\\u09b0\\u09c7 \\u098f\\u09ac\\u0982 \\u0996\\u09be\\u09b2\\u09bf \\u0997\\u09be\\u09df\\u09c7 \\u09b8\\u09c7\\u09b2\\u09ab\\u09bf \\u09a4\\u09c1\\u09b2\\u09ac\\u09c7\\u09a8 \\u09a8\\u09be\":\"\\u09ae\\u09be\\u09b8\\u09cd\\u0995 \\u09aa\\u09b0\\u09c7 \\u098f\\u09ac\\u0982 \\u0996\\u09be\\u09b2\\u09bf \\u0997\\u09be\\u09df\\u09c7 \\u09b8\\u09c7\\u09b2\\u09ab\\u09bf \\u09a4\\u09c1\\u09b2\\u09ac\\u09c7\\u09a8 \\u09a8\\u09be\",\"\\u09b8\\u09c7\\u09b2\\u09ab\\u09bf \\u0985\\u09ac\\u09b6\\u09cd\\u09af\\u0987 \\u09a6\\u09cb\\u0995\\u09be\\u09a8\\u09c7\\u09b0 \\u09ad\\u09bf\\u09a4\\u09b0\\u09c7 \\u09a4\\u09c1\\u09b2\\u09a4\\u09c7 \\u09b9\\u09ac\\u09c7 \\u09af\\u09be \\u09a6\\u09cb\\u0995\\u09be\\u09a8\\u09c7\\u09b0 \\u099b\\u09ac\\u09bf\\u09b0 \\u09b8\\u09be\\u09a5\\u09c7 \\u09ae\\u09bf\\u09b2\\u09be\\u09a8\\u09cb \\u09af\\u09be\\u09df\":\"\\u09b8\\u09c7\\u09b2\\u09ab\\u09bf \\u0985\\u09ac\\u09b6\\u09cd\\u09af\\u0987 \\u09a6\\u09cb\\u0995\\u09be\\u09a8\\u09c7\\u09b0 \\u09ad\\u09bf\\u09a4\\u09b0\\u09c7 \\u09a4\\u09c1\\u09b2\\u09a4\\u09c7 \\u09b9\\u09ac\\u09c7 \\u09af\\u09be \\u09a6\\u09cb\\u0995\\u09be\\u09a8\\u09c7\\u09b0 \\u099b\\u09ac\\u09bf\\u09b0 \\u09b8\\u09be\\u09a5\\u09c7 \\u09ae\\u09bf\\u09b2\\u09be\\u09a8\\u09cb \\u09af\\u09be\\u09df\",\"\\u09ae\\u09be\\u09b0\\u09cd\\u099a\\u09c7\\u09a8\\u09cd\\u099f \\u098f\\u0995\\u0987 \\u0995\\u09cd\\u09af\\u09be\\u099f\\u09be\\u0997\\u09b0\\u09c0\\u09b0 \\u0985\\u09a8\\u09cd\\u09af \\u09a6\\u09cb\\u0995\\u09be\\u09a8\\u09c7 \\u09ac\\u09b8\\u09c7 \\u09b8\\u09c7\\u09b2\\u09ab\\u09bf \\u09a6\\u09bf\\u09a4\\u09c7 \\u09aa\\u09be\\u09b0\\u09ac\\u09c7\\u09a8\":\"\\u09ae\\u09be\\u09b0\\u09cd\\u099a\\u09c7\\u09a8\\u09cd\\u099f \\u098f\\u0995\\u0987 \\u0995\\u09cd\\u09af\\u09be\\u099f\\u09be\\u0997\\u09b0\\u09c0\\u09b0 \\u0985\\u09a8\\u09cd\\u09af \\u09a6\\u09cb\\u0995\\u09be\\u09a8\\u09c7 \\u09ac\\u09b8\\u09c7 \\u09b8\\u09c7\\u09b2\\u09ab\\u09bf \\u09a6\\u09bf\\u09a4\\u09c7 \\u09aa\\u09be\\u09b0\\u09ac\\u09c7\\u09a8\"}','{\"\\u09ae\\u09be\\u09b0\\u09cd\\u099a\\u09c7\\u09a8\\u09cd\\u099f \\u0985\\u09ac\\u09b6\\u09cd\\u09af\\u0987 \\u0995\\u09cd\\u09af\\u09be\\u09ae\\u09be\\u09b0\\u09be\\u09b0 \\u09a6\\u09bf\\u0995\\u09c7 \\u09a4\\u09be\\u0995\\u09bf\\u09df\\u09c7 \\u099b\\u09ac\\u09bf \\u09a4\\u09c1\\u09b2\\u09ac\\u09c7\":\"\\u09ae\\u09be\\u09b0\\u09cd\\u099a\\u09c7\\u09a8\\u09cd\\u099f \\u0985\\u09ac\\u09b6\\u09cd\\u09af\\u0987 \\u0995\\u09cd\\u09af\\u09be\\u09ae\\u09be\\u09b0\\u09be\\u09b0 \\u09a6\\u09bf\\u0995\\u09c7 \\u09a4\\u09be\\u0995\\u09bf\\u09df\\u09c7 \\u099b\\u09ac\\u09bf \\u09a4\\u09c1\\u09b2\\u09ac\\u09c7\",\"\\u09ae\\u09be\\u09b8\\u09cd\\u0995 \\u09aa\\u09b0\\u09c7 \\u098f\\u09ac\\u0982 \\u0996\\u09be\\u09b2\\u09bf \\u0997\\u09be\\u09df\\u09c7 \\u09b8\\u09c7\\u09b2\\u09ab\\u09bf \\u09a4\\u09c1\\u09b2\\u09ac\\u09c7\\u09a8 \\u09a8\\u09be\":\"\\u09ae\\u09be\\u09b8\\u09cd\\u0995 \\u09aa\\u09b0\\u09c7 \\u098f\\u09ac\\u0982 \\u0996\\u09be\\u09b2\\u09bf \\u0997\\u09be\\u09df\\u09c7 \\u09b8\\u09c7\\u09b2\\u09ab\\u09bf \\u09a4\\u09c1\\u09b2\\u09ac\\u09c7\\u09a8 \\u09a8\\u09be\",\"\\u09b8\\u09c7\\u09b2\\u09ab\\u09bf \\u0985\\u09ac\\u09b6\\u09cd\\u09af\\u0987 \\u09a6\\u09cb\\u0995\\u09be\\u09a8\\u09c7\\u09b0 \\u09ad\\u09bf\\u09a4\\u09b0\\u09c7 \\u09a4\\u09c1\\u09b2\\u09a4\\u09c7 \\u09b9\\u09ac\\u09c7 \\u09af\\u09be \\u09a6\\u09cb\\u0995\\u09be\\u09a8\\u09c7\\u09b0 \\u099b\\u09ac\\u09bf\\u09b0 \\u09b8\\u09be\\u09a5\\u09c7 \\u09ae\\u09bf\\u09b2\\u09be\\u09a8\\u09cb \\u09af\\u09be\\u09df\":\"\\u09b8\\u09c7\\u09b2\\u09ab\\u09bf \\u0985\\u09ac\\u09b6\\u09cd\\u09af\\u0987 \\u09a6\\u09cb\\u0995\\u09be\\u09a8\\u09c7\\u09b0 \\u09ad\\u09bf\\u09a4\\u09b0\\u09c7 \\u09a4\\u09c1\\u09b2\\u09a4\\u09c7 \\u09b9\\u09ac\\u09c7 \\u09af\\u09be \\u09a6\\u09cb\\u0995\\u09be\\u09a8\\u09c7\\u09b0 \\u099b\\u09ac\\u09bf\\u09b0 \\u09b8\\u09be\\u09a5\\u09c7 \\u09ae\\u09bf\\u09b2\\u09be\\u09a8\\u09cb \\u09af\\u09be\\u09df\"}','Multiselect',8,'Active','2022-12-04 13:24:23','2022-12-04 13:24:23'),(69,'নিচের কোন টাইপ দোকান সমূহ আমরা মার্চেন্ট হিসেবে অনবোর্ড করতে পারবো না।','{\"\\u09af\\u09c7 \\u0995\\u09cb\\u09a8 \\u0985\\u09b8\\u09cd\\u09a5\\u09be\\u09df\\u09c0 \\u09a6\\u09cb\\u0995\\u09be\\u09a8\":\"\\u09af\\u09c7 \\u0995\\u09cb\\u09a8 \\u0985\\u09b8\\u09cd\\u09a5\\u09be\\u09df\\u09c0 \\u09a6\\u09cb\\u0995\\u09be\\u09a8\",\"\\u09ad\\u09be\\u0982\\u0997\\u09be\\u09b0\\u09c0\\u09b0 \\u09a6\\u09cb\\u0995\\u09be\\u09a8\":\"\\u09ad\\u09be\\u0982\\u0997\\u09be\\u09b0\\u09c0\\u09b0 \\u09a6\\u09cb\\u0995\\u09be\\u09a8\",\"\\u09af\\u09c7 \\u0995\\u09cb\\u09a8 \\u09a7\\u09b0\\u09a8\\u09c7\\u09b0 \\u0993\\u09df\\u09be\\u09b0\\u09cd\\u0995\\u09b6\\u09aa\":\"\\u09af\\u09c7 \\u0995\\u09cb\\u09a8 \\u09a7\\u09b0\\u09a8\\u09c7\\u09b0 \\u0993\\u09df\\u09be\\u09b0\\u09cd\\u0995\\u09b6\\u09aa\",\"\\u0997\\u09cd\\u09b0\\u09cb\\u09b8\\u09be\\u09b0\\u09bf \\u09b6\\u09aa\":\"\\u0997\\u09cd\\u09b0\\u09cb\\u09b8\\u09be\\u09b0\\u09bf \\u09b6\\u09aa\",\"\\u099f\\u09bf\\u09a8\\u09c7\\u09b0 \\u09a6\\u09cb\\u0995\\u09be\\u09a8\":\"\\u099f\\u09bf\\u09a8\\u09c7\\u09b0 \\u09a6\\u09cb\\u0995\\u09be\\u09a8\"}','{\"\\u09af\\u09c7 \\u0995\\u09cb\\u09a8 \\u0985\\u09b8\\u09cd\\u09a5\\u09be\\u09df\\u09c0 \\u09a6\\u09cb\\u0995\\u09be\\u09a8\":\"\\u09af\\u09c7 \\u0995\\u09cb\\u09a8 \\u0985\\u09b8\\u09cd\\u09a5\\u09be\\u09df\\u09c0 \\u09a6\\u09cb\\u0995\\u09be\\u09a8\",\"\\u09ad\\u09be\\u0982\\u0997\\u09be\\u09b0\\u09c0\\u09b0 \\u09a6\\u09cb\\u0995\\u09be\\u09a8\":\"\\u09ad\\u09be\\u0982\\u0997\\u09be\\u09b0\\u09c0\\u09b0 \\u09a6\\u09cb\\u0995\\u09be\\u09a8\",\"\\u09af\\u09c7 \\u0995\\u09cb\\u09a8 \\u09a7\\u09b0\\u09a8\\u09c7\\u09b0 \\u0993\\u09df\\u09be\\u09b0\\u09cd\\u0995\\u09b6\\u09aa\":\"\\u09af\\u09c7 \\u0995\\u09cb\\u09a8 \\u09a7\\u09b0\\u09a8\\u09c7\\u09b0 \\u0993\\u09df\\u09be\\u09b0\\u09cd\\u0995\\u09b6\\u09aa\"}','Multiselect',8,'Active','2022-12-04 13:29:25','2022-12-04 13:29:25'),(70,'ভাংগারীর দোকান এবং কোন ধরনের ওয়ার্কশপ দোকান যদি গ্রহণ করি, তাহলে কোন কোন ডকুমেন্টস থাকা ইন্সট্যান্ট এক্টিভেশনের সময়েই দিতে হবে?','{\"\\u098f\\u09a8\\u0986\\u0987\\u09a1\\u09bf\":\"\\u098f\\u09a8\\u0986\\u0987\\u09a1\\u09bf\",\"\\u099f\\u09cd\\u09b0\\u09c7\\u09a1 \\u09b2\\u09be\\u0987\\u09b8\\u09c7\\u09a8\\u09cd\\u09b8\":\"\\u099f\\u09cd\\u09b0\\u09c7\\u09a1 \\u09b2\\u09be\\u0987\\u09b8\\u09c7\\u09a8\\u09cd\\u09b8\",\"\\u09aa\\u09be\\u09b8\\u09aa\\u09cb\\u09b0\\u09cd\\u099f \\u09b8\\u09be\\u0987\\u099c \\u09ab\\u099f\\u09cb\":\"\\u09aa\\u09be\\u09b8\\u09aa\\u09cb\\u09b0\\u09cd\\u099f \\u09b8\\u09be\\u0987\\u099c \\u09ab\\u099f\\u09cb\",\"\\u099f\\u09bf\\u09a8 \\u09b8\\u09be\\u09b0\\u09cd\\u099f\\u09bf\\u09ab\\u09bf\\u0995\\u09c7\\u099f\":\"\\u099f\\u09bf\\u09a8 \\u09b8\\u09be\\u09b0\\u09cd\\u099f\\u09bf\\u09ab\\u09bf\\u0995\\u09c7\\u099f\",\"\\u09ac\\u09cd\\u09af\\u09be\\u0982\\u0995 \\u098f\\u0995\\u09be\\u0989\\u09a8\\u09cd\\u099f \\u09a4\\u09a5\\u09cd\\u09af\":\"\\u09ac\\u09cd\\u09af\\u09be\\u0982\\u0995 \\u098f\\u0995\\u09be\\u0989\\u09a8\\u09cd\\u099f \\u09a4\\u09a5\\u09cd\\u09af\",\"\\u09b8\\u09ac\\u0997\\u09c1\\u09b2\\u09cb\":\"\\u09b8\\u09ac\\u0997\\u09c1\\u09b2\\u09cb\"}','{\"\\u099f\\u09cd\\u09b0\\u09c7\\u09a1 \\u09b2\\u09be\\u0987\\u09b8\\u09c7\\u09a8\\u09cd\\u09b8\":\"\\u099f\\u09cd\\u09b0\\u09c7\\u09a1 \\u09b2\\u09be\\u0987\\u09b8\\u09c7\\u09a8\\u09cd\\u09b8\",\"\\u099f\\u09bf\\u09a8 \\u09b8\\u09be\\u09b0\\u09cd\\u099f\\u09bf\\u09ab\\u09bf\\u0995\\u09c7\\u099f\":\"\\u099f\\u09bf\\u09a8 \\u09b8\\u09be\\u09b0\\u09cd\\u099f\\u09bf\\u09ab\\u09bf\\u0995\\u09c7\\u099f\",\"\\u09ac\\u09cd\\u09af\\u09be\\u0982\\u0995 \\u098f\\u0995\\u09be\\u0989\\u09a8\\u09cd\\u099f \\u09a4\\u09a5\\u09cd\\u09af\":\"\\u09ac\\u09cd\\u09af\\u09be\\u0982\\u0995 \\u098f\\u0995\\u09be\\u0989\\u09a8\\u09cd\\u099f \\u09a4\\u09a5\\u09cd\\u09af\"}','Multiselect',8,'Active','2022-12-04 13:42:34','2022-12-04 13:42:34'),(71,'শপ নেইম স্পেলিং এবং ভিজিটিং কার্ডের স্পেলিং যদি না মিলে, তাহলে কি করতে হবে?','{\"\\u09ae\\u09be\\u09b2\\u09bf\\u0995\\u09c7\\u09b0 \\u09b8\\u09be\\u09a5\\u09c7 \\u0995\\u09a5\\u09be \\u09ac\\u09b2\\u09c7 \\u09ac\\u09cd\\u09af\\u09be\\u0982\\u0995 \\u0985\\u09cd\\u09af\\u09be\\u0995\\u09be\\u0989\\u09a8\\u09cd\\u099f \\u09a8\\u09c7\\u0987\\u09ae \\u0985\\u09a8\\u09c1\\u09af\\u09be\\u09af\\u09bc\\u09c0 \\u09b8\\u09cd\\u09aa\\u09c7\\u09b2\\u09bf\\u0982 \\u0995\\u09a8\\u09ab\\u09be\\u09b0\\u09cd\\u09ae\\u09c7\\u09b6\\u09a8\\u09c7 \\u09b2\\u09bf\\u0996\\u09c7 \\u09a6\\u09bf\\u09a4\\u09c7 \\u09b9\\u09ac\\u09c7\":\"\\u09ae\\u09be\\u09b2\\u09bf\\u0995\\u09c7\\u09b0 \\u09b8\\u09be\\u09a5\\u09c7 \\u0995\\u09a5\\u09be \\u09ac\\u09b2\\u09c7 \\u09ac\\u09cd\\u09af\\u09be\\u0982\\u0995 \\u0985\\u09cd\\u09af\\u09be\\u0995\\u09be\\u0989\\u09a8\\u09cd\\u099f \\u09a8\\u09c7\\u0987\\u09ae \\u0985\\u09a8\\u09c1\\u09af\\u09be\\u09af\\u09bc\\u09c0 \\u09b8\\u09cd\\u09aa\\u09c7\\u09b2\\u09bf\\u0982 \\u0995\\u09a8\\u09ab\\u09be\\u09b0\\u09cd\\u09ae\\u09c7\\u09b6\\u09a8\\u09c7 \\u09b2\\u09bf\\u0996\\u09c7 \\u09a6\\u09bf\\u09a4\\u09c7 \\u09b9\\u09ac\\u09c7\",\"\\u0995\\u09a8\\u09ab\\u09be\\u09b0\\u09ae\\u09c7\\u09b6\\u09a8\\u09c7 \\u09af\\u09c7 \\u0995\\u09cb\\u09a8 \\u098f\\u0995\\u099f\\u09bf \\u09b8\\u09cd\\u09aa\\u09c7\\u09b2\\u09bf\\u0982 \\u09b2\\u09bf\\u0996\\u09b2\\u09c7\\u0987 \\u09b9\\u09ac\\u09c7\":\"\\u0995\\u09a8\\u09ab\\u09be\\u09b0\\u09ae\\u09c7\\u09b6\\u09a8\\u09c7 \\u09af\\u09c7 \\u0995\\u09cb\\u09a8 \\u098f\\u0995\\u099f\\u09bf \\u09b8\\u09cd\\u09aa\\u09c7\\u09b2\\u09bf\\u0982 \\u09b2\\u09bf\\u0996\\u09b2\\u09c7\\u0987 \\u09b9\\u09ac\\u09c7\",\"\\u09af\\u09c7 \\u0995\\u09cb\\u09a8 \\u098f\\u0995\\u099f\\u09bf\":\"\\u09af\\u09c7 \\u0995\\u09cb\\u09a8 \\u098f\\u0995\\u099f\\u09bf\"}','{\"\\u09ae\\u09be\\u09b2\\u09bf\\u0995\\u09c7\\u09b0 \\u09b8\\u09be\\u09a5\\u09c7 \\u0995\\u09a5\\u09be \\u09ac\\u09b2\\u09c7 \\u09ac\\u09cd\\u09af\\u09be\\u0982\\u0995 \\u0985\\u09cd\\u09af\\u09be\\u0995\\u09be\\u0989\\u09a8\\u09cd\\u099f \\u09a8\\u09c7\\u0987\\u09ae \\u0985\\u09a8\\u09c1\\u09af\\u09be\\u09af\\u09bc\\u09c0 \\u09b8\\u09cd\\u09aa\\u09c7\\u09b2\\u09bf\\u0982 \\u0995\\u09a8\\u09ab\\u09be\\u09b0\\u09cd\\u09ae\\u09c7\\u09b6\\u09a8\\u09c7 \\u09b2\\u09bf\\u0996\\u09c7 \\u09a6\\u09bf\\u09a4\\u09c7 \\u09b9\\u09ac\\u09c7\":\"\\u09ae\\u09be\\u09b2\\u09bf\\u0995\\u09c7\\u09b0 \\u09b8\\u09be\\u09a5\\u09c7 \\u0995\\u09a5\\u09be \\u09ac\\u09b2\\u09c7 \\u09ac\\u09cd\\u09af\\u09be\\u0982\\u0995 \\u0985\\u09cd\\u09af\\u09be\\u0995\\u09be\\u0989\\u09a8\\u09cd\\u099f \\u09a8\\u09c7\\u0987\\u09ae \\u0985\\u09a8\\u09c1\\u09af\\u09be\\u09af\\u09bc\\u09c0 \\u09b8\\u09cd\\u09aa\\u09c7\\u09b2\\u09bf\\u0982 \\u0995\\u09a8\\u09ab\\u09be\\u09b0\\u09cd\\u09ae\\u09c7\\u09b6\\u09a8\\u09c7 \\u09b2\\u09bf\\u0996\\u09c7 \\u09a6\\u09bf\\u09a4\\u09c7 \\u09b9\\u09ac\\u09c7\"}','Radio',8,'Active','2022-12-04 13:48:57','2022-12-04 13:48:57'),(72,'সিআরএম  এর সকল ইনফরমেশন  কোন  লেটারে এ ইনপুট করা যায় না?','{\"\\u09b8\\u09cd\\u09ae\\u09b2 \\u09b2\\u09c7\\u099f\\u09be\\u09b0\":\"\\u09b8\\u09cd\\u09ae\\u09b2 \\u09b2\\u09c7\\u099f\\u09be\\u09b0\",\"\\u0995\\u09cd\\u09af\\u09be\\u09aa\\u09bf\\u099f\\u09be\\u09b2 \\u09b2\\u09c7\\u099f\\u09be\\u09b0\":\"\\u0995\\u09cd\\u09af\\u09be\\u09aa\\u09bf\\u099f\\u09be\\u09b2 \\u09b2\\u09c7\\u099f\\u09be\\u09b0\",\"\\u09af\\u09c7 \\u0995\\u09cb\\u09a8 \\u098f\\u0995\\u099f\\u09bf \\u09a6\\u09bf\\u09b2\\u09c7\\u0987 \\u09b9\\u09ac\\u09c7\":\"\\u09af\\u09c7 \\u0995\\u09cb\\u09a8 \\u098f\\u0995\\u099f\\u09bf \\u09a6\\u09bf\\u09b2\\u09c7\\u0987 \\u09b9\\u09ac\\u09c7\"}','{\"\\u09b8\\u09cd\\u09ae\\u09b2 \\u09b2\\u09c7\\u099f\\u09be\\u09b0\":\"\\u09b8\\u09cd\\u09ae\\u09b2 \\u09b2\\u09c7\\u099f\\u09be\\u09b0\"}','Radio',8,'Active','2022-12-04 14:02:58','2022-12-04 14:02:58'),(73,'একটি আদর্শ শপ ফটোতে কোন বিষয় গুলো থাকতে হবে?','{\"\\u09a6\\u09cb\\u0995\\u09be\\u09a8\\u09c7\\u09b0 \\u09b8\\u09be\\u09ae\\u09a8\\u09c7\\u09b0 \\u0985\\u0982\\u09b6 \\u09a5\\u09c7\\u0995\\u09c7 \\u09ac\\u09cd\\u09af\\u09a8\\u09be\\u09b0 \\u09b8\\u09b9 \\u09a4\\u09c1\\u09b2\\u09ac\\u09c7\\u09a8\":\"\\u09a6\\u09cb\\u0995\\u09be\\u09a8\\u09c7\\u09b0 \\u09b8\\u09be\\u09ae\\u09a8\\u09c7\\u09b0 \\u0985\\u0982\\u09b6 \\u09a5\\u09c7\\u0995\\u09c7 \\u09ac\\u09cd\\u09af\\u09a8\\u09be\\u09b0 \\u09b8\\u09b9 \\u09a4\\u09c1\\u09b2\\u09ac\\u09c7\\u09a8\",\"\\u09ac\\u09cd\\u09af\\u09a8\\u09be\\u09b0 \\u09b7\\u09cd\\u09aa\\u09b7\\u09cd\\u099f\\u09ad\\u09be\\u09ac\\u09c7 \\u09aa\\u09dc\\u09be \\u09af\\u09c7\\u09a4\\u09c7 \\u09b9\\u09ac\\u09c7\":\"\\u09ac\\u09cd\\u09af\\u09a8\\u09be\\u09b0 \\u09b7\\u09cd\\u09aa\\u09b7\\u09cd\\u099f\\u09ad\\u09be\\u09ac\\u09c7 \\u09aa\\u09dc\\u09be \\u09af\\u09c7\\u09a4\\u09c7 \\u09b9\\u09ac\\u09c7\",\"\\u09a6\\u09cb\\u0995\\u09a8\\u09c7\\u09b0 \\u09ad\\u09c7\\u09a4\\u09b0\\u09c7\\u09b0 \\u09aa\\u09cd\\u09b0\\u09cb\\u09a1\\u09be\\u0995\\u09cd\\u099f \\u09a6\\u09c7\\u0996\\u09be \\u09af\\u09c7\\u09a4\\u09c7 \\u09b9\\u09ac\\u09c7\":\"\\u09a6\\u09cb\\u0995\\u09a8\\u09c7\\u09b0 \\u09ad\\u09c7\\u09a4\\u09b0\\u09c7\\u09b0 \\u09aa\\u09cd\\u09b0\\u09cb\\u09a1\\u09be\\u0995\\u09cd\\u099f \\u09a6\\u09c7\\u0996\\u09be \\u09af\\u09c7\\u09a4\\u09c7 \\u09b9\\u09ac\\u09c7\",\"\\u09b6\\u09c1\\u09a7\\u09c1\\u09ae\\u09be\\u09a4\\u09cd\\u09b0 \\u09ac\\u09cd\\u09af\\u09be\\u09a8\\u09be\\u09b0 \\u09a5\\u09be\\u0995\\u09b2\\u09c7\\u0987 \\u09b9\\u09ac\\u09c7\":\"\\u09b6\\u09c1\\u09a7\\u09c1\\u09ae\\u09be\\u09a4\\u09cd\\u09b0 \\u09ac\\u09cd\\u09af\\u09be\\u09a8\\u09be\\u09b0 \\u09a5\\u09be\\u0995\\u09b2\\u09c7\\u0987 \\u09b9\\u09ac\\u09c7\",\"\\u09b8\\u09ac\\u0997\\u09c1\\u09b2\\u09cb\":\"\\u09b8\\u09ac\\u0997\\u09c1\\u09b2\\u09cb\"}','{\"\\u09a6\\u09cb\\u0995\\u09be\\u09a8\\u09c7\\u09b0 \\u09b8\\u09be\\u09ae\\u09a8\\u09c7\\u09b0 \\u0985\\u0982\\u09b6 \\u09a5\\u09c7\\u0995\\u09c7 \\u09ac\\u09cd\\u09af\\u09a8\\u09be\\u09b0 \\u09b8\\u09b9 \\u09a4\\u09c1\\u09b2\\u09ac\\u09c7\\u09a8\":\"\\u09a6\\u09cb\\u0995\\u09be\\u09a8\\u09c7\\u09b0 \\u09b8\\u09be\\u09ae\\u09a8\\u09c7\\u09b0 \\u0985\\u0982\\u09b6 \\u09a5\\u09c7\\u0995\\u09c7 \\u09ac\\u09cd\\u09af\\u09a8\\u09be\\u09b0 \\u09b8\\u09b9 \\u09a4\\u09c1\\u09b2\\u09ac\\u09c7\\u09a8\",\"\\u09ac\\u09cd\\u09af\\u09a8\\u09be\\u09b0 \\u09b7\\u09cd\\u09aa\\u09b7\\u09cd\\u099f\\u09ad\\u09be\\u09ac\\u09c7 \\u09aa\\u09dc\\u09be \\u09af\\u09c7\\u09a4\\u09c7 \\u09b9\\u09ac\\u09c7\":\"\\u09ac\\u09cd\\u09af\\u09a8\\u09be\\u09b0 \\u09b7\\u09cd\\u09aa\\u09b7\\u09cd\\u099f\\u09ad\\u09be\\u09ac\\u09c7 \\u09aa\\u09dc\\u09be \\u09af\\u09c7\\u09a4\\u09c7 \\u09b9\\u09ac\\u09c7\",\"\\u09a6\\u09cb\\u0995\\u09a8\\u09c7\\u09b0 \\u09ad\\u09c7\\u09a4\\u09b0\\u09c7\\u09b0 \\u09aa\\u09cd\\u09b0\\u09cb\\u09a1\\u09be\\u0995\\u09cd\\u099f \\u09a6\\u09c7\\u0996\\u09be \\u09af\\u09c7\\u09a4\\u09c7 \\u09b9\\u09ac\\u09c7\":\"\\u09a6\\u09cb\\u0995\\u09a8\\u09c7\\u09b0 \\u09ad\\u09c7\\u09a4\\u09b0\\u09c7\\u09b0 \\u09aa\\u09cd\\u09b0\\u09cb\\u09a1\\u09be\\u0995\\u09cd\\u099f \\u09a6\\u09c7\\u0996\\u09be \\u09af\\u09c7\\u09a4\\u09c7 \\u09b9\\u09ac\\u09c7\"}','Multiselect',8,'Active','2022-12-04 15:47:40','2022-12-04 15:47:40'),(74,'ব্যাংক একাউন্ট নম্বর কত সংখ্যার হতে হবে ?','{\"\\u09e7\\u09e6-\\u09e7\\u09ee \\u09b8\\u0982\\u0996\\u09cd\\u09af\\u09be\\u09b0\":\"\\u09e7\\u09e6-\\u09e7\\u09ee \\u09b8\\u0982\\u0996\\u09cd\\u09af\\u09be\\u09b0\",\"\\u09e7\\u09e6-\\u09e7\\u09e9 \\u09b8\\u0982\\u0996\\u09cd\\u09af\\u09be\\u09b0\":\"\\u09e7\\u09e6-\\u09e7\\u09e9 \\u09b8\\u0982\\u0996\\u09cd\\u09af\\u09be\\u09b0\",\"\\u09ef-\\u09e7\\u09e9 \\u09b8\\u0982\\u0996\\u09cd\\u09af\\u09be\\u09b0\":\"\\u09ef-\\u09e7\\u09e9 \\u09b8\\u0982\\u0996\\u09cd\\u09af\\u09be\\u09b0\",\"\\u09b8\\u09ac\\u0997\\u09c1\\u09b2\\u09cb\":\"\\u09b8\\u09ac\\u0997\\u09c1\\u09b2\\u09cb\"}','{\"\\u09e7\\u09e6-\\u09e7\\u09ee \\u09b8\\u0982\\u0996\\u09cd\\u09af\\u09be\\u09b0\":\"\\u09e7\\u09e6-\\u09e7\\u09ee \\u09b8\\u0982\\u0996\\u09cd\\u09af\\u09be\\u09b0\"}','Radio',8,'Active','2022-12-04 15:53:36','2022-12-04 15:53:36'),(75,'বিজনেস  একাউন্ট  এর ক্ষেত্রে ব্যাঙ্ক  একাউন্ট  নাম  কিসের সাথে মিল থাকতে হবে?','{\"\\u09a6\\u09cb\\u0995\\u09be\\u09a8\\u09c7\\u09b0 \\u09a8\\u09be\\u09ae\":\"\\u09a6\\u09cb\\u0995\\u09be\\u09a8\\u09c7\\u09b0 \\u09a8\\u09be\\u09ae\",\"\\u099f\\u09cd\\u09b0\\u09c7\\u09a1 \\u09b2\\u09be\\u0987\\u09b8\\u09c7\\u09a8\\u09cd\\u09b8\\u09c7\\u09b0 \\u09a8\\u09be\\u09ae\":\"\\u099f\\u09cd\\u09b0\\u09c7\\u09a1 \\u09b2\\u09be\\u0987\\u09b8\\u09c7\\u09a8\\u09cd\\u09b8\\u09c7\\u09b0 \\u09a8\\u09be\\u09ae\",\"\\u0995\\u09bf\\u0989\\u0986\\u09b0 \\u09a1\\u09bf\\u09b8\\u09aa\\u09cd\\u09b2\\u09c7 \\u09a8\\u09be\\u09ae\":\"\\u0995\\u09bf\\u0989\\u0986\\u09b0 \\u09a1\\u09bf\\u09b8\\u09aa\\u09cd\\u09b2\\u09c7 \\u09a8\\u09be\\u09ae\",\"\\u09af\\u09c7 \\u0995\\u09cb\\u09a8 \\u098f\\u0995\\u099f\\u09bf\":\"\\u09af\\u09c7 \\u0995\\u09cb\\u09a8 \\u098f\\u0995\\u099f\\u09bf\"}','{\"\\u09a6\\u09cb\\u0995\\u09be\\u09a8\\u09c7\\u09b0 \\u09a8\\u09be\\u09ae\":\"\\u09a6\\u09cb\\u0995\\u09be\\u09a8\\u09c7\\u09b0 \\u09a8\\u09be\\u09ae\"}','Radio',8,'Active','2022-12-04 16:02:26','2022-12-04 16:16:24'),(76,'কেওয়াইসি তে আবেদনকারীর নাম কোন ফরমেট এ হবে ?','{\"\\u0987\\u0982\\u09b2\\u09bf\\u09b6\":\"\\u0987\\u0982\\u09b2\\u09bf\\u09b6\",\"\\u09ac\\u09be\\u0982\\u09b2\\u09be\":\"\\u09ac\\u09be\\u0982\\u09b2\\u09be\",\"\\u09af\\u09c7 \\u0995\\u09cb\\u09a8 \\u098f\\u0995\\u099f\\u09bf \\u09ab\\u09b0\\u09ae\\u09c7\\u099f \\u09a6\\u09bf\\u09b2\\u09c7\\u0987 \\u09b9\\u09ac\\u09c7\":\"\\u09af\\u09c7 \\u0995\\u09cb\\u09a8 \\u098f\\u0995\\u099f\\u09bf \\u09ab\\u09b0\\u09ae\\u09c7\\u099f \\u09a6\\u09bf\\u09b2\\u09c7\\u0987 \\u09b9\\u09ac\\u09c7\"}','{\"\\u0987\\u0982\\u09b2\\u09bf\\u09b6\":\"\\u0987\\u0982\\u09b2\\u09bf\\u09b6\"}','Radio',8,'Active','2022-12-04 16:06:33','2022-12-04 16:06:33'),(77,'কেওয়াইসি তে মালিকের শহর কোন ডকুমেন্ট অনুযায়ী লিখতে হবে?','{\"\\u09ae\\u09be\\u09b2\\u09bf\\u0995\\u09c7\\u09b0 \\u098f\\u09a8\\u0986\\u0987\\u09a1\\u09bf \\u0986\\u09a8\\u09c1\\u09af\\u09be\\u09df\\u09c0\":\"\\u09ae\\u09be\\u09b2\\u09bf\\u0995\\u09c7\\u09b0 \\u098f\\u09a8\\u0986\\u0987\\u09a1\\u09bf \\u0986\\u09a8\\u09c1\\u09af\\u09be\\u09df\\u09c0\",\"\\u09ae\\u09be\\u09b2\\u09bf\\u0995\\u09c7\\u09b0 \\u09a6\\u09cb\\u0995\\u09be\\u09a8 \\u09af\\u09c7 \\u09b6\\u09b9\\u09b0\\u09c7 \\u09a4\\u09be\\u09b0 \\u09a8\\u09be\\u09ae\":\"\\u09ae\\u09be\\u09b2\\u09bf\\u0995\\u09c7\\u09b0 \\u09a6\\u09cb\\u0995\\u09be\\u09a8 \\u09af\\u09c7 \\u09b6\\u09b9\\u09b0\\u09c7 \\u09a4\\u09be\\u09b0 \\u09a8\\u09be\\u09ae\",\"MAS \\u09af\\u09c7 \\u09b6\\u09b9\\u09b0\\u09c7 \\u0995\\u09be\\u099c \\u0995\\u09b0\\u099b\\u09c7\\u09a8 \\u09b8\\u09c7\\u0987 \\u09b6\\u09b9\\u09b0\\u09c7\\u09b0 \\u09a8\\u09be\\u09ae\":\"MAS \\u09af\\u09c7 \\u09b6\\u09b9\\u09b0\\u09c7 \\u0995\\u09be\\u099c \\u0995\\u09b0\\u099b\\u09c7\\u09a8 \\u09b8\\u09c7\\u0987 \\u09b6\\u09b9\\u09b0\\u09c7\\u09b0 \\u09a8\\u09be\\u09ae\",\"\\u0995\\u09cb\\u09a8\\u099f\\u09bf \\u09a8\\u09df\":\"\\u0995\\u09cb\\u09a8\\u099f\\u09bf \\u09a8\\u09df\"}','{\"\\u09ae\\u09be\\u09b2\\u09bf\\u0995\\u09c7\\u09b0 \\u098f\\u09a8\\u0986\\u0987\\u09a1\\u09bf \\u0986\\u09a8\\u09c1\\u09af\\u09be\\u09df\\u09c0\":\"\\u09ae\\u09be\\u09b2\\u09bf\\u0995\\u09c7\\u09b0 \\u098f\\u09a8\\u0986\\u0987\\u09a1\\u09bf \\u0986\\u09a8\\u09c1\\u09af\\u09be\\u09df\\u09c0\"}','Radio',8,'Active','2022-12-04 16:09:17','2022-12-04 16:09:17'),(78,'কেওয়াইসি তে  এনআইডি নম্বর কত সংখ্যার হতে হবে?','{\"\\u09e7\\u09e6 \\u09e7\\u09e9 \\u098f\\u09ac\\u0982 \\u09e7\\u09ed\":\"\\u09e7\\u09e6 \\u09e7\\u09e9 \\u098f\\u09ac\\u0982 \\u09e7\\u09ed\",\"\\u09ef \\u09e7\\u09e9 \\u098f\\u09ac\\u0982 \\u09e7\\u09ee\":\"\\u09ef \\u09e7\\u09e9 \\u098f\\u09ac\\u0982 \\u09e7\\u09ee\",\"\\u09e7\\u09e6 \\u09e7\\u09eb \\u098f\\u09ac\\u0982 \\u09e7\\u09ee\":\"\\u09e7\\u09e6 \\u09e7\\u09eb \\u098f\\u09ac\\u0982 \\u09e7\\u09ee\",\"\\u09af\\u09c7 \\u0995\\u09cb\\u09a8 \\u098f\\u0995\\u099f\\u09bf\":\"\\u09af\\u09c7 \\u0995\\u09cb\\u09a8 \\u098f\\u0995\\u099f\\u09bf\"}','{\"\\u09e7\\u09e6 \\u09e7\\u09e9 \\u098f\\u09ac\\u0982 \\u09e7\\u09ed\":\"\\u09e7\\u09e6 \\u09e7\\u09e9 \\u098f\\u09ac\\u0982 \\u09e7\\u09ed\"}','Radio',8,'Active','2022-12-04 16:12:41','2022-12-04 16:12:41'),(79,'শপ ব্যানার এর পরিবর্তে শপ নাম কোন ডকুমেন্ট অনুযায়ী লিখতে হবে ?','{\"\\u09ae\\u09be\\u09b0\\u09cd\\u099a\\u09c7\\u09a8\\u09cd\\u099f \\u09ab\\u099f\\u09cb \\u09a1\\u09bf\\u099f\\u09c7\\u0987\\u09b2\\u09b8\":\"\\u09ae\\u09be\\u09b0\\u09cd\\u099a\\u09c7\\u09a8\\u09cd\\u099f \\u09ab\\u099f\\u09cb \\u09a1\\u09bf\\u099f\\u09c7\\u0987\\u09b2\\u09b8\",\"\\u09ad\\u09bf\\u099c\\u09bf\\u099f\\u09bf\\u0982 \\u0995\\u09be\\u09b0\\u09cd\\u09a1\":\"\\u09ad\\u09bf\\u099c\\u09bf\\u099f\\u09bf\\u0982 \\u0995\\u09be\\u09b0\\u09cd\\u09a1\",\"\\u09b2\\u09c7\\u099f\\u09be\\u09b0 \\u09aa\\u09cd\\u09af\\u09be\\u09a1\":\"\\u09b2\\u09c7\\u099f\\u09be\\u09b0 \\u09aa\\u09cd\\u09af\\u09be\\u09a1\",\"\\u09b6\\u09aa \\u09ac\\u09cd\\u09af\\u09be\\u09a8\\u09be\\u09b0\":\"\\u09b6\\u09aa \\u09ac\\u09cd\\u09af\\u09be\\u09a8\\u09be\\u09b0\",\"\\u09ae\\u09be\\u09b0\\u09cd\\u099a\\u09c7\\u09a8\\u09cd\\u099f\\u09c7\\u09b0 \\u09aa\\u099b\\u09a8\\u09cd\\u09a6 \\u0985\\u09a8\\u09c1\\u09af\\u09be\\u09df\\u09c0 \\u09af\\u09c7 \\u0995\\u09cb\\u09a8 \\u098f\\u0995\\u099f\\u09bf\":\"\\u09ae\\u09be\\u09b0\\u09cd\\u099a\\u09c7\\u09a8\\u09cd\\u099f\\u09c7\\u09b0 \\u09aa\\u099b\\u09a8\\u09cd\\u09a6 \\u0985\\u09a8\\u09c1\\u09af\\u09be\\u09df\\u09c0 \\u09af\\u09c7 \\u0995\\u09cb\\u09a8 \\u098f\\u0995\\u099f\\u09bf\",\"\\u09ac\\u09cd\\u09af\\u09be\\u0982\\u0995 \\u098f\\u0995\\u09be\\u0989\\u09a8\\u09cd\\u099f\\u09c7\\u09b0 \\u09a8\\u09be\\u09ae\\u09c7\":\"\\u09ac\\u09cd\\u09af\\u09be\\u0982\\u0995 \\u098f\\u0995\\u09be\\u0989\\u09a8\\u09cd\\u099f\\u09c7\\u09b0 \\u09a8\\u09be\\u09ae\\u09c7\",\"\\u09ae\\u09be\\u09b0\\u09cd\\u099a\\u09c7\\u09a8\\u09cd\\u099f\\u09c7\\u09b0 \\u09a8\\u09be\\u09ae\\u09c7\":\"\\u09ae\\u09be\\u09b0\\u09cd\\u099a\\u09c7\\u09a8\\u09cd\\u099f\\u09c7\\u09b0 \\u09a8\\u09be\\u09ae\\u09c7\"}','{\"\\u09ae\\u09be\\u09b0\\u09cd\\u099a\\u09c7\\u09a8\\u09cd\\u099f \\u09ab\\u099f\\u09cb \\u09a1\\u09bf\\u099f\\u09c7\\u0987\\u09b2\\u09b8\":\"\\u09ae\\u09be\\u09b0\\u09cd\\u099a\\u09c7\\u09a8\\u09cd\\u099f \\u09ab\\u099f\\u09cb \\u09a1\\u09bf\\u099f\\u09c7\\u0987\\u09b2\\u09b8\",\"\\u09ad\\u09bf\\u099c\\u09bf\\u099f\\u09bf\\u0982 \\u0995\\u09be\\u09b0\\u09cd\\u09a1\":\"\\u09ad\\u09bf\\u099c\\u09bf\\u099f\\u09bf\\u0982 \\u0995\\u09be\\u09b0\\u09cd\\u09a1\",\"\\u09b2\\u09c7\\u099f\\u09be\\u09b0 \\u09aa\\u09cd\\u09af\\u09be\\u09a1\":\"\\u09b2\\u09c7\\u099f\\u09be\\u09b0 \\u09aa\\u09cd\\u09af\\u09be\\u09a1\"}','Multiselect',8,'Active','2022-12-04 16:25:37','2022-12-06 13:03:56'),(80,'কেওয়াইসি তে টিক  মার্ক কয়টি দিতে হবে এবং কোথায় দিতে হবে ?','{\"\\u09e9\\u099f\\u09bf Company Type Form\\u2019s information is correct Overall Risk Assessment\":\"\\u09e9\\u099f\\u09bf Company Type Form\\u2019s information is correct Overall Risk Assessment\",\"\\u09ea \\u099f\\u09bf Company Type Form\\u2019s information is correct Overall Risk Assessment Business year\":\"\\u09ea \\u099f\\u09bf Company Type Form\\u2019s information is correct Overall Risk Assessment Business year\",\"\\u09e9\\u099f\\u09bf Company Type Form\\u2019s information is correct Business year\":\"\\u09e9\\u099f\\u09bf Company Type Form\\u2019s information is correct Business year\",\"\\u09ea \\u099f\\u09bf Overall Risk Assessment Business year Company Type employee number\":\"\\u09ea \\u099f\\u09bf Overall Risk Assessment Business year Company Type employee number\"}','{\"\\u09e9\\u099f\\u09bf Company Type Form\\u2019s information is correct Overall Risk Assessment\":\"\\u09e9\\u099f\\u09bf Company Type Form\\u2019s information is correct Overall Risk Assessment\"}','Radio',8,'Active','2022-12-04 16:30:17','2022-12-04 16:30:17'),(81,'কেওয়াইসিতে কাউন্টার সাইন কে করবেন এবং কেমন হবে ?','{\"\\u09ae\\u09be\\u09b0\\u09cd\\u099a\\u09c7\\u09a8\\u09cd\\u099f \\u09a8\\u09bf\\u099c\\u09c7\":\"\\u09ae\\u09be\\u09b0\\u09cd\\u099a\\u09c7\\u09a8\\u09cd\\u099f \\u09a8\\u09bf\\u099c\\u09c7\",\"MAS \\u0995\\u09b0\\u09ac\\u09c7\\u09a8\":\"MAS \\u0995\\u09b0\\u09ac\\u09c7\\u09a8\",\"\\u09af\\u09c7 \\u0995\\u09cb\\u09a8 \\u098f\\u0995\\u099c\\u09a8 \\u0995\\u09b0\\u09b2\\u09c7\\u0987 \\u09b9\\u09ac\\u09c7\":\"\\u09af\\u09c7 \\u0995\\u09cb\\u09a8 \\u098f\\u0995\\u099c\\u09a8 \\u0995\\u09b0\\u09b2\\u09c7\\u0987 \\u09b9\\u09ac\\u09c7\",\"\\u0995\\u09c7\\u0993\\u09df\\u09be\\u0987\\u09b8\\u09bf\\u09a4\\u09c7 \\u09ae\\u09be\\u09b0\\u09cd\\u099a\\u09c7\\u09a8\\u09cd\\u099f \\u09a8\\u09bf\\u099c\\u09c7\\u0987 \\u09b8\\u09be\\u0987\\u09a8 \\u0995\\u09b0\\u09ac\\u09c7 \\u098f\\u09ac\\u0982 \\u09ae\\u09be\\u09b0\\u09cd\\u099a\\u09c7\\u09a8\\u09cd\\u099f\\u09c7\\u09b0 \\u09b8\\u0995\\u09b2 \\u09b8\\u09be\\u0987\\u09a8 \\u098f\\u0995\\u0987 \\u09b9\\u09ac\\u09c7\":\"\\u0995\\u09c7\\u0993\\u09df\\u09be\\u0987\\u09b8\\u09bf\\u09a4\\u09c7 \\u09ae\\u09be\\u09b0\\u09cd\\u099a\\u09c7\\u09a8\\u09cd\\u099f \\u09a8\\u09bf\\u099c\\u09c7\\u0987 \\u09b8\\u09be\\u0987\\u09a8 \\u0995\\u09b0\\u09ac\\u09c7 \\u098f\\u09ac\\u0982 \\u09ae\\u09be\\u09b0\\u09cd\\u099a\\u09c7\\u09a8\\u09cd\\u099f\\u09c7\\u09b0 \\u09b8\\u0995\\u09b2 \\u09b8\\u09be\\u0987\\u09a8 \\u098f\\u0995\\u0987 \\u09b9\\u09ac\\u09c7\",\"\\u09af\\u09c7 \\u0995\\u09cb\\u09a8 \\u098f\\u0995\\u099f\\u09bf\":\"\\u09af\\u09c7 \\u0995\\u09cb\\u09a8 \\u098f\\u0995\\u099f\\u09bf\"}','{\"\\u0995\\u09c7\\u0993\\u09df\\u09be\\u0987\\u09b8\\u09bf\\u09a4\\u09c7 \\u09ae\\u09be\\u09b0\\u09cd\\u099a\\u09c7\\u09a8\\u09cd\\u099f \\u09a8\\u09bf\\u099c\\u09c7\\u0987 \\u09b8\\u09be\\u0987\\u09a8 \\u0995\\u09b0\\u09ac\\u09c7 \\u098f\\u09ac\\u0982 \\u09ae\\u09be\\u09b0\\u09cd\\u099a\\u09c7\\u09a8\\u09cd\\u099f\\u09c7\\u09b0 \\u09b8\\u0995\\u09b2 \\u09b8\\u09be\\u0987\\u09a8 \\u098f\\u0995\\u0987 \\u09b9\\u09ac\\u09c7\":\"\\u0995\\u09c7\\u0993\\u09df\\u09be\\u0987\\u09b8\\u09bf\\u09a4\\u09c7 \\u09ae\\u09be\\u09b0\\u09cd\\u099a\\u09c7\\u09a8\\u09cd\\u099f \\u09a8\\u09bf\\u099c\\u09c7\\u0987 \\u09b8\\u09be\\u0987\\u09a8 \\u0995\\u09b0\\u09ac\\u09c7 \\u098f\\u09ac\\u0982 \\u09ae\\u09be\\u09b0\\u09cd\\u099a\\u09c7\\u09a8\\u09cd\\u099f\\u09c7\\u09b0 \\u09b8\\u0995\\u09b2 \\u09b8\\u09be\\u0987\\u09a8 \\u098f\\u0995\\u0987 \\u09b9\\u09ac\\u09c7\"}','Radio',8,'Active','2022-12-04 16:33:09','2022-12-04 16:33:09'),(82,'কেওয়াইসিতে \" Name of Applicant\" এ নামের বানান কোন ডকুমেন্ট অনুযায়ী লিখতে হবে?','{\"\\u098f\\u09a8 \\u0986\\u0987\\u09a1\\u09bf\":\"\\u098f\\u09a8 \\u0986\\u0987\\u09a1\\u09bf\",\"\\u09ac\\u09cd\\u09af\\u09be\\u0982\\u0995 \\u099a\\u09c7\\u0995\\u09b2\\u09bf\\u09ab\":\"\\u09ac\\u09cd\\u09af\\u09be\\u0982\\u0995 \\u099a\\u09c7\\u0995\\u09b2\\u09bf\\u09ab\",\"\\u09ae\\u09be\\u09b0\\u09cd\\u099a\\u09c7\\u09a8\\u09cd\\u099f \\u0995\\u09a8\\u09ab\\u09be\\u09b0\\u09ae\\u09c7\\u09b6\\u09a8 \\u09ab\\u099f\\u09cb\":\"\\u09ae\\u09be\\u09b0\\u09cd\\u099a\\u09c7\\u09a8\\u09cd\\u099f \\u0995\\u09a8\\u09ab\\u09be\\u09b0\\u09ae\\u09c7\\u09b6\\u09a8 \\u09ab\\u099f\\u09cb\",\"\\u0995\\u09cb\\u09a8\\u099f\\u09bf \\u09a8\\u09df\":\"\\u0995\\u09cb\\u09a8\\u099f\\u09bf \\u09a8\\u09df\"}','{\"\\u098f\\u09a8 \\u0986\\u0987\\u09a1\\u09bf\":\"\\u098f\\u09a8 \\u0986\\u0987\\u09a1\\u09bf\"}','Radio',8,'Active','2022-12-04 16:34:47','2022-12-04 16:34:47'),(83,'মার্চেন্ট সিগনেচার কি ফিংগার প্রিন্ট হতে পার?','{\"\\u09b9\\u09cd\\u09af\\u09be\\u0981 \\u09af\\u09a6\\u09bf \\u098f\\u09a8\\u0986\\u0987\\u09a1\\u09bf\\u09a4\\u09c7 \\u09a5\\u09be\\u0995\\u09c7\":\"\\u09b9\\u09cd\\u09af\\u09be\\u0981 \\u09af\\u09a6\\u09bf \\u098f\\u09a8\\u0986\\u0987\\u09a1\\u09bf\\u09a4\\u09c7 \\u09a5\\u09be\\u0995\\u09c7\",\"\\u09a8\\u09be \\u09b9\\u09a4\\u09c7 \\u09aa\\u09be\\u09b0\\u09c7 \\u09a8\\u09be\":\"\\u09a8\\u09be \\u09b9\\u09a4\\u09c7 \\u09aa\\u09be\\u09b0\\u09c7 \\u09a8\\u09be\"}','{\"\\u09b9\\u09cd\\u09af\\u09be\\u0981 \\u09af\\u09a6\\u09bf \\u098f\\u09a8\\u0986\\u0987\\u09a1\\u09bf\\u09a4\\u09c7 \\u09a5\\u09be\\u0995\\u09c7\":\"\\u09b9\\u09cd\\u09af\\u09be\\u0981 \\u09af\\u09a6\\u09bf \\u098f\\u09a8\\u0986\\u0987\\u09a1\\u09bf\\u09a4\\u09c7 \\u09a5\\u09be\\u0995\\u09c7\"}','Radio',8,'Active','2022-12-04 16:37:26','2022-12-04 16:37:26'),(84,'রবি ৫৯৯ টাকা রিচার্জে মার্চেন্ট কত টাকা পাবেন?','{\"\\u09eb\\u099f\\u09be\\u0995\\u09be\":\"\\u09eb\\u099f\\u09be\\u0995\\u09be\",\"\\u09ed\\u099f\\u09be\\u0995\\u09be\":\"\\u09ed\\u099f\\u09be\\u0995\\u09be\",\"\\u09ef\\u099f\\u09be\\u0995\\u09be\":\"\\u09ef\\u099f\\u09be\\u0995\\u09be\"}','{\"\\u09eb\\u099f\\u09be\\u0995\\u09be\":\"\\u09eb\\u099f\\u09be\\u0995\\u09be\"}','Radio',6,'Active','2022-12-05 16:58:19','2022-12-05 16:58:19'),(85,'What is the meaning of DSaaS?','{\"Distribution Solution as a Service\":\"Distribution Solution as a Service\",\"Distributor Software as a Service\":\"Distributor Software as a Service\",\"Distribution Software a Service\":\"Distribution Software a Service\",\"Distributor Solution As a Service\":\"Distributor Solution As a Service\"}','{\"Distribution Solution as a Service\":\"Distribution Solution as a Service\"}','Radio',13,'Active','2023-02-07 10:35:45','2023-02-07 10:35:45'),(86,'The DSaaS is a solution for ___?','{\"Manual\":\"Manual\",\"Full Automation\":\"Full Automation\",\"Semi-Automation\":\"Semi-Automation\",\"Both Full & Semi-Automation\":\"Both Full & Semi-Automation\"}','{\"Full Automation\":\"Full Automation\"}','Radio',13,'Active','2023-02-07 10:38:52','2023-02-07 10:38:52'),(87,'What does DSaaS Do?','{\"Automation of Producer\":\"Automation of Producer\",\"Automation of Producer-Distributor and Retailer system\":\"Automation of Producer-Distributor and Retailer system\",\"Automation of Distributor\":\"Automation of Distributor\",\"Automation of Retailer\":\"Automation of Retailer\"}','{\"Automation of Producer-Distributor and Retailer system\":\"Automation of Producer-Distributor and Retailer system\"}','Radio',13,'Active','2023-02-07 10:40:59','2023-02-07 15:32:40'),(88,'From where SR can view his profile?','{\"Dashboard\":\"Dashboard\",\"Drawer Menu\":\"Drawer Menu\",\"Report\":\"Report\",\"None of these\":\"None of these\"}','{\"Drawer Menu\":\"Drawer Menu\"}','Radio',13,'Active','2023-02-07 10:42:23','2023-02-07 10:42:23'),(89,'Which service does Merchant App provide?','{\"Reporting and Dynamic dashboard\":\"Reporting and Dynamic dashboard\",\"Distributor payment automation\":\"Distributor payment automation\",\"Consumer Ordering\":\"Consumer Ordering\",\"SR activity Automation\":\"SR activity Automation\"}','{\"Consumer Ordering\":\"Consumer Ordering\"}','Radio',13,'Active','2023-02-07 10:44:13','2023-02-07 15:30:14'),(90,'What is the meaning of DM?','{\"District Manager\":\"District Manager\",\"Delivery Man\":\"Delivery Man\",\"Dealership Management\":\"Dealership Management\",\"Dealer Manager\":\"Dealer Manager\"}','{\"Delivery Man\":\"Delivery Man\"}','Radio',13,'Active','2023-02-07 10:45:30','2023-02-07 10:45:30'),(91,'What is the meaning of SR?','{\"Sales Person\":\"Sales Person\",\"Service Request\":\"Service Request\",\"Senior Representative\":\"Senior Representative\",\"Sales Representative\":\"Sales Representative\"}','{\"Sales Representative\":\"Sales Representative\"}','Radio',13,'Active','2023-02-07 10:46:53','2023-02-07 10:46:53'),(92,'How producers can also be benefitted from DSaaS?','{\"Increased sales and operations\":\"Increased sales and operations\",\"Increased sales\":\"Increased sales\",\"Increased productivity\":\"Increased productivity\",\"Cash Flow\":\"Cash Flow\"}','{\"Increased sales and operations\":\"Increased sales and operations\"}','Radio',13,'Inactive','2023-02-07 10:52:32','2023-02-07 15:23:14'),(93,'Which one is the admin panel feature?','{\"Payment List\":\"Payment List\",\"Configure Hierarchy\":\"Configure Hierarchy\",\"Configure SR\":\"Configure SR\",\"Order Monitoring\":\"Order Monitoring\"}','{\"Configure Hierarchy\":\"Configure Hierarchy\"}','Radio',13,'Active','2023-02-07 10:53:42','2023-02-07 10:53:42'),(94,'Which one is Distributor Panel\'s feature?','{\"Retailer List\":\"Retailer List\",\"Order Taking\":\"Order Taking\",\"Product List\":\"Product List\",\"Delivery Confirmation\":\"Delivery Confirmation\"}','{\"Retailer List\":\"Retailer List\"}','Radio',13,'Inactive','2023-02-07 10:55:15','2023-02-07 15:20:53'),(95,'Which one is SR App\'s feature?','{\"Delivery Confirmation\":\"Delivery Confirmation\",\"Profile Management\":\"Profile Management\",\"Hierarchy Configuration\":\"Hierarchy Configuration\",\"View Secondary Lifting Report\":\"View Secondary Lifting Report\"}','{\"Delivery Confirmation\":\"Delivery Confirmation\"}','Radio',13,'Active','2023-02-07 10:56:26','2023-02-07 10:56:26'),(96,'Which one is Producer Panel\'s feature?','{\"Order Tacking\":\"Order Tacking\",\"SR Configuration\":\"SR Configuration\",\"Payment Collection\":\"Payment Collection\",\"Payment List\":\"Payment List\"}','{\"SR Configuration\":\"SR Configuration\"}','Radio',13,'Active','2023-02-07 10:58:18','2023-02-07 10:58:18'),(97,'Which panel shows the \"Producer wise Report\"?','{\"Producer Panel\":\"Producer Panel\",\"SR\":\"SR\",\"Distributor Panel\":\"Distributor Panel\",\"Admin Panel\":\"Admin Panel\"}','{\"Admin Panel\":\"Admin Panel\"}','Radio',13,'Active','2023-02-07 10:59:31','2023-02-07 10:59:31'),(98,'Which panel shows the \"SR visit Report\"?','{\"Distributor Panel\":\"Distributor Panel\",\"Producer Panel\":\"Producer Panel\",\"Admin Panel\":\"Admin Panel\",\"None\":\"None\"}','{\"Producer Panel\":\"Producer Panel\"}','Radio',13,'Active','2023-02-07 11:01:05','2023-02-07 11:01:05'),(99,'Which panel shows the \"Retailer Sales Summary\" as per distributor?','{\"Distributor Panel\":\"Distributor Panel\",\"Producer Panel\":\"Producer Panel\",\"Both\":\"Both\"}','{\"Both\":\"Both\"}','Radio',13,'Active','2023-02-07 11:02:16','2023-02-07 15:28:18'),(100,'From which option of SR App, SR can count the number not ordered outlets?','{\"Order Taking\":\"Order Taking\",\"Dashboard\":\"Dashboard\",\"Report\":\"Report\",\"Only visit\":\"Only visit\"}','{\"Order Taking\":\"Order Taking\"}','Radio',13,'Active','2023-02-07 11:03:58','2023-02-07 15:27:09'),(101,'What is the usefulness of DSaaS?','{\"Decreased sales & profit\":\"Decreased sales & profit\",\"Manual Retail Mapping and visibility\":\"Manual Retail Mapping and visibility\",\"Digital Retail Mapping and visibility\":\"Digital Retail Mapping and visibility\",\"None of Those\":\"None of Those\"}','{\"Digital Retail Mapping and visibility\":\"Digital Retail Mapping and visibility\"}','Radio',13,'Active','2023-02-07 11:05:19','2023-02-07 11:05:19'),(102,'DSaaS Increase','{\"In manual distribution operations\":\"In manual distribution operations\",\"Sales & Profit\":\"Sales & Profit\",\"Retailer\":\"Retailer\",\"None of Those\":\"None of Those\"}','{\"Sales & Profit\":\"Sales & Profit\"}','Radio',13,'Active','2023-02-07 11:06:34','2023-02-07 11:06:34'),(103,'From where SR can view his LPC?','{\"Report\":\"Report\",\"Order Taking\":\"Order Taking\",\"Dashboard\":\"Dashboard\",\"None of Those\":\"None of Those\"}','{\"Dashboard\":\"Dashboard\"}','Radio',13,'Active','2023-02-07 11:08:31','2023-02-07 15:26:36'),(104,'From where SR can take orders?','{\"Delivery\":\"Delivery\",\"Order Taking\":\"Order Taking\",\"Dashboard\":\"Dashboard\",\"Outlet Visit\":\"Outlet Visit\"}','{\"Order Taking\":\"Order Taking\"}','Radio',13,'Active','2023-02-07 11:09:58','2023-02-07 11:09:58'),(105,'Which report is not available in SR?','{\"Secondary Lifting\":\"Secondary Lifting\",\"SKU-wise Order\":\"SKU-wise Order\",\"Outlet wise Order\":\"Outlet wise Order\",\"Product Return\":\"Product Return\"}','{\"Secondary Lifting\":\"Secondary Lifting\"}','Radio',13,'Active','2023-02-07 11:11:03','2023-02-07 11:11:03'),(106,'What is Drop size?','{\"Total Memo Amount\\/ Number of Memo\":\"Total Memo Amount\\/ Number of Memo\",\"Total SKU Order Taken Till now\\/ Memo no\":\"Total SKU Order Taken Till now\\/ Memo no\",\"Total SKU Order Taken till Now\\/Number roof Memo\":\"Total SKU Order Taken till Now\\/Number roof Memo\",\"None of these\":\"None of these\"}','{\"None of these\":\"None of these\"}','Radio',13,'Inactive','2023-02-07 11:12:09','2023-02-07 15:17:14'),(107,'Which industries can be benefited from DSaaS?','{\"Petroleum\":\"Petroleum\",\"Pharmaceutical\":\"Pharmaceutical\",\"MFS\":\"MFS\",\"Bank\":\"Bank\",\"Insurance\":\"Insurance\"}','{\"Pharmaceutical\":\"Pharmaceutical\"}','Radio',13,'Active','2023-02-07 11:13:15','2023-02-07 11:13:15'),(108,'মার্চেন্ট শতকরা কত পার্সেন্ট লাভ করতে পারবে?','{\"\\u09e7\\u09e6%\":\"\\u09e7\\u09e6%\",\"\\u09e7\\u09e7%\":\"\\u09e7\\u09e7%\",\"\\u09e8\\u09e7%\":\"\\u09e8\\u09e7%\",\"\\u09e7\\u09e8.\\u09eb%\":\"\\u09e7\\u09e8.\\u09eb%\"}','{\"\\u09e7\\u09e7%\":\"\\u09e7\\u09e7%\"}','Radio',14,'Active','2023-03-06 12:49:36','2023-03-06 12:49:36'),(109,'১২ মাসের বার্ষিক প্যাকেজে মার্চেন্ট কত টাকা লাভ পাবেন?','{\"\\u09eb\\u09e6 \\u099f\\u09be\\u0995\\u09be\":\"\\u09eb\\u09e6 \\u099f\\u09be\\u0995\\u09be\",\"\\u09ea\\u09e6 \\u099f\\u09be\\u0995\\u09be\":\"\\u09ea\\u09e6 \\u099f\\u09be\\u0995\\u09be\",\"\\u09ee\\u09e6 \\u099f\\u09be\\u0995\\u09be\":\"\\u09ee\\u09e6 \\u099f\\u09be\\u0995\\u09be\",\"\\u09ed\\u09e6 \\u099f\\u09be\\u0995\\u09be\":\"\\u09ed\\u09e6 \\u099f\\u09be\\u0995\\u09be\"}','{\"\\u09ea\\u09e6 \\u099f\\u09be\\u0995\\u09be\":\"\\u09ea\\u09e6 \\u099f\\u09be\\u0995\\u09be\"}','Radio',14,'Active','2023-03-06 13:00:37','2023-03-06 13:00:37'),(110,'বঙ্গবিডি কত সালে প্রথম স্ট্রিমিং এ আসে?','{\"\\u09e8\\u09e6\\u09e7\\u09e8\":\"\\u09e8\\u09e6\\u09e7\\u09e8\",\"\\u09e8\\u09e6\\u09e7\\u09e9\":\"\\u09e8\\u09e6\\u09e7\\u09e9\",\"\\u09e8\\u09e6\\u09e7\\u09ea\":\"\\u09e8\\u09e6\\u09e7\\u09ea\",\"\\u09e8\\u09e6\\u09e7\\u09e7\":\"\\u09e8\\u09e6\\u09e7\\u09e7\"}','{\"\\u09e8\\u09e6\\u09e7\\u09ea\":\"\\u09e8\\u09e6\\u09e7\\u09ea\"}','Radio',14,'Active','2023-03-06 13:03:52','2023-03-06 13:03:52'),(111,'নিচের কোন প্লাটফর্ম থেকে বঙ্গ তাদের স্ট্রিমিং এর যাত্রা শুরু করে?','{\"\\u0987\\u0989\\u099f\\u09bf\\u0989\\u09ac\":\"\\u0987\\u0989\\u099f\\u09bf\\u0989\\u09ac\",\"\\u09ae\\u09cb\\u09ac\\u09be\\u0987\\u09b2 \\u0985\\u09cd\\u09af\\u09be\\u09aa\":\"\\u09ae\\u09cb\\u09ac\\u09be\\u0987\\u09b2 \\u0985\\u09cd\\u09af\\u09be\\u09aa\",\"\\u09ab\\u09c7\\u09b8\\u09ac\\u09c1\\u0995 \\u09aa\\u09c7\\u0987\\u099c\":\"\\u09ab\\u09c7\\u09b8\\u09ac\\u09c1\\u0995 \\u09aa\\u09c7\\u0987\\u099c\",\"\\u0993\\u09df\\u09c7\\u09ac\\u09b8\\u09be\\u0987\\u099f\":\"\\u0993\\u09df\\u09c7\\u09ac\\u09b8\\u09be\\u0987\\u099f\"}','{\"\\u0987\\u0989\\u099f\\u09bf\\u0989\\u09ac\":\"\\u0987\\u0989\\u099f\\u09bf\\u0989\\u09ac\"}','Radio',14,'Active','2023-03-06 13:09:05','2023-03-06 13:09:05'),(112,'বঙ্গবিডি কত সালে প্রতিষ্টিত হয়?','{\"\\u09e8\\u09e6\\u09e7\\u09e8\":\"\\u09e8\\u09e6\\u09e7\\u09e8\",\"\\u09e8\\u09e6\\u09e7\\u09e9\":\"\\u09e8\\u09e6\\u09e7\\u09e9\",\"\\u09e8\\u09e6\\u09e7\\u09ea\":\"\\u09e8\\u09e6\\u09e7\\u09ea\",\"\\u09e8\\u09e6\\u09e7\\u09e7\":\"\\u09e8\\u09e6\\u09e7\\u09e7\"}','{\"\\u09e8\\u09e6\\u09e7\\u09e9\":\"\\u09e8\\u09e6\\u09e7\\u09e9\"}','Radio',14,'Active','2023-03-06 13:09:54','2023-03-06 13:09:54'),(113,'কোন মার্চেন্টকে আমরা বঙ্গ বিডির জন্য প্রপোজ করতে পারবো?','{\"\\u099f\\u09c7\\u09b2\\u09bf\\u0995\\u09ae \\u09ac\\u09cd\\u09af\\u09ac\\u09b8\\u09be\\u09df\\u09bf\":\"\\u099f\\u09c7\\u09b2\\u09bf\\u0995\\u09ae \\u09ac\\u09cd\\u09af\\u09ac\\u09b8\\u09be\\u09df\\u09bf\",\"\\u09b8\\u09be\\u09b0\\u09be \\u09a6\\u09c7\\u09b6\\u09c7\\u09b0 \\u09b8\\u0995\\u09b2 \\u09ac\\u09cd\\u09af\\u09ac\\u09b8\\u09be\\u09df\\u09bf\":\"\\u09b8\\u09be\\u09b0\\u09be \\u09a6\\u09c7\\u09b6\\u09c7\\u09b0 \\u09b8\\u0995\\u09b2 \\u09ac\\u09cd\\u09af\\u09ac\\u09b8\\u09be\\u09df\\u09bf\",\"\\u09ae\\u09c1\\u09a6\\u09bf \\u09ac\\u09cd\\u09af\\u09be\\u09ac\\u09b8\\u09be\\u09df\\u09bf\":\"\\u09ae\\u09c1\\u09a6\\u09bf \\u09ac\\u09cd\\u09af\\u09be\\u09ac\\u09b8\\u09be\\u09df\\u09bf\",\"\\u099f\\u09c7\\u09b2\\u09bf\\u0995\\u09ae \\u09ac\\u09cd\\u09af\\u09ac\\u09b8\\u09be\\u09df\\u09bf+ \\u09ae\\u09c1\\u09a6\\u09bf \\u09ac\\u09cd\\u09af\\u09ac\\u09b8\\u09be\\u09df\\u09bf\":\"\\u099f\\u09c7\\u09b2\\u09bf\\u0995\\u09ae \\u09ac\\u09cd\\u09af\\u09ac\\u09b8\\u09be\\u09df\\u09bf+ \\u09ae\\u09c1\\u09a6\\u09bf \\u09ac\\u09cd\\u09af\\u09ac\\u09b8\\u09be\\u09df\\u09bf\"}','{\"\\u09b8\\u09be\\u09b0\\u09be \\u09a6\\u09c7\\u09b6\\u09c7\\u09b0 \\u09b8\\u0995\\u09b2 \\u09ac\\u09cd\\u09af\\u09ac\\u09b8\\u09be\\u09df\\u09bf\":\"\\u09b8\\u09be\\u09b0\\u09be \\u09a6\\u09c7\\u09b6\\u09c7\\u09b0 \\u09b8\\u0995\\u09b2 \\u09ac\\u09cd\\u09af\\u09ac\\u09b8\\u09be\\u09df\\u09bf\"}','Radio',14,'Active','2023-03-06 13:11:03','2023-03-06 13:11:03'),(114,'৬ মাসের বার্ষিক প্যাকেজে মার্চেন্ট কত টাকা লাভ পাবেন?','{\"\\u09e7\\u09e7 \\u099f\\u09be\\u0995\\u09be\":\"\\u09e7\\u09e7 \\u099f\\u09be\\u0995\\u09be\",\"\\u09e8\\u09e9 \\u099f\\u09be\\u0995\\u09be\":\"\\u09e8\\u09e9 \\u099f\\u09be\\u0995\\u09be\",\"\\u09e8\\u09e7 \\u099f\\u09be\\u0995\\u09be\":\"\\u09e8\\u09e7 \\u099f\\u09be\\u0995\\u09be\",\"\\u09ea\\u09e6 \\u099f\\u09be\\u0995\\u09be\":\"\\u09ea\\u09e6 \\u099f\\u09be\\u0995\\u09be\"}','{\"\\u09e8\\u09e9 \\u099f\\u09be\\u0995\\u09be\":\"\\u09e8\\u09e9 \\u099f\\u09be\\u0995\\u09be\"}','Radio',14,'Active','2023-03-06 13:11:55','2023-03-06 13:11:55'),(115,'৩ মাসের বার্ষিক প্যাকেজে মার্চেন্ট কত টাকা লাভ পাবেন?','{\"\\u09e8\\u09e9 \\u099f\\u09be\\u0995\\u09be\":\"\\u09e8\\u09e9 \\u099f\\u09be\\u0995\\u09be\",\"\\u09e7\\u09e9 \\u099f\\u09be\\u0995\\u09be\":\"\\u09e7\\u09e9 \\u099f\\u09be\\u0995\\u09be\",\"\\u09ea\\u09e6 \\u099f\\u09be\\u0995\\u09be\":\"\\u09ea\\u09e6 \\u099f\\u09be\\u0995\\u09be\",\"\\u09e7\\u09eb \\u099f\\u09be\\u0995\\u09be\":\"\\u09e7\\u09eb \\u099f\\u09be\\u0995\\u09be\"}','{\"\\u09e7\\u09e9 \\u099f\\u09be\\u0995\\u09be\":\"\\u09e7\\u09e9 \\u099f\\u09be\\u0995\\u09be\"}','Radio',14,'Active','2023-03-06 13:14:29','2023-03-06 13:14:29'),(116,'বঙ্গ প্লাটফর্মটি কেনো জনপ্রিয়?','{\"\\u0995\\u09cb\\u09b0\\u09bf\\u09df\\u09be\\u09a8 \\u09a1\\u09cd\\u09b0\\u09be\\u09ae\\u09be \\u09ac\\u09be\\u0982\\u09b2\\u09be \\u09a1\\u09be\\u09ac\\u09bf\\u0982 \\u098f\\u09b0 \\u099c\\u09a8\\u09cd\\u09af\":\"\\u0995\\u09cb\\u09b0\\u09bf\\u09df\\u09be\\u09a8 \\u09a1\\u09cd\\u09b0\\u09be\\u09ae\\u09be \\u09ac\\u09be\\u0982\\u09b2\\u09be \\u09a1\\u09be\\u09ac\\u09bf\\u0982 \\u098f\\u09b0 \\u099c\\u09a8\\u09cd\\u09af\",\"\\u09a4\\u09be\\u09ae\\u09bf\\u09b2 \\u09b8\\u09bf\\u09a8\\u09c7\\u09ae\\u09be\\u09b0 \\u09ac\\u09be\\u0982\\u09b2\\u09be \\u09a1\\u09be\\u09ac\\u09bf\\u0982 \\u098f\\u09b0 \\u099c\\u09a8\\u09cd\\u09af\":\"\\u09a4\\u09be\\u09ae\\u09bf\\u09b2 \\u09b8\\u09bf\\u09a8\\u09c7\\u09ae\\u09be\\u09b0 \\u09ac\\u09be\\u0982\\u09b2\\u09be \\u09a1\\u09be\\u09ac\\u09bf\\u0982 \\u098f\\u09b0 \\u099c\\u09a8\\u09cd\\u09af\",\"\\u09ac\\u09be\\u0982\\u09b2\\u09be \\u09a8\\u09be\\u099f\\u0995\\u09c7\\u09b0 \\u099c\\u09a8\\u09cd\\u09af\":\"\\u09ac\\u09be\\u0982\\u09b2\\u09be \\u09a8\\u09be\\u099f\\u0995\\u09c7\\u09b0 \\u099c\\u09a8\\u09cd\\u09af\",\"\\u0989\\u09aa\\u09b0\\u09c7\\u09b0 \\u09b8\\u09ac\\u0997\\u09c1\\u09b2\\u09cb\\u09b0 \\u099c\\u09a8\\u09cd\\u09af\":\"\\u0989\\u09aa\\u09b0\\u09c7\\u09b0 \\u09b8\\u09ac\\u0997\\u09c1\\u09b2\\u09cb\\u09b0 \\u099c\\u09a8\\u09cd\\u09af\"}','{\"\\u09a4\\u09be\\u09ae\\u09bf\\u09b2 \\u09b8\\u09bf\\u09a8\\u09c7\\u09ae\\u09be\\u09b0 \\u09ac\\u09be\\u0982\\u09b2\\u09be \\u09a1\\u09be\\u09ac\\u09bf\\u0982 \\u098f\\u09b0 \\u099c\\u09a8\\u09cd\\u09af\":\"\\u09a4\\u09be\\u09ae\\u09bf\\u09b2 \\u09b8\\u09bf\\u09a8\\u09c7\\u09ae\\u09be\\u09b0 \\u09ac\\u09be\\u0982\\u09b2\\u09be \\u09a1\\u09be\\u09ac\\u09bf\\u0982 \\u098f\\u09b0 \\u099c\\u09a8\\u09cd\\u09af\"}','Radio',14,'Active','2023-03-06 13:16:09','2023-03-06 13:16:09'),(117,'প্রতি মাসে কতটি নতুন কনটেন্ট যোগ হয়?','{\"\\u09ee\\u09e6+\":\"\\u09ee\\u09e6+\",\"\\u09ed\\u09e6+\":\"\\u09ed\\u09e6+\",\"\\u09ec\\u09e6+\":\"\\u09ec\\u09e6+\",\"\\u09e7\\u09e6\\u09e6+\":\"\\u09e7\\u09e6\\u09e6+\"}','{\"\\u09ed\\u09e6+\":\"\\u09ed\\u09e6+\"}','Radio',14,'Active','2023-03-06 13:21:26','2023-03-06 13:21:26'),(118,'বঙ্গবিডি থেকে আপনি কতটিনে স্ক্রিনে দেখতে পারবেন?','{\"\\u0986\\u09a8\\u09b2\\u09bf\\u09ae\\u09bf\\u099f\\u09c7\\u09a1 \\u09a1\\u09bf\\u09ad\\u09be\\u0987\\u09b8 \\u0993 \\u09b8\\u09cd\\u0995\\u09cd\\u09b0\\u09bf\\u09a8\\u09c7\":\"\\u0986\\u09a8\\u09b2\\u09bf\\u09ae\\u09bf\\u099f\\u09c7\\u09a1 \\u09a1\\u09bf\\u09ad\\u09be\\u0987\\u09b8 \\u0993 \\u09b8\\u09cd\\u0995\\u09cd\\u09b0\\u09bf\\u09a8\\u09c7\",\"\\u09ea\\u099f\\u09be \\u09a1\\u09bf\\u09ad\\u09be\\u0987\\u09b8 \\u0993 \\u09b8\\u09cd\\u0995\\u09cd\\u09b0\\u09bf\\u09a8\\u09c7\":\"\\u09ea\\u099f\\u09be \\u09a1\\u09bf\\u09ad\\u09be\\u0987\\u09b8 \\u0993 \\u09b8\\u09cd\\u0995\\u09cd\\u09b0\\u09bf\\u09a8\\u09c7\",\"\\u09e8\\u099f\\u09be \\u09a1\\u09bf\\u09ad\\u09be\\u0987\\u09b8 \\u0993 \\u09b8\\u09cd\\u0995\\u09cd\\u09b0\\u09bf\\u09a8\\u09c7\":\"\\u09e8\\u099f\\u09be \\u09a1\\u09bf\\u09ad\\u09be\\u0987\\u09b8 \\u0993 \\u09b8\\u09cd\\u0995\\u09cd\\u09b0\\u09bf\\u09a8\\u09c7\",\"\\u09ec\\u099f\\u09be \\u09a1\\u09bf\\u09ad\\u09be\\u0987\\u09b8 \\u0993 \\u09b8\\u09cd\\u0995\\u09cd\\u09b0\\u09bf\\u09a8\\u09c7\":\"\\u09ec\\u099f\\u09be \\u09a1\\u09bf\\u09ad\\u09be\\u0987\\u09b8 \\u0993 \\u09b8\\u09cd\\u0995\\u09cd\\u09b0\\u09bf\\u09a8\\u09c7\"}','{\"\\u0986\\u09a8\\u09b2\\u09bf\\u09ae\\u09bf\\u099f\\u09c7\\u09a1 \\u09a1\\u09bf\\u09ad\\u09be\\u0987\\u09b8 \\u0993 \\u09b8\\u09cd\\u0995\\u09cd\\u09b0\\u09bf\\u09a8\\u09c7\":\"\\u0986\\u09a8\\u09b2\\u09bf\\u09ae\\u09bf\\u099f\\u09c7\\u09a1 \\u09a1\\u09bf\\u09ad\\u09be\\u0987\\u09b8 \\u0993 \\u09b8\\u09cd\\u0995\\u09cd\\u09b0\\u09bf\\u09a8\\u09c7\"}','Radio',14,'Active','2023-03-06 13:23:12','2023-03-06 13:23:12'),(119,'বঙ্গবিডি তে আপনি কতটি টিভি চ্যানেল দেখতে পাবেন?','{\"\\u09eb\\u09e6\\u099f\\u09bf+\":\"\\u09eb\\u09e6\\u099f\\u09bf+\",\"\\u09eb\\u09eb\\u099f\\u09bf+\":\"\\u09eb\\u09eb\\u099f\\u09bf+\",\"\\u09ea\\u09eb\\u099f\\u09bf+\":\"\\u09ea\\u09eb\\u099f\\u09bf+\",\"\\u09ea\\u09e6\\u099f\\u09bf+\":\"\\u09ea\\u09e6\\u099f\\u09bf+\"}','{\"\\u09ea\\u09eb\\u099f\\u09bf+\":\"\\u09ea\\u09eb\\u099f\\u09bf+\"}','Radio',14,'Active','2023-03-06 13:25:24','2023-03-06 13:25:24'),(120,'বঙ্গবিডি তে অফার এর শেষ দিন কবে?','{\"\\u09e7\\u09b2\\u09be \\u09ae\\u09be\\u09b0\\u09cd\\u099a\":\"\\u09e7\\u09b2\\u09be \\u09ae\\u09be\\u09b0\\u09cd\\u099a\",\"\\u09e7\\u09ea\\u0987 \\u09ab\\u09c7\\u09ac\\u09cd\\u09b0\\u09c1\\u09df\\u09be\\u09b0\\u09bf\":\"\\u09e7\\u09ea\\u0987 \\u09ab\\u09c7\\u09ac\\u09cd\\u09b0\\u09c1\\u09df\\u09be\\u09b0\\u09bf\",\"\\u09aa\\u09b0\\u09ac\\u09b0\\u09cd\\u09a4\\u09c0 \\u09a8\\u09bf\\u09b0\\u09cd\\u09a6\\u09c7\\u09b6 \\u09a8\\u09be \\u09a6\\u09c7\\u0993\\u09df\\u09be \\u09aa\\u09b0\\u09cd\\u09af\\u09a8\\u09cd\\u09a4 \\u099a\\u09b2\\u09ae\\u09be\\u09a8\":\"\\u09aa\\u09b0\\u09ac\\u09b0\\u09cd\\u09a4\\u09c0 \\u09a8\\u09bf\\u09b0\\u09cd\\u09a6\\u09c7\\u09b6 \\u09a8\\u09be \\u09a6\\u09c7\\u0993\\u09df\\u09be \\u09aa\\u09b0\\u09cd\\u09af\\u09a8\\u09cd\\u09a4 \\u099a\\u09b2\\u09ae\\u09be\\u09a8\",\"\\u09e7\\u09ea\\u0987 \\u098f\\u09aa\\u09cd\\u09b0\\u09bf\\u09b2\":\"\\u09e7\\u09ea\\u0987 \\u098f\\u09aa\\u09cd\\u09b0\\u09bf\\u09b2\"}','{\"\\u09aa\\u09b0\\u09ac\\u09b0\\u09cd\\u09a4\\u09c0 \\u09a8\\u09bf\\u09b0\\u09cd\\u09a6\\u09c7\\u09b6 \\u09a8\\u09be \\u09a6\\u09c7\\u0993\\u09df\\u09be \\u09aa\\u09b0\\u09cd\\u09af\\u09a8\\u09cd\\u09a4 \\u099a\\u09b2\\u09ae\\u09be\\u09a8\":\"\\u09aa\\u09b0\\u09ac\\u09b0\\u09cd\\u09a4\\u09c0 \\u09a8\\u09bf\\u09b0\\u09cd\\u09a6\\u09c7\\u09b6 \\u09a8\\u09be \\u09a6\\u09c7\\u0993\\u09df\\u09be \\u09aa\\u09b0\\u09cd\\u09af\\u09a8\\u09cd\\u09a4 \\u099a\\u09b2\\u09ae\\u09be\\u09a8\"}','Radio',14,'Active','2023-03-06 13:27:07','2023-03-06 13:27:07'),(121,'এই অফার থেকে কি কাস্টমারের ডিস্কাউন্ট পাবার সুযোগ আছে?','{\"\\u09b9\\u09cd\\u09af\\u09be\\u0981\":\"\\u09b9\\u09cd\\u09af\\u09be\\u0981\",\"\\u09a8\\u09be\":\"\\u09a8\\u09be\"}','{\"\\u09b9\\u09cd\\u09af\\u09be\\u0981\":\"\\u09b9\\u09cd\\u09af\\u09be\\u0981\"}','Radio',14,'Active','2023-03-06 13:36:39','2023-03-06 13:36:39'),(122,'নিচের কোনটি বঙ্গবিডি তে স্ট্রিমিং করা যায় না?','{\"\\u09a8\\u09be\\u099f\\u0995\":\"\\u09a8\\u09be\\u099f\\u0995\",\"\\u0993\\u09df\\u09c7\\u09ac \\u09b8\\u09bf\\u09b0\\u09bf\\u099c\":\"\\u0993\\u09df\\u09c7\\u09ac \\u09b8\\u09bf\\u09b0\\u09bf\\u099c\",\"\\u0996\\u09c7\\u09b2\\u09be\":\"\\u0996\\u09c7\\u09b2\\u09be\"}','{\"\\u0996\\u09c7\\u09b2\\u09be\":\"\\u0996\\u09c7\\u09b2\\u09be\"}','Radio',14,'Active','2023-03-06 13:37:54','2023-03-06 13:37:54'),(123,'সেলস অটোমেশনের ফলে একজন এস আর এর উপস্থিতি/Attendance কীভাবে নিশ্চিত হবে?','{\"\\u09a1\\u09bf\\u09b8\\u09cd\\u099f\\u09cd\\u09b0\\u09bf\\u09ac\\u09bf\\u0989\\u09b6\\u09a8 \\u09b9\\u09be\\u0989\\u099c\\u09c7 \\u0989\\u09aa\\u09b8\\u09cd\\u09a5\\u09bf\\u09a4\\u09bf\\u09b0 \\u09ae\\u09be\\u09a7\\u09cd\\u09af\\u09ae\\u09c7\":\"\\u09a1\\u09bf\\u09b8\\u09cd\\u099f\\u09cd\\u09b0\\u09bf\\u09ac\\u09bf\\u0989\\u09b6\\u09a8 \\u09b9\\u09be\\u0989\\u099c\\u09c7 \\u0989\\u09aa\\u09b8\\u09cd\\u09a5\\u09bf\\u09a4\\u09bf\\u09b0 \\u09ae\\u09be\\u09a7\\u09cd\\u09af\\u09ae\\u09c7\",\"CRM \\u098f \\u09aa\\u09be\\u099e\\u09cd\\u099a \\u0987\\u09a8 \\u0995\\u09b0\\u09be\\u09b0 \\u09ae\\u09be\\u09a7\\u09cd\\u09af\\u09ae\\u09c7\":\"CRM \\u098f \\u09aa\\u09be\\u099e\\u09cd\\u099a \\u0987\\u09a8 \\u0995\\u09b0\\u09be\\u09b0 \\u09ae\\u09be\\u09a7\\u09cd\\u09af\\u09ae\\u09c7\",\"SR \\u0985\\u09cd\\u09af\\u09be\\u09aa\\u09c7 \\u09aa\\u09be\\u099e\\u09cd\\u099a \\u0987\\u09a8 \\u0995\\u09b0\\u09be\\u09b0 \\u09ae\\u09be\\u09a7\\u09cd\\u09af\\u09ae\\u09c7\":\"SR \\u0985\\u09cd\\u09af\\u09be\\u09aa\\u09c7 \\u09aa\\u09be\\u099e\\u09cd\\u099a \\u0987\\u09a8 \\u0995\\u09b0\\u09be\\u09b0 \\u09ae\\u09be\\u09a7\\u09cd\\u09af\\u09ae\\u09c7\",\"SR \\u098f\\u09b0 \\u09b9\\u09be\\u099c\\u09bf\\u09b0\\u09be \\u0996\\u09be\\u09a4\\u09be\\u09df \\u0989\\u09aa\\u09b8\\u09cd\\u09a5\\u09bf\\u09a4\\u09bf\\u09b0 \\u09ae\\u09be\\u09a7\\u09cd\\u09af\\u09ae\\u09c7\":\"SR \\u098f\\u09b0 \\u09b9\\u09be\\u099c\\u09bf\\u09b0\\u09be \\u0996\\u09be\\u09a4\\u09be\\u09df \\u0989\\u09aa\\u09b8\\u09cd\\u09a5\\u09bf\\u09a4\\u09bf\\u09b0 \\u09ae\\u09be\\u09a7\\u09cd\\u09af\\u09ae\\u09c7\"}','{\"SR \\u0985\\u09cd\\u09af\\u09be\\u09aa\\u09c7 \\u09aa\\u09be\\u099e\\u09cd\\u099a \\u0987\\u09a8 \\u0995\\u09b0\\u09be\\u09b0 \\u09ae\\u09be\\u09a7\\u09cd\\u09af\\u09ae\\u09c7\":\"SR \\u0985\\u09cd\\u09af\\u09be\\u09aa\\u09c7 \\u09aa\\u09be\\u099e\\u09cd\\u099a \\u0987\\u09a8 \\u0995\\u09b0\\u09be\\u09b0 \\u09ae\\u09be\\u09a7\\u09cd\\u09af\\u09ae\\u09c7\"}','Radio',18,'Active','2023-07-19 09:42:48','2023-07-19 09:42:48'),(124,'একজন এসআর  তার জন্য নির্ধারিত আউটলেট সংখ্যা কোথা থেকে জানতে পাবেন ?','{\"SR \\u0985\\u09cd\\u09af\\u09be\\u09aa\\u09c7\":\"SR \\u0985\\u09cd\\u09af\\u09be\\u09aa\\u09c7\",\"CRM \\u0985\\u09cd\\u09af\\u09be\\u09aa\\u09c7\":\"CRM \\u0985\\u09cd\\u09af\\u09be\\u09aa\\u09c7\",\"Admin \\u09aa\\u09cd\\u09af\\u09be\\u09a8\\u09c7\\u09b2\\u09c7\":\"Admin \\u09aa\\u09cd\\u09af\\u09be\\u09a8\\u09c7\\u09b2\\u09c7\",\"\\u09a1\\u09bf\\u09b8\\u09cd\\u099f\\u09cd\\u09b0\\u09bf\\u09ac\\u09bf\\u0989\\u09b6\\u09a8 \\u09b9\\u09be\\u0989\\u099c\\u09c7\":\"\\u09a1\\u09bf\\u09b8\\u09cd\\u099f\\u09cd\\u09b0\\u09bf\\u09ac\\u09bf\\u0989\\u09b6\\u09a8 \\u09b9\\u09be\\u0989\\u099c\\u09c7\"}','{\"SR \\u0985\\u09cd\\u09af\\u09be\\u09aa\\u09c7\":\"SR \\u0985\\u09cd\\u09af\\u09be\\u09aa\\u09c7\"}','Radio',18,'Active','2023-07-19 09:44:36','2023-07-19 09:44:36'),(125,'সেলস অটোমেশনের ফলে একজন এস আর কীভাবে সুবিধা পাবে? (একাধিক উত্তর সিলেক্ট করা যাবে)','{\"\\u0985\\u09b0\\u09cd\\u09a1\\u09be\\u09b0 \\u0995\\u09be\\u099f\\u09be\\u09b0 \\u09b8\\u09ae\\u09df \\u0995\\u09ae \\u09b2\\u09be\\u0997\\u09ac\\u09c7\":\"\\u0985\\u09b0\\u09cd\\u09a1\\u09be\\u09b0 \\u0995\\u09be\\u099f\\u09be\\u09b0 \\u09b8\\u09ae\\u09df \\u0995\\u09ae \\u09b2\\u09be\\u0997\\u09ac\\u09c7\",\"\\u0995\\u09b0\\u09cd\\u09ae\\u09a6\\u0995\\u09cd\\u09b7\\u09a4\\u09be \\u09ac\\u09be\\u09dc\\u09ac\\u09c7\":\"\\u0995\\u09b0\\u09cd\\u09ae\\u09a6\\u0995\\u09cd\\u09b7\\u09a4\\u09be \\u09ac\\u09be\\u09dc\\u09ac\\u09c7\",\"\\u0985\\u09b0\\u09cd\\u09a1\\u09be\\u09b0 \\u0995\\u09be\\u099f\\u09be\\u09b0 \\u09b8\\u09ae\\u09df \\u09ac\\u09c7\\u09b6\\u09bf \\u09b2\\u09be\\u0997\\u09ac\\u09c7\":\"\\u0985\\u09b0\\u09cd\\u09a1\\u09be\\u09b0 \\u0995\\u09be\\u099f\\u09be\\u09b0 \\u09b8\\u09ae\\u09df \\u09ac\\u09c7\\u09b6\\u09bf \\u09b2\\u09be\\u0997\\u09ac\\u09c7\",\"\\u0985\\u09b0\\u09cd\\u09a1\\u09be\\u09b0 \\u0985\\u09cd\\u09af\\u09be\\u09ae\\u09be\\u0989\\u09a8\\u09cd\\u099f \\u09b8\\u09b9\\u099c\\u09c7 \\u099c\\u09be\\u09a8\\u09a4\\u09c7 \\u09aa\\u09be\\u09b0\\u09ac\\u09c7\":\"\\u0985\\u09b0\\u09cd\\u09a1\\u09be\\u09b0 \\u0985\\u09cd\\u09af\\u09be\\u09ae\\u09be\\u0989\\u09a8\\u09cd\\u099f \\u09b8\\u09b9\\u099c\\u09c7 \\u099c\\u09be\\u09a8\\u09a4\\u09c7 \\u09aa\\u09be\\u09b0\\u09ac\\u09c7\"}','{\"\\u0985\\u09b0\\u09cd\\u09a1\\u09be\\u09b0 \\u0995\\u09be\\u099f\\u09be\\u09b0 \\u09b8\\u09ae\\u09df \\u0995\\u09ae \\u09b2\\u09be\\u0997\\u09ac\\u09c7\":\"\\u0985\\u09b0\\u09cd\\u09a1\\u09be\\u09b0 \\u0995\\u09be\\u099f\\u09be\\u09b0 \\u09b8\\u09ae\\u09df \\u0995\\u09ae \\u09b2\\u09be\\u0997\\u09ac\\u09c7\",\"\\u0995\\u09b0\\u09cd\\u09ae\\u09a6\\u0995\\u09cd\\u09b7\\u09a4\\u09be \\u09ac\\u09be\\u09dc\\u09ac\\u09c7\":\"\\u0995\\u09b0\\u09cd\\u09ae\\u09a6\\u0995\\u09cd\\u09b7\\u09a4\\u09be \\u09ac\\u09be\\u09dc\\u09ac\\u09c7\",\"\\u0985\\u09b0\\u09cd\\u09a1\\u09be\\u09b0 \\u0985\\u09cd\\u09af\\u09be\\u09ae\\u09be\\u0989\\u09a8\\u09cd\\u099f \\u09b8\\u09b9\\u099c\\u09c7 \\u099c\\u09be\\u09a8\\u09a4\\u09c7 \\u09aa\\u09be\\u09b0\\u09ac\\u09c7\":\"\\u0985\\u09b0\\u09cd\\u09a1\\u09be\\u09b0 \\u0985\\u09cd\\u09af\\u09be\\u09ae\\u09be\\u0989\\u09a8\\u09cd\\u099f \\u09b8\\u09b9\\u099c\\u09c7 \\u099c\\u09be\\u09a8\\u09a4\\u09c7 \\u09aa\\u09be\\u09b0\\u09ac\\u09c7\"}','Multiselect',18,'Active','2023-07-19 09:46:55','2023-07-19 09:46:55'),(126,'SR এর পূর্ণরূপ কোনটি?','{\"\\u09b8\\u09c7\\u09b2\\u09b8 \\u09aa\\u09be\\u09b0\\u09b8\\u09a8\":\"\\u09b8\\u09c7\\u09b2\\u09b8 \\u09aa\\u09be\\u09b0\\u09b8\\u09a8\",\"\\u09b8\\u09be\\u09b0\\u09cd\\u09ad\\u09bf\\u09b8 \\u09b0\\u09bf\\u0995\\u09cb\\u09df\\u09c7\\u09b8\\u09cd\\u099f\":\"\\u09b8\\u09be\\u09b0\\u09cd\\u09ad\\u09bf\\u09b8 \\u09b0\\u09bf\\u0995\\u09cb\\u09df\\u09c7\\u09b8\\u09cd\\u099f\",\"\\u09b8\\u09bf\\u09a8\\u09bf\\u09df\\u09b0 \\u09b0\\u09bf\\u09aa\\u09cd\\u09b0\\u09c7\\u099c\\u09c7\\u09a8\\u09cd\\u099f\\u09bf\\u09ad\":\"\\u09b8\\u09bf\\u09a8\\u09bf\\u09df\\u09b0 \\u09b0\\u09bf\\u09aa\\u09cd\\u09b0\\u09c7\\u099c\\u09c7\\u09a8\\u09cd\\u099f\\u09bf\\u09ad\",\"\\u09b8\\u09c7\\u09b2\\u09b8 \\u09b0\\u09bf\\u09aa\\u09cd\\u09b0\\u09c7\\u099c\\u09c7\\u09a8\\u09cd\\u099f\\u09bf\\u09ad\":\"\\u09b8\\u09c7\\u09b2\\u09b8 \\u09b0\\u09bf\\u09aa\\u09cd\\u09b0\\u09c7\\u099c\\u09c7\\u09a8\\u09cd\\u099f\\u09bf\\u09ad\"}','{\"\\u09b8\\u09c7\\u09b2\\u09b8 \\u09b0\\u09bf\\u09aa\\u09cd\\u09b0\\u09c7\\u099c\\u09c7\\u09a8\\u09cd\\u099f\\u09bf\\u09ad\":\"\\u09b8\\u09c7\\u09b2\\u09b8 \\u09b0\\u09bf\\u09aa\\u09cd\\u09b0\\u09c7\\u099c\\u09c7\\u09a8\\u09cd\\u099f\\u09bf\\u09ad\"}','Radio',18,'Active','2023-07-19 10:16:22','2023-07-19 10:16:22'),(127,'SR অ্যাপে শিডিউল আউটলেট এর কাজ কি ? (একাধিক উত্তর হবে)','{\"\\u0986\\u099c\\u0995\\u09c7 \\u0995\\u09df\\u099f\\u09bf \\u09a6\\u09cb\\u0995\\u09be\\u09a8\\u09c7 \\u09ad\\u09bf\\u099c\\u09bf\\u099f \\u0995\\u09b0\\u09a4\\u09c7 \\u09b9\\u09ac\\u09c7\":\"\\u0986\\u099c\\u0995\\u09c7 \\u0995\\u09df\\u099f\\u09bf \\u09a6\\u09cb\\u0995\\u09be\\u09a8\\u09c7 \\u09ad\\u09bf\\u099c\\u09bf\\u099f \\u0995\\u09b0\\u09a4\\u09c7 \\u09b9\\u09ac\\u09c7\",\"\\u0986\\u099c\\u0995\\u09c7 \\u0995\\u09df\\u099f\\u09bf \\u09a6\\u09cb\\u0995\\u09be\\u09a8\\u09c7 \\u09b8\\u09c7\\u09b2\\u09b8 \\u0995\\u09b2 \\u09a6\\u09bf\\u09a4\\u09c7 \\u09b9\\u09ac\\u09c7\":\"\\u0986\\u099c\\u0995\\u09c7 \\u0995\\u09df\\u099f\\u09bf \\u09a6\\u09cb\\u0995\\u09be\\u09a8\\u09c7 \\u09b8\\u09c7\\u09b2\\u09b8 \\u0995\\u09b2 \\u09a6\\u09bf\\u09a4\\u09c7 \\u09b9\\u09ac\\u09c7\",\"\\u0986\\u099c\\u0995\\u09c7 \\u0995\\u09df\\u099f\\u09bf \\u09a6\\u09cb\\u0995\\u09be\\u09a8\\u09c7\\u09b0 \\u0985\\u09b0\\u09cd\\u09a1\\u09be\\u09b0 \\u09a8\\u09bf\\u09a4\\u09c7 \\u09b9\\u09ac\\u09c7\":\"\\u0986\\u099c\\u0995\\u09c7 \\u0995\\u09df\\u099f\\u09bf \\u09a6\\u09cb\\u0995\\u09be\\u09a8\\u09c7\\u09b0 \\u0985\\u09b0\\u09cd\\u09a1\\u09be\\u09b0 \\u09a8\\u09bf\\u09a4\\u09c7 \\u09b9\\u09ac\\u09c7\",\"\\u0986\\u099c\\u0995\\u09c7 \\u0995\\u09df\\u099f\\u09bf \\u09a6\\u09cb\\u0995\\u09be\\u09a8\\u09c7\\u09b0 \\u09aa\\u09cd\\u09b0\\u09cb\\u09a1\\u09be\\u0995\\u09cd\\u099f \\u09a1\\u09c7\\u09b2\\u09bf\\u09ad\\u09be\\u09b0\\u09bf \\u0995\\u09b0\\u09a4\\u09c7 \\u09b9\\u09ac\\u09c7\":\"\\u0986\\u099c\\u0995\\u09c7 \\u0995\\u09df\\u099f\\u09bf \\u09a6\\u09cb\\u0995\\u09be\\u09a8\\u09c7\\u09b0 \\u09aa\\u09cd\\u09b0\\u09cb\\u09a1\\u09be\\u0995\\u09cd\\u099f \\u09a1\\u09c7\\u09b2\\u09bf\\u09ad\\u09be\\u09b0\\u09bf \\u0995\\u09b0\\u09a4\\u09c7 \\u09b9\\u09ac\\u09c7\"}','{\"\\u0986\\u099c\\u0995\\u09c7 \\u0995\\u09df\\u099f\\u09bf \\u09a6\\u09cb\\u0995\\u09be\\u09a8\\u09c7 \\u09ad\\u09bf\\u099c\\u09bf\\u099f \\u0995\\u09b0\\u09a4\\u09c7 \\u09b9\\u09ac\\u09c7\":\"\\u0986\\u099c\\u0995\\u09c7 \\u0995\\u09df\\u099f\\u09bf \\u09a6\\u09cb\\u0995\\u09be\\u09a8\\u09c7 \\u09ad\\u09bf\\u099c\\u09bf\\u099f \\u0995\\u09b0\\u09a4\\u09c7 \\u09b9\\u09ac\\u09c7\",\"\\u0986\\u099c\\u0995\\u09c7 \\u0995\\u09df\\u099f\\u09bf \\u09a6\\u09cb\\u0995\\u09be\\u09a8\\u09c7 \\u09b8\\u09c7\\u09b2\\u09b8 \\u0995\\u09b2 \\u09a6\\u09bf\\u09a4\\u09c7 \\u09b9\\u09ac\\u09c7\":\"\\u0986\\u099c\\u0995\\u09c7 \\u0995\\u09df\\u099f\\u09bf \\u09a6\\u09cb\\u0995\\u09be\\u09a8\\u09c7 \\u09b8\\u09c7\\u09b2\\u09b8 \\u0995\\u09b2 \\u09a6\\u09bf\\u09a4\\u09c7 \\u09b9\\u09ac\\u09c7\"}','Multiselect',18,'Active','2023-07-19 10:18:09','2023-07-19 10:18:09'),(128,'কোনো আউটলেট থেকে অর্ডার না আসলে একজন এস আর কি করবে?','{\"\\u09b6\\u09c1\\u09a7\\u09c1 \\u09ad\\u09bf\\u099c\\u09bf\\u099f\\/ only Visit \\u0985\\u09aa\\u09b6\\u09a8 \\u09a5\\u09c7\\u0995\\u09c7 \\u09ad\\u09bf\\u099c\\u09bf\\u099f \\u09a6\\u09c7\\u0996\\u09be\\u09ac\\u09c7\":\"\\u09b6\\u09c1\\u09a7\\u09c1 \\u09ad\\u09bf\\u099c\\u09bf\\u099f\\/ only Visit \\u0985\\u09aa\\u09b6\\u09a8 \\u09a5\\u09c7\\u0995\\u09c7 \\u09ad\\u09bf\\u099c\\u09bf\\u099f \\u09a6\\u09c7\\u0996\\u09be\\u09ac\\u09c7\",\"\\u0985\\u09b0\\u09cd\\u09a1\\u09be\\u09b0 \\u0995\\u09b2 \\u09a6\\u09bf\\u09df\\u09c7\\u0987 \\u099a\\u09b2\\u09c7 \\u0986\\u09b8\\u09ac\\u09c7\":\"\\u0985\\u09b0\\u09cd\\u09a1\\u09be\\u09b0 \\u0995\\u09b2 \\u09a6\\u09bf\\u09df\\u09c7\\u0987 \\u099a\\u09b2\\u09c7 \\u0986\\u09b8\\u09ac\\u09c7\",\"\\u09a6\\u09cb\\u0995\\u09be\\u09a8\\u09bf\\u0995\\u09c7 \\u098f\\u0995\\u099f\\u09c1 \\u099c\\u09cb\\u09b0 \\u0995\\u09b0\\u09ac\\u09c7 \\u0985\\u09b0\\u09cd\\u09a1\\u09be\\u09b0\\u09c7\\u09b0 \\u099c\\u09a8\\u09cd\\u09af\":\"\\u09a6\\u09cb\\u0995\\u09be\\u09a8\\u09bf\\u0995\\u09c7 \\u098f\\u0995\\u099f\\u09c1 \\u099c\\u09cb\\u09b0 \\u0995\\u09b0\\u09ac\\u09c7 \\u0985\\u09b0\\u09cd\\u09a1\\u09be\\u09b0\\u09c7\\u09b0 \\u099c\\u09a8\\u09cd\\u09af\",\"\\u09a6\\u09cb\\u0995\\u09be\\u09a8\\u09bf\\u0995\\u09c7 \\u09a8\\u09be \\u09ac\\u09b2\\u09c7 \\u09b8\\u09cd\\u099f\\u0995 \\u09a6\\u09c7\\u0996\\u09c7 \\u0985\\u09b0\\u09cd\\u09a1\\u09be\\u09b0 \\u09a6\\u09bf\\u09df\\u09c7 \\u09ab\\u09c7\\u09b2\\u09ac\\u09c7\":\"\\u09a6\\u09cb\\u0995\\u09be\\u09a8\\u09bf\\u0995\\u09c7 \\u09a8\\u09be \\u09ac\\u09b2\\u09c7 \\u09b8\\u09cd\\u099f\\u0995 \\u09a6\\u09c7\\u0996\\u09c7 \\u0985\\u09b0\\u09cd\\u09a1\\u09be\\u09b0 \\u09a6\\u09bf\\u09df\\u09c7 \\u09ab\\u09c7\\u09b2\\u09ac\\u09c7\"}','{\"\\u09b6\\u09c1\\u09a7\\u09c1 \\u09ad\\u09bf\\u099c\\u09bf\\u099f\\/ only Visit \\u0985\\u09aa\\u09b6\\u09a8 \\u09a5\\u09c7\\u0995\\u09c7 \\u09ad\\u09bf\\u099c\\u09bf\\u099f \\u09a6\\u09c7\\u0996\\u09be\\u09ac\\u09c7\":\"\\u09b6\\u09c1\\u09a7\\u09c1 \\u09ad\\u09bf\\u099c\\u09bf\\u099f\\/ only Visit \\u0985\\u09aa\\u09b6\\u09a8 \\u09a5\\u09c7\\u0995\\u09c7 \\u09ad\\u09bf\\u099c\\u09bf\\u099f \\u09a6\\u09c7\\u0996\\u09be\\u09ac\\u09c7\"}','Radio',18,'Active','2023-07-19 10:25:58','2023-07-19 10:25:58'),(129,'শিডিউল রুটে নতুন দোকান হলে এস আর কী করবে ?','{\"\\u09ad\\u09bf\\u099c\\u09bf\\u099f \\u0995\\u09b0\\u09ac\\u09c7\":\"\\u09ad\\u09bf\\u099c\\u09bf\\u099f \\u0995\\u09b0\\u09ac\\u09c7\",\"\\u0990 \\u09a6\\u09cb\\u0995\\u09be\\u09a8\\u09c7 \\u09b8\\u09c7\\u09b2\\u09b8 \\u0995\\u09b2 \\u09a6\\u09bf\\u09a4\\u09c7 \\u09af\\u09be\\u09ac\\u09c7\":\"\\u0990 \\u09a6\\u09cb\\u0995\\u09be\\u09a8\\u09c7 \\u09b8\\u09c7\\u09b2\\u09b8 \\u0995\\u09b2 \\u09a6\\u09bf\\u09a4\\u09c7 \\u09af\\u09be\\u09ac\\u09c7\",\"\\u09a6\\u09cb\\u0995\\u09be\\u09a8\\u09c0\\u09b0 \\u09b8\\u09be\\u09a5\\u09c7 \\u0995\\u09a5\\u09be \\u09ac\\u09b2\\u09a4\\u09c7 \\u09af\\u09be\\u09ac\\u09c7\":\"\\u09a6\\u09cb\\u0995\\u09be\\u09a8\\u09c0\\u09b0 \\u09b8\\u09be\\u09a5\\u09c7 \\u0995\\u09a5\\u09be \\u09ac\\u09b2\\u09a4\\u09c7 \\u09af\\u09be\\u09ac\\u09c7\",\"\\u09a6\\u09cb\\u0995\\u09be\\u09a8\\u099f\\u09bf \\u0986\\u0997\\u09c7 \\u0985\\u09cd\\u09af\\u09be\\u09aa\\u09c7 \\u09af\\u09cb\\u0997 \\u0995\\u09b0\\u09ac\\u09c7\":\"\\u09a6\\u09cb\\u0995\\u09be\\u09a8\\u099f\\u09bf \\u0986\\u0997\\u09c7 \\u0985\\u09cd\\u09af\\u09be\\u09aa\\u09c7 \\u09af\\u09cb\\u0997 \\u0995\\u09b0\\u09ac\\u09c7\"}','{\"\\u09a6\\u09cb\\u0995\\u09be\\u09a8\\u099f\\u09bf \\u0986\\u0997\\u09c7 \\u0985\\u09cd\\u09af\\u09be\\u09aa\\u09c7 \\u09af\\u09cb\\u0997 \\u0995\\u09b0\\u09ac\\u09c7\":\"\\u09a6\\u09cb\\u0995\\u09be\\u09a8\\u099f\\u09bf \\u0986\\u0997\\u09c7 \\u0985\\u09cd\\u09af\\u09be\\u09aa\\u09c7 \\u09af\\u09cb\\u0997 \\u0995\\u09b0\\u09ac\\u09c7\"}','Radio',18,'Active','2023-07-19 10:26:59','2023-07-19 10:26:59'),(130,'LPC এর পূর্ণরূপ কোনটি?','{\"\\u09b2\\u09be\\u0987\\u09a8 \\u09aa\\u09be\\u09b0 \\u0995\\u09b2\":\"\\u09b2\\u09be\\u0987\\u09a8 \\u09aa\\u09be\\u09b0 \\u0995\\u09b2\",\"\\u09b2\\u09be\\u0987\\u09a8 \\u09aa\\u09be\\u09b0 \\u0995\\u09be\\u09b8\\u09cd\\u099f\\u09ae\\u09be\\u09b0\":\"\\u09b2\\u09be\\u0987\\u09a8 \\u09aa\\u09be\\u09b0 \\u0995\\u09be\\u09b8\\u09cd\\u099f\\u09ae\\u09be\\u09b0\",\"\\u09b2\\u09be\\u0987\\u09a8 \\u09aa\\u09cd\\u09b0\\u09cb\\u09a1\\u09be\\u0995\\u09cd\\u099f\\u09b8 \\u0995\\u09be\\u09b8\\u09cd\\u099f\\u09ae\\u09be\\u09b0\":\"\\u09b2\\u09be\\u0987\\u09a8 \\u09aa\\u09cd\\u09b0\\u09cb\\u09a1\\u09be\\u0995\\u09cd\\u099f\\u09b8 \\u0995\\u09be\\u09b8\\u09cd\\u099f\\u09ae\\u09be\\u09b0\",\"\\u09b2\\u09be\\u0987\\u09a8 \\u09aa\\u09be\\u09b0 \\u0985\\u09b0\\u09cd\\u09a1\\u09be\\u09b0 \\u0995\\u09cd\\u09af\\u09be\\u09a8\\u09cd\\u09b8\\u09c7\\u09b2\":\"\\u09b2\\u09be\\u0987\\u09a8 \\u09aa\\u09be\\u09b0 \\u0985\\u09b0\\u09cd\\u09a1\\u09be\\u09b0 \\u0995\\u09cd\\u09af\\u09be\\u09a8\\u09cd\\u09b8\\u09c7\\u09b2\"}','{\"\\u09b2\\u09be\\u0987\\u09a8 \\u09aa\\u09be\\u09b0 \\u0995\\u09b2\":\"\\u09b2\\u09be\\u0987\\u09a8 \\u09aa\\u09be\\u09b0 \\u0995\\u09b2\"}','Radio',18,'Active','2023-07-19 10:33:42','2023-07-19 10:33:42'),(131,'দোকানি কী ধরণের মেমো পাবেন?','{\"\\u09aa\\u09cd\\u09b0\\u09bf\\u09a8\\u09cd\\u099f\\u09c7\\u09a1 \\u09ae\\u09c7\\u09ae\\u09cb\":\"\\u09aa\\u09cd\\u09b0\\u09bf\\u09a8\\u09cd\\u099f\\u09c7\\u09a1 \\u09ae\\u09c7\\u09ae\\u09cb\",\"\\u09a1\\u09bf\\u099c\\u09bf\\u099f\\u09be\\u09b2 \\u09ae\\u09c7\\u09ae\\u09cb\":\"\\u09a1\\u09bf\\u099c\\u09bf\\u099f\\u09be\\u09b2 \\u09ae\\u09c7\\u09ae\\u09cb\",\"\\u09b9\\u09be\\u09a4\\u09c7 \\u0995\\u09be\\u099f\\u09be \\u09ae\\u09c7\\u09ae\\u09cb\":\"\\u09b9\\u09be\\u09a4\\u09c7 \\u0995\\u09be\\u099f\\u09be \\u09ae\\u09c7\\u09ae\\u09cb\",\"\\u09ae\\u09cd\\u09af\\u09be\\u09a8\\u09c1\\u09df\\u09be\\u09b2 \\u09ae\\u09c7\\u09ae\\u09cb\":\"\\u09ae\\u09cd\\u09af\\u09be\\u09a8\\u09c1\\u09df\\u09be\\u09b2 \\u09ae\\u09c7\\u09ae\\u09cb\"}','{\"\\u09aa\\u09cd\\u09b0\\u09bf\\u09a8\\u09cd\\u099f\\u09c7\\u09a1 \\u09ae\\u09c7\\u09ae\\u09cb\":\"\\u09aa\\u09cd\\u09b0\\u09bf\\u09a8\\u09cd\\u099f\\u09c7\\u09a1 \\u09ae\\u09c7\\u09ae\\u09cb\"}','Radio',18,'Active','2023-07-19 10:39:36','2023-07-19 10:39:36'),(132,'অ্যাপে ডেলিভারি কে নিশ্চিত করবে ?','{\"\\u098f\\u09b8 \\u0986\\u09b0\":\"\\u098f\\u09b8 \\u0986\\u09b0\",\"\\u09a1\\u09bf \\u098f\\u09b8 \\u0986\\u09b0\":\"\\u09a1\\u09bf \\u098f\\u09b8 \\u0986\\u09b0\",\"\\u09a1\\u09bf \\u098f\\u09ae\":\"\\u09a1\\u09bf \\u098f\\u09ae\",\"\\u09a1\\u09c7\\u09b2\\u09bf\\u09ad\\u09be\\u09b0\\u09bf \\u09ae\\u09cd\\u09af\\u09be\\u09a8\":\"\\u09a1\\u09c7\\u09b2\\u09bf\\u09ad\\u09be\\u09b0\\u09bf \\u09ae\\u09cd\\u09af\\u09be\\u09a8\"}','{\"\\u098f\\u09b8 \\u0986\\u09b0\":\"\\u098f\\u09b8 \\u0986\\u09b0\"}','Radio',18,'Active','2023-07-19 10:44:57','2023-07-19 10:44:57'),(133,'দোকানে প্রোডাক্ট কে ডেলিভারি করবে ? (একাধিক উত্তর গ্রহণযোগ্য)','{\"\\u098f\\u09b8 \\u0986\\u09b0\":\"\\u098f\\u09b8 \\u0986\\u09b0\",\"\\u09a1\\u09bf \\u098f\\u09b8 \\u0986\\u09b0\":\"\\u09a1\\u09bf \\u098f\\u09b8 \\u0986\\u09b0\",\"\\u09a1\\u09bf \\u098f\\u09ae\":\"\\u09a1\\u09bf \\u098f\\u09ae\",\"\\u09a1\\u09c7\\u09b2\\u09bf\\u09ad\\u09be\\u09b0\\u09bf \\u09ae\\u09cd\\u09af\\u09be\\u09a8\":\"\\u09a1\\u09c7\\u09b2\\u09bf\\u09ad\\u09be\\u09b0\\u09bf \\u09ae\\u09cd\\u09af\\u09be\\u09a8\"}','{\"\\u09a1\\u09bf \\u098f\\u09b8 \\u0986\\u09b0\":\"\\u09a1\\u09bf \\u098f\\u09b8 \\u0986\\u09b0\",\"\\u09a1\\u09bf \\u098f\\u09ae\":\"\\u09a1\\u09bf \\u098f\\u09ae\",\"\\u09a1\\u09c7\\u09b2\\u09bf\\u09ad\\u09be\\u09b0\\u09bf \\u09ae\\u09cd\\u09af\\u09be\\u09a8\":\"\\u09a1\\u09c7\\u09b2\\u09bf\\u09ad\\u09be\\u09b0\\u09bf \\u09ae\\u09cd\\u09af\\u09be\\u09a8\"}','Multiselect',18,'Active','2023-07-19 10:50:01','2023-07-19 10:50:01'),(134,'TLS  এর পূর্ণরূপ কোনটি?','{\"\\u099f\\u09bf\\u09ae \\u09b2\\u09bf\\u09a1 \\u09b8\\u09c1\\u09aa\\u09be\\u09b0\\u09ad\\u09be\\u0987\\u099c\\u09be\\u09b0\":\"\\u099f\\u09bf\\u09ae \\u09b2\\u09bf\\u09a1 \\u09b8\\u09c1\\u09aa\\u09be\\u09b0\\u09ad\\u09be\\u0987\\u099c\\u09be\\u09b0\",\"\\u099f\\u09cb\\u099f\\u09be\\u09b2 \\u09b2\\u09be\\u0987\\u09a8 \\u09b8\\u09cb\\u09b2\\u09cd\\u09a1\":\"\\u099f\\u09cb\\u099f\\u09be\\u09b2 \\u09b2\\u09be\\u0987\\u09a8 \\u09b8\\u09cb\\u09b2\\u09cd\\u09a1\",\"\\u099f\\u09c0\\u09ae \\u09b2\\u09bf\\u09a1\\u09be\\u09b0\\u09b8\":\"\\u099f\\u09c0\\u09ae \\u09b2\\u09bf\\u09a1\\u09be\\u09b0\\u09b8\",\"A and B\":\"A and B\"}','{\"\\u099f\\u09cb\\u099f\\u09be\\u09b2 \\u09b2\\u09be\\u0987\\u09a8 \\u09b8\\u09cb\\u09b2\\u09cd\\u09a1\":\"\\u099f\\u09cb\\u099f\\u09be\\u09b2 \\u09b2\\u09be\\u0987\\u09a8 \\u09b8\\u09cb\\u09b2\\u09cd\\u09a1\"}','Radio',18,'Active','2023-07-19 10:51:21','2023-07-19 10:51:21'),(135,'এস আর অ্যাপে ‘’লাঞ্চ ব্রেক’’ এর অপশনটি কোথায় আছে ?','{\"\\u09a1\\u09cd\\u09af\\u09be\\u09b6\\u09ac\\u09cb\\u09b0\\u09cd\\u09a1\\u09c7\\u09b0 \\u09aa\\u09be\\u099e\\u09cd\\u099a \\u0985\\u09aa\\u09b6\\u09a8\\u09c7\\u09b0 \\u09ac\\u09be\\u09ae \\u09aa\\u09be\\u09b6\\u09c7\":\"\\u09a1\\u09cd\\u09af\\u09be\\u09b6\\u09ac\\u09cb\\u09b0\\u09cd\\u09a1\\u09c7\\u09b0 \\u09aa\\u09be\\u099e\\u09cd\\u099a \\u0985\\u09aa\\u09b6\\u09a8\\u09c7\\u09b0 \\u09ac\\u09be\\u09ae \\u09aa\\u09be\\u09b6\\u09c7\",\"\\u09a1\\u09cd\\u09af\\u09be\\u09b6\\u09ac\\u09cb\\u09b0\\u09cd\\u09a1\\u09c7\\u09b0 \\u09aa\\u09be\\u099e\\u09cd\\u099a \\u0985\\u09aa\\u09b6\\u09a8\\u09c7\\u09b0 \\u09a1\\u09be\\u09a8 \\u09aa\\u09be\\u09b6\\u09c7\":\"\\u09a1\\u09cd\\u09af\\u09be\\u09b6\\u09ac\\u09cb\\u09b0\\u09cd\\u09a1\\u09c7\\u09b0 \\u09aa\\u09be\\u099e\\u09cd\\u099a \\u0985\\u09aa\\u09b6\\u09a8\\u09c7\\u09b0 \\u09a1\\u09be\\u09a8 \\u09aa\\u09be\\u09b6\\u09c7\",\"\\u09a1\\u09cd\\u09af\\u09be\\u09b6\\u09ac\\u09cb\\u09b0\\u09cd\\u09a1\\u09c7\\u09b0 \\u09b8\\u09be\\u09ae\\u09be\\u09b0\\u09bf \\u0985\\u0982\\u09b6\\u09c7\":\"\\u09a1\\u09cd\\u09af\\u09be\\u09b6\\u09ac\\u09cb\\u09b0\\u09cd\\u09a1\\u09c7\\u09b0 \\u09b8\\u09be\\u09ae\\u09be\\u09b0\\u09bf \\u0985\\u0982\\u09b6\\u09c7\",\"\\u09b9\\u09cb\\u09ae \\u09ae\\u09c7\\u09a8\\u09c1 \\u0985\\u09aa\\u09b6\\u09a8\\u09c7\":\"\\u09b9\\u09cb\\u09ae \\u09ae\\u09c7\\u09a8\\u09c1 \\u0985\\u09aa\\u09b6\\u09a8\\u09c7\"}','{\"\\u09a1\\u09cd\\u09af\\u09be\\u09b6\\u09ac\\u09cb\\u09b0\\u09cd\\u09a1\\u09c7\\u09b0 \\u09aa\\u09be\\u099e\\u09cd\\u099a \\u0985\\u09aa\\u09b6\\u09a8\\u09c7\\u09b0 \\u09ac\\u09be\\u09ae \\u09aa\\u09be\\u09b6\\u09c7\":\"\\u09a1\\u09cd\\u09af\\u09be\\u09b6\\u09ac\\u09cb\\u09b0\\u09cd\\u09a1\\u09c7\\u09b0 \\u09aa\\u09be\\u099e\\u09cd\\u099a \\u0985\\u09aa\\u09b6\\u09a8\\u09c7\\u09b0 \\u09ac\\u09be\\u09ae \\u09aa\\u09be\\u09b6\\u09c7\"}','Radio',18,'Active','2023-07-19 10:53:13','2023-07-19 10:53:13'),(136,'POSM এর পূর্ণরূপ কোনটি?','{\"\\u09aa\\u09df\\u09c7\\u09a8\\u09cd\\u099f \\u0985\\u09ab \\u09b8\\u09c7\\u09b2\\u09b8 \\u09ae\\u09cd\\u09af\\u09be\\u099f\\u09c7\\u09b0\\u09bf\\u09df\\u09be\\u09b2\":\"\\u09aa\\u09df\\u09c7\\u09a8\\u09cd\\u099f \\u0985\\u09ab \\u09b8\\u09c7\\u09b2\\u09b8 \\u09ae\\u09cd\\u09af\\u09be\\u099f\\u09c7\\u09b0\\u09bf\\u09df\\u09be\\u09b2\",\"\\u09aa\\u09cd\\u09b0\\u09cb\\u09a1\\u09be\\u0995\\u09cd\\u099f \\u0985\\u09ab \\u09b8\\u09c7\\u09b2\\u09b8 \\u09ae\\u09cd\\u09af\\u09be\\u099f\\u09c7\\u09b0\\u09bf\\u09df\\u09be\\u09b2\":\"\\u09aa\\u09cd\\u09b0\\u09cb\\u09a1\\u09be\\u0995\\u09cd\\u099f \\u0985\\u09ab \\u09b8\\u09c7\\u09b2\\u09b8 \\u09ae\\u09cd\\u09af\\u09be\\u099f\\u09c7\\u09b0\\u09bf\\u09df\\u09be\\u09b2\",\"\\u09aa\\u099c\\u09ae\\u09c7\\u09b6\\u09bf\\u09a8\":\"\\u09aa\\u099c\\u09ae\\u09c7\\u09b6\\u09bf\\u09a8\",\"A \\u0993 B\":\"A \\u0993 B\"}','{\"\\u09aa\\u09df\\u09c7\\u09a8\\u09cd\\u099f \\u0985\\u09ab \\u09b8\\u09c7\\u09b2\\u09b8 \\u09ae\\u09cd\\u09af\\u09be\\u099f\\u09c7\\u09b0\\u09bf\\u09df\\u09be\\u09b2\":\"\\u09aa\\u09df\\u09c7\\u09a8\\u09cd\\u099f \\u0985\\u09ab \\u09b8\\u09c7\\u09b2\\u09b8 \\u09ae\\u09cd\\u09af\\u09be\\u099f\\u09c7\\u09b0\\u09bf\\u09df\\u09be\\u09b2\"}','Radio',18,'Active','2023-07-19 11:24:05','2023-07-19 11:24:05'),(137,'Easy SR অ্যাপটি কে ব্যবহার করবে ? (একাধিক উত্তর গ্রহণযোগ্য )','{\"\\u098f\\u09b8 \\u0986\\u09b0\":\"\\u098f\\u09b8 \\u0986\\u09b0\",\"\\u09b8\\u09c7\\u09b2\\u09b8 \\u09b0\\u09bf\\u09aa\\u09cd\\u09b0\\u09c7\\u099c\\u09c7\\u09a8\\u09cd\\u099f\\u09bf\\u09ad\":\"\\u09b8\\u09c7\\u09b2\\u09b8 \\u09b0\\u09bf\\u09aa\\u09cd\\u09b0\\u09c7\\u099c\\u09c7\\u09a8\\u09cd\\u099f\\u09bf\\u09ad\",\"\\u09a1\\u09bf \\u098f\\u09b8 \\u0986\\u09b0\":\"\\u09a1\\u09bf \\u098f\\u09b8 \\u0986\\u09b0\",\"\\u09a1\\u09c7\\u09b2\\u09bf\\u09ad\\u09be\\u09b0\\u09bf \\u09ae\\u09cd\\u09af\\u09be\\u09a8\":\"\\u09a1\\u09c7\\u09b2\\u09bf\\u09ad\\u09be\\u09b0\\u09bf \\u09ae\\u09cd\\u09af\\u09be\\u09a8\"}','{\"\\u098f\\u09b8 \\u0986\\u09b0\":\"\\u098f\\u09b8 \\u0986\\u09b0\",\"\\u09b8\\u09c7\\u09b2\\u09b8 \\u09b0\\u09bf\\u09aa\\u09cd\\u09b0\\u09c7\\u099c\\u09c7\\u09a8\\u09cd\\u099f\\u09bf\\u09ad\":\"\\u09b8\\u09c7\\u09b2\\u09b8 \\u09b0\\u09bf\\u09aa\\u09cd\\u09b0\\u09c7\\u099c\\u09c7\\u09a8\\u09cd\\u099f\\u09bf\\u09ad\"}','Multiselect',18,'Active','2023-07-19 11:25:35','2023-07-19 11:25:35');

/*Table structure for table `tr_ratings` */


CREATE TABLE `tr_ratings` (
  `id` bigint unsigned NOT NULL AUTO_INCREMENT,
  `tr_test_participant_id` bigint unsigned NOT NULL,
  `appearance` tinyint unsigned NOT NULL,
  `company_knowledge` tinyint unsigned NOT NULL,
  `product_knowledge` tinyint unsigned NOT NULL,
  `lead_search` tinyint unsigned NOT NULL,
  `percentage` double(5,2) NOT NULL,
  `created_at` timestamp NULL DEFAULT NULL,
  `updated_at` timestamp NULL DEFAULT NULL,
  PRIMARY KEY (`id`),
  UNIQUE KEY `tr_ratings_tr_test_participant_id_unique` (`tr_test_participant_id`),
  CONSTRAINT `tr_ratings_tr_test_participant_id_foreign` FOREIGN KEY (`tr_test_participant_id`) REFERENCES `tr_test_participants` (`id`)
) ENGINE=InnoDB AUTO_INCREMENT=424 DEFAULT CHARSET=utf8mb4 COLLATE=utf8mb4_unicode_ci;

/*Data for the table `tr_ratings` */

insert  into `tr_ratings`(`id`,`tr_test_participant_id`,`appearance`,`company_knowledge`,`product_knowledge`,`lead_search`,`percentage`,`created_at`,`updated_at`) values (1,1,10,10,10,10,100.00,'2022-10-11 18:41:16','2022-10-12 17:08:50'),(2,3,10,10,10,10,100.00,'2022-10-13 11:35:23','2022-10-13 11:35:23'),(3,143,7,6,7,5,62.50,'2022-11-02 10:35:37','2022-11-02 10:35:37'),(4,263,7,7,7,7,70.00,'2022-11-22 14:17:35','2022-11-22 14:17:35'),(5,262,7,7,7,7,70.00,'2022-11-22 14:27:48','2022-11-22 14:27:48'),(6,334,6,5,7,7,62.50,'2022-12-05 17:02:42','2022-12-05 17:02:42'),(7,333,6,5,7,6,60.00,'2022-12-07 14:12:28','2022-12-07 14:12:51'),(8,332,7,6,7,8,70.00,'2022-12-07 14:13:11','2022-12-07 14:13:11'),(9,331,7,6,7,8,70.00,'2022-12-07 14:13:24','2022-12-07 14:13:24'),(10,330,7,6,6,9,70.00,'2022-12-07 14:13:41','2022-12-07 14:13:41'),(11,329,6,6,6,6,60.00,'2022-12-07 14:13:59','2022-12-07 14:13:59'),(12,328,8,8,7,8,77.50,'2022-12-07 14:14:11','2022-12-07 14:14:11'),(13,327,7,8,8,7,75.00,'2022-12-07 14:14:22','2022-12-07 14:14:22'),(14,326,8,8,9,8,82.50,'2022-12-07 14:14:37','2022-12-07 14:14:37'),(15,325,7,7,7,6,67.50,'2022-12-07 14:16:47','2022-12-07 14:16:47'),(16,324,8,8,8,8,80.00,'2022-12-07 14:17:06','2022-12-07 14:17:06'),(17,323,7,6,7,7,67.50,'2022-12-07 14:17:25','2022-12-07 14:17:25'),(18,63,4,7,3,3,42.50,'2022-12-07 15:05:35','2022-12-08 14:22:01'),(19,314,7,6,8,6,67.50,'2022-12-07 15:18:47','2022-12-07 15:18:47'),(20,315,8,7,8,7,75.00,'2022-12-07 15:19:00','2022-12-07 15:19:00'),(21,322,7,6,6,6,62.50,'2022-12-07 15:19:22','2022-12-07 15:19:22'),(22,220,6,6,6,6,60.00,'2022-12-07 15:19:45','2022-12-07 15:19:45'),(23,221,6,7,6,6,62.50,'2022-12-07 15:20:16','2022-12-07 15:20:16'),(24,316,6,6,6,6,60.00,'2022-12-07 15:20:33','2022-12-07 15:20:33'),(25,317,6,6,6,6,60.00,'2022-12-07 15:20:47','2022-12-07 15:20:47'),(26,318,7,7,7,7,70.00,'2022-12-07 15:21:07','2022-12-07 15:21:07'),(27,319,7,6,7,6,65.00,'2022-12-07 15:21:20','2022-12-07 15:21:20'),(28,321,7,6,7,7,67.50,'2022-12-07 15:21:40','2022-12-07 15:21:40'),(29,313,6,6,6,6,60.00,'2022-12-07 15:23:07','2022-12-07 15:23:07'),(30,312,6,7,6,7,65.00,'2022-12-07 15:27:30','2022-12-07 15:27:30'),(31,311,6,7,7,7,67.50,'2022-12-07 15:28:02','2022-12-07 15:28:02'),(32,309,6,7,6,7,65.00,'2022-12-07 15:31:15','2022-12-07 15:31:15'),(33,308,7,7,7,7,70.00,'2022-12-07 15:31:37','2022-12-07 15:31:37'),(34,307,7,8,8,8,77.50,'2022-12-07 15:31:53','2022-12-07 15:31:53'),(35,306,5,5,6,5,52.50,'2022-12-07 15:32:14','2022-12-07 15:32:14'),(36,305,5,5,5,5,50.00,'2022-12-07 15:32:51','2022-12-07 15:32:51'),(37,304,6,5,6,4,52.50,'2022-12-07 15:33:11','2022-12-07 15:33:11'),(38,303,7,5,5,7,60.00,'2022-12-07 15:33:27','2022-12-07 15:33:27'),(39,302,4,5,4,4,42.50,'2022-12-07 15:33:52','2022-12-07 15:33:52'),(40,301,6,6,7,6,62.50,'2022-12-07 15:34:06','2022-12-07 15:34:06'),(41,300,5,4,4,4,42.50,'2022-12-07 15:34:32','2022-12-07 15:34:32'),(42,299,6,4,6,5,52.50,'2022-12-07 15:35:30','2022-12-07 15:35:30'),(43,298,6,5,5,5,52.50,'2022-12-07 15:35:53','2022-12-07 15:35:53'),(44,297,4,6,6,6,55.00,'2022-12-07 15:36:50','2022-12-07 15:36:50'),(45,296,6,6,6,6,60.00,'2022-12-07 15:37:03','2022-12-07 15:37:03'),(46,295,6,4,5,7,55.00,'2022-12-07 15:37:28','2022-12-07 15:37:28'),(47,294,5,4,4,4,42.50,'2022-12-07 15:38:51','2022-12-07 15:38:51'),(48,293,6,5,6,5,55.00,'2022-12-07 15:39:04','2022-12-07 15:39:04'),(49,292,6,5,6,6,57.50,'2022-12-07 15:40:15','2022-12-07 15:40:15'),(50,291,6,6,7,6,62.50,'2022-12-07 15:41:43','2022-12-07 15:41:43'),(52,290,5,5,6,5,52.50,'2022-12-07 15:42:03','2022-12-07 15:42:03'),(53,289,6,6,7,5,60.00,'2022-12-07 15:43:47','2022-12-07 15:43:47'),(54,288,6,6,6,6,60.00,'2022-12-07 15:44:22','2022-12-07 15:44:22'),(55,287,6,5,6,5,55.00,'2022-12-07 15:44:43','2022-12-07 15:44:43'),(56,285,6,5,6,5,55.00,'2022-12-07 15:45:02','2022-12-07 15:45:02'),(57,286,6,5,6,5,55.00,'2022-12-07 15:45:51','2022-12-07 15:45:51'),(58,283,5,5,5,4,47.50,'2022-12-07 15:46:28','2022-12-07 15:46:28'),(59,284,5,4,0,5,35.00,'2022-12-07 15:47:04','2022-12-07 15:47:04'),(60,282,5,5,6,5,52.50,'2022-12-07 15:47:44','2022-12-07 15:47:44'),(61,281,7,6,7,6,65.00,'2022-12-07 15:48:56','2022-12-07 15:48:56'),(62,280,5,6,7,6,60.00,'2022-12-07 15:49:11','2022-12-07 15:49:11'),(63,277,4,4,5,4,42.50,'2022-12-07 15:49:42','2022-12-07 15:49:42'),(64,276,6,5,7,5,57.50,'2022-12-07 15:49:53','2022-12-07 15:49:53'),(65,274,6,5,6,4,52.50,'2022-12-07 15:50:06','2022-12-07 15:50:06'),(66,273,7,6,6,6,62.50,'2022-12-07 15:50:50','2022-12-07 15:50:50'),(67,272,5,4,5,5,47.50,'2022-12-07 15:53:12','2022-12-07 15:53:12'),(68,271,3,4,4,5,40.00,'2022-12-07 15:53:31','2022-12-07 15:53:31'),(69,270,4,5,6,5,50.00,'2022-12-07 15:53:54','2022-12-07 15:53:54'),(70,260,7,7,7,7,70.00,'2022-12-07 15:54:19','2022-12-07 15:54:19'),(71,268,6,4,7,5,55.00,'2022-12-07 15:55:39','2022-12-07 15:55:39'),(72,267,5,5,5,6,52.50,'2022-12-07 16:30:49','2022-12-07 16:30:49'),(73,5,6,5,6,5,55.00,'2022-12-07 16:44:11','2022-12-07 16:44:11'),(74,6,6,5,6,5,55.00,'2022-12-07 16:44:41','2022-12-07 16:44:41'),(75,15,7,6,7,6,65.00,'2022-12-07 16:45:48','2022-12-07 16:45:48'),(76,259,5,5,6,5,52.50,'2022-12-07 16:46:39','2022-12-07 16:46:39'),(77,258,6,5,6,5,55.00,'2022-12-07 16:47:54','2022-12-07 16:47:54'),(78,257,5,4,7,4,50.00,'2022-12-07 16:48:32','2022-12-07 16:48:32'),(79,266,4,3,4,4,37.50,'2022-12-07 16:49:02','2022-12-07 16:49:02'),(80,264,5,6,7,6,60.00,'2022-12-07 16:49:32','2022-12-07 16:49:32'),(81,255,5,5,7,5,55.00,'2022-12-07 16:54:30','2022-12-07 16:54:30'),(82,254,4,4,5,4,42.50,'2022-12-07 16:55:33','2022-12-07 16:55:33'),(83,253,4,4,5,4,42.50,'2022-12-07 16:56:26','2022-12-07 16:56:26'),(84,251,5,5,6,5,52.50,'2022-12-07 16:57:07','2022-12-07 16:57:07'),(85,249,5,4,6,4,47.50,'2022-12-07 16:58:33','2022-12-07 16:58:33'),(86,248,5,6,5,6,55.00,'2022-12-07 16:59:52','2022-12-07 16:59:52'),(87,247,6,4,4,4,45.00,'2022-12-07 17:00:26','2022-12-07 17:00:26'),(88,244,4,5,5,5,47.50,'2022-12-07 17:02:43','2022-12-07 17:02:43'),(89,243,5,6,6,6,57.50,'2022-12-07 17:03:10','2022-12-07 17:03:10'),(90,242,6,5,6,5,55.00,'2022-12-07 17:06:53','2022-12-07 17:06:53'),(91,241,5,6,5,6,55.00,'2022-12-07 17:07:47','2022-12-07 17:07:47'),(92,240,7,5,7,6,62.50,'2022-12-07 17:08:19','2022-12-07 17:08:19'),(93,239,4,3,4,5,40.00,'2022-12-07 17:08:42','2022-12-07 17:08:42'),(94,237,6,5,7,5,57.50,'2022-12-07 17:09:40','2022-12-07 17:09:40'),(95,236,6,5,6,5,55.00,'2022-12-07 17:10:16','2022-12-07 17:10:16'),(96,234,6,5,5,5,52.50,'2022-12-07 17:12:29','2022-12-07 17:12:29'),(97,235,4,3,4,5,40.00,'2022-12-07 17:12:53','2022-12-07 17:12:53'),(98,233,5,4,6,4,47.50,'2022-12-07 17:13:12','2022-12-07 17:13:12'),(99,232,7,5,7,6,62.50,'2022-12-07 17:14:28','2022-12-07 17:14:28'),(100,231,5,5,6,5,52.50,'2022-12-07 17:15:02','2022-12-07 17:15:02'),(101,222,5,6,5,5,52.50,'2022-12-07 17:16:42','2022-12-07 17:16:42'),(102,223,8,7,8,6,72.50,'2022-12-07 17:17:29','2022-12-07 17:17:29'),(103,230,5,4,6,4,47.50,'2022-12-07 17:21:04','2022-12-07 17:21:04'),(104,224,6,5,6,6,57.50,'2022-12-07 17:22:13','2022-12-07 17:22:13'),(105,226,5,5,6,6,55.00,'2022-12-07 17:22:42','2022-12-07 17:22:42'),(106,229,3,3,4,3,32.50,'2022-12-07 17:23:15','2022-12-07 17:23:15'),(107,228,6,5,7,4,55.00,'2022-12-07 17:24:35','2022-12-07 17:24:35'),(108,227,6,6,7,6,62.50,'2022-12-07 17:24:57','2022-12-07 17:24:57'),(109,16,7,5,7,5,60.00,'2022-12-07 17:25:44','2022-12-07 17:25:44'),(110,219,7,7,6,6,65.00,'2022-12-08 13:37:04','2022-12-08 13:37:04'),(111,88,7,8,6,7,70.00,'2022-12-08 13:37:36','2022-12-08 13:37:36'),(112,17,7,6,6,7,65.00,'2022-12-08 13:37:54','2022-12-08 13:37:54'),(113,19,8,7,7,7,72.50,'2022-12-08 13:38:12','2022-12-08 13:38:12'),(114,20,7,7,6,6,65.00,'2022-12-08 13:43:02','2022-12-08 13:43:02'),(115,21,6,7,7,8,70.00,'2022-12-08 13:43:58','2022-12-08 13:43:58'),(116,23,4,7,5,6,55.00,'2022-12-08 13:44:12','2022-12-08 13:44:12'),(117,24,6,6,7,7,65.00,'2022-12-08 13:44:32','2022-12-08 13:44:32'),(118,25,7,6,7,7,67.50,'2022-12-08 13:44:43','2022-12-08 13:44:43'),(119,26,5,6,7,7,62.50,'2022-12-08 13:44:55','2022-12-08 13:44:55'),(120,27,6,5,6,6,57.50,'2022-12-08 13:46:01','2022-12-08 13:46:01'),(121,28,6,8,8,8,75.00,'2022-12-08 13:46:14','2022-12-08 13:46:14'),(122,29,7,7,8,7,72.50,'2022-12-08 13:46:29','2022-12-08 13:46:29'),(123,30,6,6,7,7,65.00,'2022-12-08 13:46:43','2022-12-08 13:46:43'),(124,31,7,5,7,7,65.00,'2022-12-08 13:46:53','2022-12-08 13:46:53'),(125,32,7,6,7,7,67.50,'2022-12-08 13:47:05','2022-12-08 13:47:05'),(126,33,7,6,6,7,65.00,'2022-12-08 13:47:16','2022-12-08 13:47:16'),(127,34,9,8,8,8,82.50,'2022-12-08 13:47:39','2022-12-08 13:47:39'),(128,35,8,9,8,8,82.50,'2022-12-08 13:47:52','2022-12-08 13:47:52'),(129,36,7,8,8,9,80.00,'2022-12-08 13:48:04','2022-12-08 13:48:04'),(130,37,9,8,8,8,82.50,'2022-12-08 13:48:18','2022-12-08 13:48:18'),(131,38,8,9,9,8,85.00,'2022-12-08 13:48:31','2022-12-08 13:48:31'),(132,39,8,8,9,7,80.00,'2022-12-08 13:48:47','2022-12-08 13:48:47'),(133,40,7,9,9,8,82.50,'2022-12-08 13:49:04','2022-12-08 13:49:04'),(134,42,9,8,9,9,87.50,'2022-12-08 13:54:35','2022-12-08 13:54:35'),(135,41,8,8,9,8,82.50,'2022-12-08 13:54:51','2022-12-08 13:54:51'),(136,43,7,7,8,8,75.00,'2022-12-08 13:55:08','2022-12-08 13:55:08'),(137,44,8,7,7,8,75.00,'2022-12-08 13:55:24','2022-12-08 13:55:24'),(138,45,8,8,9,8,82.50,'2022-12-08 13:55:40','2022-12-08 13:55:40'),(139,46,7,5,6,8,65.00,'2022-12-08 13:55:54','2022-12-08 13:55:54'),(140,48,7,7,7,6,67.50,'2022-12-08 13:56:10','2022-12-08 13:56:10'),(141,47,7,5,7,7,65.00,'2022-12-08 13:57:54','2022-12-08 13:57:54'),(142,49,7,7,7,6,67.50,'2022-12-08 13:58:12','2022-12-08 13:58:12'),(143,51,6,5,7,6,60.00,'2022-12-08 13:58:27','2022-12-08 13:58:27'),(144,50,6,5,7,8,65.00,'2022-12-08 13:58:40','2022-12-08 13:58:40'),(145,52,8,6,8,7,72.50,'2022-12-08 13:58:53','2022-12-08 13:58:53'),(146,53,9,6,7,7,72.50,'2022-12-08 13:59:06','2022-12-08 13:59:06'),(147,55,6,7,6,8,67.50,'2022-12-08 13:59:18','2022-12-08 13:59:18'),(148,54,6,6,7,8,67.50,'2022-12-08 13:59:33','2022-12-08 13:59:33'),(149,56,6,4,6,6,55.00,'2022-12-08 13:59:49','2022-12-08 13:59:49'),(150,57,8,7,8,8,77.50,'2022-12-08 14:01:53','2022-12-08 14:01:53'),(151,58,6,6,7,7,65.00,'2022-12-08 14:02:05','2022-12-08 14:02:05'),(152,59,8,7,8,8,77.50,'2022-12-08 14:02:16','2022-12-08 14:02:16'),(153,60,6,6,7,6,62.50,'2022-12-08 14:02:29','2022-12-08 14:02:29'),(154,62,7,7,6,5,62.50,'2022-12-08 14:02:48','2022-12-08 14:02:48'),(155,69,8,6,8,5,67.50,'2022-12-08 14:03:03','2022-12-08 14:03:03'),(156,72,6,7,6,7,65.00,'2022-12-08 14:03:22','2022-12-08 14:03:22'),(157,73,8,7,0,7,55.00,'2022-12-08 14:03:39','2022-12-08 14:03:39'),(158,74,7,9,7,8,77.50,'2022-12-08 14:03:58','2022-12-08 14:03:58'),(159,76,6,6,7,8,67.50,'2022-12-08 14:05:49','2022-12-08 14:05:49'),(160,75,8,8,8,8,80.00,'2022-12-08 14:06:04','2022-12-08 14:06:04'),(161,77,8,7,7,7,72.50,'2022-12-08 14:06:21','2022-12-08 14:06:21'),(162,79,7,5,7,6,62.50,'2022-12-08 14:06:40','2022-12-08 14:06:40'),(163,80,7,8,8,7,75.00,'2022-12-08 14:12:12','2022-12-08 14:12:12'),(164,83,9,6,8,8,77.50,'2022-12-08 14:12:25','2022-12-08 14:12:25'),(165,84,8,7,7,8,75.00,'2022-12-08 14:12:40','2022-12-08 14:12:40'),(166,85,7,8,7,8,75.00,'2022-12-08 14:12:55','2022-12-08 14:12:55'),(167,86,6,7,7,7,67.50,'2022-12-08 14:13:13','2022-12-08 14:13:13'),(168,87,7,6,7,7,67.50,'2022-12-08 14:13:36','2022-12-08 14:13:36'),(169,90,6,7,7,7,67.50,'2022-12-08 14:13:55','2022-12-08 14:13:55'),(170,89,7,6,7,8,70.00,'2022-12-08 14:14:14','2022-12-08 14:14:14'),(171,91,8,6,7,8,72.50,'2022-12-08 14:14:36','2022-12-08 14:14:36'),(172,92,7,7,8,8,75.00,'2022-12-08 14:14:51','2022-12-08 14:14:51'),(173,93,7,8,7,7,72.50,'2022-12-08 14:15:07','2022-12-08 14:15:07'),(174,94,8,7,8,8,77.50,'2022-12-08 14:15:24','2022-12-08 14:15:24'),(175,95,8,7,8,8,77.50,'2022-12-08 14:15:38','2022-12-08 14:15:38'),(176,96,8,7,7,8,75.00,'2022-12-08 14:15:52','2022-12-08 14:15:52'),(177,97,8,8,7,7,75.00,'2022-12-08 14:16:06','2022-12-08 14:16:06'),(178,98,8,6,8,8,75.00,'2022-12-08 14:16:25','2022-12-08 14:16:25'),(179,99,8,7,7,7,72.50,'2022-12-08 14:16:42','2022-12-08 14:16:42'),(180,100,8,7,8,8,77.50,'2022-12-08 14:17:00','2022-12-08 14:17:00'),(181,101,8,7,8,8,77.50,'2022-12-08 14:17:15','2022-12-08 14:17:15'),(182,102,7,6,8,8,72.50,'2022-12-08 14:17:27','2022-12-08 14:17:27'),(183,104,6,6,8,8,70.00,'2022-12-08 14:17:39','2022-12-08 14:17:39'),(184,103,7,5,7,7,65.00,'2022-12-08 14:17:56','2022-12-08 14:17:56'),(185,106,7,7,8,8,75.00,'2022-12-08 14:18:11','2022-12-08 14:18:11'),(186,105,8,5,8,8,72.50,'2022-12-08 14:18:27','2022-12-08 14:18:27'),(187,108,8,7,8,8,77.50,'2022-12-08 14:18:45','2022-12-08 14:18:45'),(188,107,7,6,8,8,72.50,'2022-12-08 14:19:01','2022-12-08 14:19:01'),(189,110,7,7,8,8,75.00,'2022-12-08 14:19:13','2022-12-08 14:19:13'),(190,109,7,6,8,7,70.00,'2022-12-08 14:19:29','2022-12-08 14:19:29'),(191,112,8,7,8,8,77.50,'2022-12-08 14:19:46','2022-12-08 14:19:46'),(192,111,7,7,8,6,70.00,'2022-12-08 14:20:02','2022-12-08 14:20:02'),(193,113,7,7,6,7,67.50,'2022-12-08 14:20:14','2022-12-08 14:20:14'),(194,115,8,5,8,7,70.00,'2022-12-08 14:20:26','2022-12-08 14:20:26'),(195,114,7,8,9,7,77.50,'2022-12-08 14:20:40','2022-12-08 14:20:40'),(196,116,9,6,8,6,72.50,'2022-12-08 14:20:56','2022-12-08 14:20:56'),(197,117,7,8,8,7,75.00,'2022-12-08 14:21:14','2022-12-08 14:21:14'),(198,119,7,7,8,8,75.00,'2022-12-08 14:21:32','2022-12-08 14:21:32'),(199,118,7,8,6,7,70.00,'2022-12-08 14:21:49','2022-12-08 14:21:49'),(200,120,6,6,7,8,67.50,'2022-12-08 14:22:17','2022-12-08 14:22:17'),(201,121,7,8,8,5,70.00,'2022-12-08 14:22:33','2022-12-08 14:22:46'),(202,122,7,7,7,7,70.00,'2022-12-08 14:23:07','2022-12-08 14:23:07'),(203,127,7,7,8,8,75.00,'2022-12-08 14:23:21','2022-12-08 14:23:21'),(204,126,7,7,8,6,70.00,'2022-12-08 14:23:38','2022-12-08 14:23:38'),(205,125,7,6,7,7,67.50,'2022-12-08 14:23:55','2022-12-08 14:23:55'),(206,124,7,7,8,7,72.50,'2022-12-08 14:24:13','2022-12-08 14:24:13'),(207,128,7,6,7,7,67.50,'2022-12-08 14:24:29','2022-12-08 14:24:29'),(208,129,7,5,7,7,65.00,'2022-12-08 14:24:50','2022-12-08 14:24:50'),(209,130,7,8,7,7,72.50,'2022-12-08 14:25:19','2022-12-08 14:25:19'),(210,131,7,7,7,6,67.50,'2022-12-08 14:25:40','2022-12-08 14:25:40'),(211,132,6,5,8,7,65.00,'2022-12-08 14:25:56','2022-12-08 14:25:56'),(212,133,8,7,7,7,72.50,'2022-12-08 14:26:12','2022-12-08 14:26:12'),(213,136,6,5,8,0,47.50,'2022-12-08 14:26:27','2022-12-08 14:26:27'),(214,135,8,7,8,8,77.50,'2022-12-08 14:26:43','2022-12-08 14:26:43'),(215,134,8,7,7,8,75.00,'2022-12-08 14:27:00','2022-12-08 14:27:00'),(216,137,8,7,8,8,77.50,'2022-12-08 14:27:13','2022-12-08 14:27:13'),(217,138,8,7,7,8,75.00,'2022-12-08 14:27:28','2022-12-08 14:27:28'),(218,139,8,8,7,7,75.00,'2022-12-08 14:27:58','2022-12-08 14:27:58'),(219,140,9,7,8,8,80.00,'2022-12-08 14:28:17','2022-12-08 14:28:17'),(220,141,7,6,9,7,72.50,'2022-12-08 14:28:33','2022-12-08 14:28:33'),(221,142,8,7,7,8,75.00,'2022-12-08 14:28:49','2022-12-08 14:28:49'),(222,148,8,8,8,7,77.50,'2022-12-08 14:29:07','2022-12-08 14:29:07'),(223,149,7,6,8,7,70.00,'2022-12-08 14:29:23','2022-12-08 14:29:23'),(224,151,7,8,8,7,75.00,'2022-12-08 14:29:39','2022-12-08 14:29:39'),(225,152,8,7,7,8,75.00,'2022-12-08 14:29:54','2022-12-08 14:29:54'),(226,153,7,7,8,6,70.00,'2022-12-08 14:30:09','2022-12-08 14:30:09'),(227,154,7,6,7,7,67.50,'2022-12-08 14:30:25','2022-12-08 14:30:25'),(228,156,7,7,8,8,75.00,'2022-12-08 14:31:05','2022-12-08 14:31:05'),(229,155,8,7,7,8,75.00,'2022-12-08 14:31:22','2022-12-08 14:31:22'),(230,157,7,6,8,7,70.00,'2022-12-08 14:31:40','2022-12-08 14:31:40'),(231,158,6,6,7,6,62.50,'2022-12-08 14:31:59','2022-12-08 14:31:59'),(232,159,7,6,7,7,67.50,'2022-12-08 14:32:20','2022-12-08 14:32:20'),(234,160,7,7,6,5,62.50,'2022-12-08 14:32:41','2022-12-08 14:32:41'),(235,161,6,7,7,8,70.00,'2022-12-08 14:32:58','2022-12-08 14:32:58'),(236,163,7,6,8,7,70.00,'2022-12-08 14:33:20','2022-12-08 14:33:20'),(238,162,7,7,7,6,67.50,'2022-12-08 14:33:43','2022-12-08 14:33:43'),(239,164,6,5,7,6,60.00,'2022-12-08 14:34:05','2022-12-08 14:34:05'),(240,165,6,7,7,6,65.00,'2022-12-08 14:34:21','2022-12-08 14:34:21'),(241,166,6,6,7,5,60.00,'2022-12-08 14:34:37','2022-12-08 14:34:37'),(242,167,7,6,6,7,65.00,'2022-12-08 14:34:53','2022-12-08 14:34:53'),(243,168,7,7,6,7,67.50,'2022-12-08 14:35:07','2022-12-08 14:35:07'),(244,169,7,6,8,7,70.00,'2022-12-08 14:35:23','2022-12-08 14:35:23'),(245,170,8,6,6,7,67.50,'2022-12-08 14:35:47','2022-12-08 14:35:47'),(246,171,7,6,8,7,70.00,'2022-12-08 14:36:06','2022-12-08 14:36:06'),(247,172,6,7,7,6,65.00,'2022-12-08 14:36:26','2022-12-08 14:36:26'),(248,173,6,7,7,8,70.00,'2022-12-08 14:36:41','2022-12-08 14:36:41'),(249,176,5,7,6,6,60.00,'2022-12-08 14:37:16','2022-12-08 14:37:16'),(250,177,6,6,7,5,60.00,'2022-12-08 14:38:00','2022-12-08 14:38:00'),(251,178,7,7,7,6,67.50,'2022-12-08 14:38:17','2022-12-08 14:38:17'),(252,179,6,7,7,6,65.00,'2022-12-08 14:38:35','2022-12-08 14:38:35'),(253,180,7,7,6,6,65.00,'2022-12-08 14:39:41','2022-12-08 14:39:41'),(254,182,6,5,7,6,60.00,'2022-12-08 14:40:01','2022-12-08 14:40:01'),(255,183,6,7,7,6,65.00,'2022-12-08 14:40:18','2022-12-08 14:40:18'),(256,184,6,7,6,6,62.50,'2022-12-08 14:40:41','2022-12-08 14:40:41'),(257,185,7,5,7,6,62.50,'2022-12-08 14:40:55','2022-12-08 14:40:55'),(258,186,6,8,7,7,70.00,'2022-12-08 14:41:11','2022-12-08 14:41:11'),(259,187,7,6,7,7,67.50,'2022-12-08 14:41:32','2022-12-08 14:41:32'),(260,188,6,7,7,6,65.00,'2022-12-08 14:41:48','2022-12-08 14:41:48'),(261,190,8,7,8,8,77.50,'2022-12-08 14:42:07','2022-12-08 14:42:07'),(262,213,6,7,7,6,65.00,'2022-12-08 14:42:30','2022-12-08 14:42:30'),(263,214,7,6,7,7,67.50,'2022-12-08 14:42:50','2022-12-08 14:42:50'),(264,215,6,6,7,5,60.00,'2022-12-08 14:43:04','2022-12-08 14:43:04'),(265,216,7,7,8,6,70.00,'2022-12-08 14:43:20','2022-12-08 14:43:20'),(266,217,6,5,8,6,62.50,'2022-12-08 14:44:09','2022-12-08 14:44:09'),(267,218,5,5,7,6,57.50,'2022-12-08 14:44:26','2022-12-08 14:44:26'),(268,356,6,6,6,6,60.00,'2022-12-15 14:58:52','2022-12-15 15:01:04'),(269,355,6,6,7,7,65.00,'2022-12-15 14:59:27','2022-12-15 14:59:27'),(270,353,6,6,6,6,60.00,'2022-12-15 15:00:22','2022-12-15 15:00:22'),(271,347,9,7,7,7,75.00,'2022-12-15 15:09:37','2022-12-15 15:09:37'),(272,346,7,6,6,6,62.50,'2022-12-15 15:28:02','2022-12-15 15:28:02'),(273,340,8,6,6,6,65.00,'2022-12-15 15:54:46','2022-12-15 15:54:46'),(274,354,8,7,7,7,72.50,'2022-12-15 16:49:38','2022-12-15 16:49:38'),(275,352,8,6,7,7,70.00,'2022-12-15 16:51:25','2022-12-15 16:51:25'),(276,350,8,6,7,7,70.00,'2022-12-15 16:51:51','2022-12-15 16:51:51'),(277,351,7,7,7,7,70.00,'2022-12-15 16:52:29','2022-12-15 16:52:29'),(278,349,7,7,7,7,70.00,'2022-12-15 16:52:42','2022-12-15 16:52:54'),(279,337,7,7,7,7,70.00,'2022-12-15 16:53:12','2022-12-15 16:53:12'),(280,348,8,7,7,7,72.50,'2022-12-15 16:53:49','2022-12-15 16:53:49'),(281,341,8,7,7,7,72.50,'2022-12-15 16:54:07','2022-12-15 16:54:07'),(282,345,7,7,7,7,70.00,'2022-12-15 16:54:55','2022-12-15 16:54:55'),(283,336,7,7,7,7,70.00,'2022-12-15 16:55:09','2022-12-15 16:55:09'),(284,344,8,6,6,6,65.00,'2022-12-15 16:55:34','2022-12-15 16:55:34'),(285,343,8,6,6,6,65.00,'2022-12-15 16:56:15','2022-12-15 16:56:15'),(286,342,8,6,6,6,65.00,'2022-12-15 16:57:00','2022-12-15 16:57:00'),(287,339,6,6,6,6,60.00,'2022-12-15 16:58:04','2022-12-15 16:58:04'),(288,374,6,7,7,6,65.00,'2023-01-29 16:32:59','2023-01-29 16:32:59'),(289,377,6,6,6,7,62.50,'2023-01-29 16:33:55','2023-01-29 16:33:55'),(290,358,7,7,7,7,70.00,'2023-01-29 16:35:05','2023-01-29 16:35:05'),(291,379,7,6,5,6,60.00,'2023-01-29 16:35:39','2023-01-29 16:36:01'),(292,376,7,7,6,6,65.00,'2023-01-29 16:36:43','2023-01-29 16:36:43'),(293,372,7,6,6,6,62.50,'2023-01-29 16:37:11','2023-01-29 16:37:11'),(294,371,7,7,6,6,65.00,'2023-01-29 16:37:33','2023-01-29 16:37:33'),(295,380,7,7,6,6,65.00,'2023-01-29 16:44:55','2023-01-29 16:44:55'),(296,378,7,6,6,6,62.50,'2023-01-29 16:45:18','2023-01-29 16:45:18'),(297,375,7,6,6,6,62.50,'2023-01-29 16:46:16','2023-01-29 16:46:16'),(298,373,7,6,6,6,62.50,'2023-01-29 16:46:33','2023-01-29 16:46:33'),(299,370,7,7,6,6,65.00,'2023-01-29 16:47:06','2023-01-29 16:47:06'),(300,368,7,6,6,7,65.00,'2023-01-29 16:47:37','2023-01-29 16:47:37'),(301,365,7,7,6,7,67.50,'2023-01-29 16:48:02','2023-01-29 16:48:02'),(302,366,7,6,6,6,62.50,'2023-01-29 16:48:30','2023-01-29 16:48:30'),(303,364,7,7,5,7,65.00,'2023-01-29 16:48:53','2023-01-29 16:48:53'),(304,357,6,7,6,7,65.00,'2023-01-29 16:49:13','2023-01-29 16:49:13'),(305,363,7,7,6,7,67.50,'2023-01-29 16:49:33','2023-01-29 16:49:33'),(306,479,7,6,7,6,65.00,'2023-03-29 09:51:12','2023-03-29 09:51:12'),(307,478,7,7,7,7,70.00,'2023-03-29 09:51:29','2023-03-29 09:51:29'),(308,477,6,6,6,6,60.00,'2023-03-29 09:51:48','2023-03-29 09:51:48'),(309,449,6,6,6,6,60.00,'2023-03-29 09:52:14','2023-03-29 09:52:14'),(310,440,6,6,6,6,60.00,'2023-03-29 09:52:46','2023-03-29 09:52:46'),(311,466,6,6,6,6,60.00,'2023-03-29 09:53:35','2023-03-29 09:53:35'),(312,476,6,6,7,6,62.50,'2023-03-29 09:53:51','2023-03-29 09:53:51'),(313,448,6,6,6,6,60.00,'2023-03-29 09:54:20','2023-03-29 09:54:20'),(314,474,6,6,6,6,60.00,'2023-03-29 09:55:13','2023-03-29 09:55:13'),(315,473,6,6,6,6,60.00,'2023-03-29 10:01:51','2023-03-29 10:01:51'),(316,472,7,6,6,6,62.50,'2023-04-02 10:02:50','2023-04-02 10:02:50'),(317,471,6,6,7,7,65.00,'2023-04-02 10:03:16','2023-04-02 10:03:16'),(318,470,6,6,7,6,62.50,'2023-04-02 10:03:40','2023-04-02 10:03:40'),(319,469,7,6,6,6,62.50,'2023-04-02 10:04:14','2023-04-02 10:04:14'),(320,467,6,7,6,6,62.50,'2023-04-02 10:04:35','2023-04-02 10:04:35'),(321,468,6,6,6,6,60.00,'2023-04-02 10:04:59','2023-04-02 10:04:59'),(322,465,6,6,6,6,60.00,'2023-04-02 10:05:15','2023-04-02 10:05:15'),(323,463,7,6,7,7,67.50,'2023-04-02 10:05:32','2023-04-02 10:05:32'),(324,450,7,7,7,7,70.00,'2023-04-02 10:05:55','2023-04-02 10:05:55'),(325,451,6,6,6,6,60.00,'2023-04-02 10:06:15','2023-04-02 10:06:15'),(326,452,7,6,6,6,62.50,'2023-04-02 10:06:39','2023-04-02 10:06:39'),(327,439,6,6,6,6,60.00,'2023-04-02 10:07:00','2023-04-02 10:07:00'),(328,441,6,6,6,6,60.00,'2023-04-02 10:40:25','2023-04-02 10:40:25'),(329,464,6,6,6,6,60.00,'2023-04-02 10:40:54','2023-04-02 10:40:54'),(330,447,6,6,6,6,60.00,'2023-04-10 15:27:31','2023-04-10 15:27:31'),(331,446,6,6,6,6,60.00,'2023-04-10 15:27:48','2023-04-10 15:27:48'),(332,437,6,6,6,6,60.00,'2023-04-10 15:28:18','2023-04-10 15:28:18'),(333,501,7,6,7,6,65.00,'2023-04-25 11:00:57','2023-04-25 11:00:57'),(334,500,6,6,7,6,62.50,'2023-04-25 11:01:14','2023-04-25 11:01:14'),(335,499,7,6,7,6,65.00,'2023-04-25 11:01:30','2023-04-25 11:01:30'),(336,498,7,6,6,6,62.50,'2023-04-25 11:01:57','2023-04-25 11:01:57'),(337,495,7,7,6,6,65.00,'2023-04-25 11:02:23','2023-04-25 11:02:23'),(338,496,7,6,6,6,62.50,'2023-04-25 11:02:53','2023-04-25 11:02:53'),(339,497,7,7,6,6,65.00,'2023-04-25 11:03:09','2023-04-25 11:03:09'),(340,494,7,6,6,6,62.50,'2023-04-25 11:03:32','2023-04-25 11:03:32'),(341,490,7,7,6,6,65.00,'2023-04-25 11:04:01','2023-04-25 11:04:01'),(342,491,7,6,6,6,62.50,'2023-04-25 11:04:17','2023-04-25 11:04:17'),(343,492,7,7,6,5,62.50,'2023-04-25 11:04:37','2023-04-25 11:04:37'),(344,493,7,6,6,6,62.50,'2023-04-25 11:04:58','2023-04-25 11:04:58'),(345,489,6,7,6,6,62.50,'2023-04-25 11:05:20','2023-04-25 11:05:20'),(346,483,7,6,6,6,62.50,'2023-04-25 11:05:41','2023-04-25 11:05:41'),(347,482,7,6,6,6,62.50,'2023-04-25 11:05:59','2023-04-25 11:05:59'),(348,462,7,5,7,5,60.00,'2023-04-25 11:06:20','2023-04-25 11:06:20'),(349,417,7,7,6,6,65.00,'2023-04-25 11:10:28','2023-04-25 11:10:28'),(350,461,7,6,6,7,65.00,'2023-04-25 11:11:15','2023-04-25 11:11:15'),(351,460,6,6,6,6,60.00,'2023-04-25 11:11:38','2023-04-25 11:11:38'),(352,457,6,6,6,6,60.00,'2023-04-25 11:11:59','2023-04-25 11:11:59'),(353,458,6,6,6,6,60.00,'2023-04-25 11:12:18','2023-04-25 11:12:18'),(354,459,6,6,6,6,60.00,'2023-04-25 11:12:54','2023-04-25 11:12:54'),(355,456,6,6,6,6,60.00,'2023-04-25 11:13:11','2023-04-25 11:13:11'),(356,455,7,6,6,6,62.50,'2023-04-25 11:13:37','2023-04-25 11:13:37'),(357,454,6,6,6,6,60.00,'2023-04-25 11:14:01','2023-04-25 11:14:01'),(358,453,6,6,6,6,60.00,'2023-04-25 11:14:38','2023-04-25 11:14:38'),(359,445,6,6,6,6,60.00,'2023-04-25 11:15:18','2023-04-25 11:15:18'),(360,444,7,6,6,6,62.50,'2023-04-25 11:15:40','2023-04-25 11:15:40'),(361,443,6,6,6,6,60.00,'2023-04-25 11:16:14','2023-04-25 11:16:40'),(362,442,6,6,6,6,60.00,'2023-04-25 11:17:16','2023-04-25 11:17:16'),(363,438,6,6,6,6,60.00,'2023-04-25 11:17:48','2023-04-25 11:17:48'),(364,419,7,6,6,6,62.50,'2023-04-25 11:18:32','2023-04-25 11:18:32'),(365,418,7,6,6,6,62.50,'2023-04-25 11:18:53','2023-04-25 11:19:14'),(366,403,6,6,6,6,60.00,'2023-04-25 11:27:02','2023-04-25 11:27:02'),(367,406,6,6,6,6,60.00,'2023-04-25 11:27:29','2023-04-25 11:27:29'),(368,407,6,6,6,6,60.00,'2023-04-25 11:27:55','2023-04-25 11:27:55'),(369,408,7,6,6,6,62.50,'2023-04-25 11:28:26','2023-04-25 11:28:26'),(370,409,7,6,6,6,62.50,'2023-04-25 11:28:52','2023-04-25 11:28:52'),(371,410,6,6,6,6,60.00,'2023-04-25 11:29:23','2023-04-25 11:29:23'),(372,431,6,6,6,6,60.00,'2023-04-25 11:29:53','2023-04-25 11:29:53'),(373,430,6,6,6,6,60.00,'2023-04-25 11:30:12','2023-04-25 11:30:12'),(374,429,7,6,6,6,62.50,'2023-04-25 11:30:30','2023-04-25 11:30:30'),(375,411,7,6,6,6,62.50,'2023-04-25 11:31:10','2023-04-25 11:31:10'),(376,421,7,6,6,6,62.50,'2023-04-25 11:32:57','2023-04-25 11:32:57'),(377,420,7,6,6,6,62.50,'2023-04-25 11:33:23','2023-04-25 11:33:23'),(378,416,6,6,6,6,60.00,'2023-04-25 11:34:03','2023-04-25 11:34:03'),(379,427,6,6,6,6,60.00,'2023-04-25 11:34:23','2023-04-25 11:34:23'),(380,428,6,6,6,6,60.00,'2023-04-25 11:35:02','2023-04-25 11:35:02'),(381,425,6,6,6,6,60.00,'2023-04-25 11:35:31','2023-04-25 11:35:31'),(382,424,6,6,6,6,60.00,'2023-04-25 11:36:00','2023-04-25 11:36:00'),(383,422,6,6,6,6,60.00,'2023-04-25 11:36:22','2023-04-25 11:36:22'),(384,423,6,6,6,6,60.00,'2023-04-25 11:36:49','2023-04-25 11:36:49'),(385,415,6,6,5,5,55.00,'2023-04-25 11:38:03','2023-04-25 11:38:03'),(386,414,6,6,6,6,60.00,'2023-04-25 11:38:34','2023-04-25 11:38:34'),(387,413,6,6,6,6,60.00,'2023-04-25 11:41:54','2023-04-25 11:41:54'),(388,412,7,6,6,6,62.50,'2023-04-25 11:42:19','2023-04-25 11:42:19'),(389,503,6,6,6,6,60.00,'2023-05-20 19:22:34','2023-05-20 19:22:34'),(390,506,6,6,6,6,60.00,'2023-05-20 19:22:56','2023-05-20 19:22:56'),(391,540,6,6,6,6,60.00,'2023-06-01 16:34:07','2023-06-01 16:34:07'),(392,539,6,6,6,6,60.00,'2023-06-01 16:34:31','2023-06-01 16:34:31'),(393,538,7,6,6,6,62.50,'2023-06-01 16:35:10','2023-06-01 16:35:10'),(394,537,7,6,6,6,62.50,'2023-06-01 16:35:55','2023-06-01 16:35:55'),(395,536,6,6,6,6,60.00,'2023-06-01 16:38:42','2023-06-01 16:38:42'),(396,535,6,6,6,6,60.00,'2023-06-01 16:38:56','2023-06-01 16:38:56'),(397,533,7,7,6,6,65.00,'2023-06-01 16:39:28','2023-06-01 16:39:39'),(398,534,6,6,6,6,60.00,'2023-06-01 16:40:55','2023-06-01 16:40:55'),(399,527,6,6,6,6,60.00,'2023-06-01 16:41:09','2023-06-01 16:41:09'),(400,528,6,6,6,6,60.00,'2023-06-01 16:41:23','2023-06-01 16:41:23'),(401,529,6,6,6,6,60.00,'2023-06-01 16:41:43','2023-06-01 16:41:43'),(402,530,7,6,6,6,62.50,'2023-06-01 16:43:00','2023-06-01 16:43:00'),(403,531,6,6,6,6,60.00,'2023-06-01 16:43:26','2023-06-01 16:43:26'),(404,532,6,6,6,6,60.00,'2023-06-01 16:44:20','2023-06-01 16:44:20'),(405,525,6,6,6,6,60.00,'2023-06-01 16:44:41','2023-06-01 16:44:41'),(406,526,6,6,6,6,60.00,'2023-06-01 16:46:02','2023-06-01 16:46:02'),(407,524,6,6,6,6,60.00,'2023-06-01 16:46:37','2023-06-01 16:46:37'),(408,522,6,6,6,6,60.00,'2023-06-01 16:47:17','2023-06-01 16:47:17'),(409,518,7,6,6,5,60.00,'2023-06-01 16:51:31','2023-06-01 16:51:31'),(410,517,7,5,6,6,60.00,'2023-06-01 16:51:44','2023-06-01 16:51:44'),(411,516,6,6,6,6,60.00,'2023-06-07 14:15:29','2023-06-07 14:15:29'),(412,515,6,6,6,6,60.00,'2023-06-07 14:15:44','2023-06-07 14:15:44'),(413,514,6,6,6,6,60.00,'2023-06-07 14:15:59','2023-06-07 14:16:30'),(414,513,6,6,6,6,60.00,'2023-06-07 14:16:51','2023-06-07 14:16:51'),(415,512,6,7,6,6,62.50,'2023-06-07 14:17:10','2023-06-07 14:17:10'),(416,511,6,6,6,6,60.00,'2023-06-08 11:31:14','2023-06-08 11:31:14'),(417,510,6,6,6,6,60.00,'2023-06-08 11:31:27','2023-06-08 11:31:27'),(418,509,6,6,6,6,60.00,'2023-06-08 11:31:39','2023-06-08 11:31:39'),(419,508,5,5,5,5,50.00,'2023-06-08 11:31:59','2023-06-08 11:31:59'),(420,507,7,6,6,7,65.00,'2023-06-08 11:32:20','2023-06-08 11:32:20'),(421,505,7,7,6,7,67.50,'2023-06-08 11:32:56','2023-06-08 11:32:56'),(422,504,6,6,6,6,60.00,'2023-06-08 11:33:07','2023-06-08 11:33:07'),(423,546,7,7,7,7,70.00,'2023-07-10 15:37:03','2023-07-10 15:37:03');

/*Table structure for table `tr_test_participants` */

